Last updated on 2025-10-21 09:48:41 CEST.
Flavor | Version | Tinstall | Tcheck | Ttotal | Status | Flags |
---|---|---|---|---|---|---|
r-devel-linux-x86_64-debian-clang | 1.4.1 | 8.60 | 103.05 | 111.65 | OK | |
r-devel-linux-x86_64-debian-gcc | 1.4.1 | 6.53 | 73.60 | 80.13 | NOTE | |
r-devel-linux-x86_64-fedora-clang | 1.4.1 | 176.03 | OK | |||
r-devel-linux-x86_64-fedora-gcc | 1.4.1 | 178.98 | OK | |||
r-devel-windows-x86_64 | 1.4.1 | 12.00 | 127.00 | 139.00 | OK | |
r-patched-linux-x86_64 | 1.4.1 | 9.66 | 95.75 | 105.41 | OK | |
r-release-linux-x86_64 | 1.4.1 | 8.44 | 95.66 | 104.10 | OK | |
r-release-macos-arm64 | 1.4.1 | 63.00 | OK | |||
r-release-macos-x86_64 | 1.4.1 | 115.00 | OK | |||
r-release-windows-x86_64 | 1.4.1 | 13.00 | 126.00 | 139.00 | OK | |
r-oldrel-macos-arm64 | 1.4.1 | 67.00 | OK | |||
r-oldrel-macos-x86_64 | 1.4.1 | 138.00 | OK | |||
r-oldrel-windows-x86_64 | 1.4.1 | 15.00 | 148.00 | 163.00 | OK |
Version: 1.4.1
Check: HTML version of manual
Result: NOTE
Found the following HTML validation problems:
cache_browse.html:71:1 (cache_browse.Rd:17): Warning: missing </ul> before </div>
custom-pins.html:89:1 (custom-pins.Rd:40): Warning: missing </ul> before </div>
new_board.html:74:1 (new_board.Rd:30): Warning: missing </ul> before </div>
pin_default_name.html:50:1 (pin_default_name.Rd:12): Warning: missing </ul> before </div>
pin_exists.html:55:1 (pin_exists.Rd:15): Warning: missing </ul> before </div>
pin_log.html:46:1 (pin_log.Rd:10): Warning: missing </ul> before </div>
Flavor: r-devel-linux-x86_64-debian-gcc