CRAN Package Check Results for Package pingers

Last updated on 2025-02-21 09:50:55 CET.

Flavor Version Tinstall Tcheck Ttotal Status Flags
r-devel-linux-x86_64-debian-clang 0.1.1 6.85 52.11 58.96 OK
r-devel-linux-x86_64-debian-gcc 0.1.1 5.19 37.33 42.52 OK
r-devel-linux-x86_64-fedora-clang 0.1.1 95.94 OK
r-devel-linux-x86_64-fedora-gcc 0.1.1 89.03 OK
r-devel-macos-arm64 0.1.1 31.00 OK
r-devel-macos-x86_64 0.1.1 53.00 OK
r-devel-windows-x86_64 0.1.1 8.00 75.00 83.00 OK
r-patched-linux-x86_64 0.1.1 6.76 48.66 55.42 NOTE
r-release-linux-x86_64 0.1.1 6.71 47.77 54.48 NOTE
r-release-macos-arm64 0.1.1 30.00 NOTE
r-release-macos-x86_64 0.1.1 42.00 NOTE
r-release-windows-x86_64 0.1.1 8.00 67.00 75.00 NOTE
r-oldrel-macos-arm64 0.1.1 29.00 NOTE
r-oldrel-macos-x86_64 0.1.1 41.00 NOTE
r-oldrel-windows-x86_64 0.1.1 11.00 74.00 85.00 NOTE

Check Details

Version: 0.1.1
Check: LazyData
Result: NOTE 'LazyData' is specified without a 'data' directory Flavors: r-patched-linux-x86_64, r-release-linux-x86_64, r-release-macos-arm64, r-release-macos-x86_64, r-release-windows-x86_64, r-oldrel-macos-arm64, r-oldrel-macos-x86_64, r-oldrel-windows-x86_64