CRAN Package Check Results for Package pedometrics

Last updated on 2025-10-21 09:48:41 CEST.

Flavor Version Tinstall Tcheck Ttotal Status Flags
r-devel-linux-x86_64-debian-clang 0.12.1 12.63 45.26 57.89 NOTE
r-devel-linux-x86_64-debian-gcc 0.12.1 7.64 33.27 40.91 NOTE
r-devel-linux-x86_64-fedora-clang 0.12.1 90.61 NOTE
r-devel-linux-x86_64-fedora-gcc 0.12.1 81.09 NOTE
r-devel-windows-x86_64 0.12.1 17.00 85.00 102.00 NOTE
r-patched-linux-x86_64 0.12.1 12.28 42.95 55.23 NOTE
r-release-linux-x86_64 0.12.1 11.02 42.73 53.75 NOTE
r-release-macos-arm64 0.12.1 32.00 NOTE
r-release-macos-x86_64 0.12.1 47.00 NOTE
r-release-windows-x86_64 0.12.1 17.00 81.00 98.00 NOTE
r-oldrel-macos-arm64 0.12.1 28.00 NOTE
r-oldrel-macos-x86_64 0.12.1 42.00 NOTE
r-oldrel-windows-x86_64 0.12.1 21.00 100.00 121.00 NOTE

Check Details

Version: 0.12.1
Check: Rd files
Result: NOTE checkRd: (-1) variogramGuess.Rd:94: Lost braces 94 | Method \code{"b"} was proposed by \doi{10.1016/0098-3004(95)00095-X}{Jian et al. (1996)} and | ^ checkRd: (-1) variogramGuess.Rd:98: Lost braces 98 | \doi{10.1016/j.cageo.2008.10.011}{Hiemstra et al. (2009)}. | ^ checkRd: (-1) variogramGuess.Rd:100: Lost braces 100 | Method \code{"d"} was developed by \doi{10.1007/s11004-012-9434-1}{Desassis & Renard (2012)}. | ^ Flavors: r-devel-linux-x86_64-debian-clang, r-devel-linux-x86_64-debian-gcc, r-devel-linux-x86_64-fedora-clang, r-devel-linux-x86_64-fedora-gcc, r-devel-windows-x86_64, r-patched-linux-x86_64, r-release-linux-x86_64, r-release-macos-arm64, r-release-macos-x86_64, r-release-windows-x86_64, r-oldrel-macos-arm64, r-oldrel-macos-x86_64, r-oldrel-windows-x86_64

Version: 0.12.1
Check: HTML version of manual
Result: NOTE Found the following HTML validation problems: plotModelSeries.html:173:1 (plotModelSeries.Rd:115): Warning: <h4> anchor "obj" already defined plotModelSeries.html:191:1 (plotModelSeries.Rd:124): Warning: <h4> anchor "grid" already defined plotModelSeries.html:217:1 (plotModelSeries.Rd:146): Warning: <h4> anchor "line" already defined plotModelSeries.html:231:1 (plotModelSeries.Rd:156): Warning: <h4> anchor "arrange" already defined plotModelSeries.html:260:1 (plotModelSeries.Rd:181): Warning: <h4> anchor "ind" already defined Flavor: r-devel-linux-x86_64-debian-gcc