CRAN Package Check Results for Package pcalg

Last updated on 2025-07-12 09:49:26 CEST.

Flavor Version Tinstall Tcheck Ttotal Status Flags
r-devel-linux-x86_64-debian-clang 2.7-12 83.85 346.39 430.24 OK
r-devel-linux-x86_64-debian-gcc 2.7-12 59.93 242.09 302.02 OK
r-devel-linux-x86_64-fedora-clang 2.7-12 647.00 OK
r-devel-linux-x86_64-fedora-gcc 2.7-12 637.45 OK
r-devel-windows-x86_64 2.7-12 96.00 378.00 474.00 OK
r-patched-linux-x86_64 2.7-12 89.57 325.94 415.51 OK
r-release-linux-x86_64 2.7-12 88.25 328.89 417.14 OK
r-release-macos-arm64 2.7-12 218.00 OK
r-release-macos-x86_64 2.7-12 363.00 OK
r-release-windows-x86_64 2.7-12 102.00 0.00 102.00 FAIL
r-oldrel-macos-arm64 2.7-12 179.00 NOTE
r-oldrel-macos-x86_64 2.7-12 320.00 NOTE
r-oldrel-windows-x86_64 2.7-12 122.00 471.00 593.00 NOTE

Check Details

Version: 2.7-12
Check: re-building of vignette outputs
Result: FAIL Check process probably crashed or hung up for 20 minutes ... killed Most likely this happened in the example checks (?), if not, ignore the following last lines of example output: [1] 0.9031771 $`3|4` $`3|4`$weight [1] 0.96115 > > > > ### * <FOOTER> > ### > cleanEx() detaching 'package:Rgraphviz', 'package:grid', 'package:graph', 'package:BiocGenerics', 'package:generics' > options(digits = 7L) > base::cat("Time elapsed: ", proc.time() - base::get("ptime", pos = 'CheckExEnv'),"\n") Time elapsed: 38.14 1.98 40.25 NA NA > grDevices::dev.off() null device 1 > ### > ### Local variables: *** > ### mode: outline-minor *** > ### outline-regexp: "\\(> \\)?### [*]+" *** > ### End: *** > quit('no') ======== End of example output (where/before crash/hang up occured ?) ======== Flavor: r-release-windows-x86_64

Version: 2.7-12
Check: installed package size
Result: NOTE installed size is 11.4Mb sub-directories of 1Mb or more: data 2.1Mb libs 6.6Mb Flavors: r-oldrel-macos-arm64, r-oldrel-macos-x86_64, r-oldrel-windows-x86_64