Last updated on 2025-10-21 09:48:40 CEST.
Flavor | Version | Tinstall | Tcheck | Ttotal | Status | Flags |
---|---|---|---|---|---|---|
r-devel-linux-x86_64-debian-clang | 0.1.8 | 12.80 | 310.22 | 323.02 | NOTE | |
r-devel-linux-x86_64-debian-gcc | 0.1.8 | 7.98 | 190.55 | 198.53 | NOTE | |
r-devel-linux-x86_64-fedora-clang | 0.1.8 | 489.15 | OK | |||
r-devel-linux-x86_64-fedora-gcc | 0.1.8 | 498.35 | OK | |||
r-devel-windows-x86_64 | 0.1.8 | 13.00 | 305.00 | 318.00 | NOTE | |
r-patched-linux-x86_64 | 0.1.8 | 11.30 | 296.56 | 307.86 | NOTE | |
r-release-linux-x86_64 | 0.1.8 | 11.94 | 294.78 | 306.72 | NOTE | |
r-release-macos-arm64 | 0.1.8 | 127.00 | OK | |||
r-release-macos-x86_64 | 0.1.8 | 283.00 | OK | |||
r-release-windows-x86_64 | 0.1.8 | 15.00 | 303.00 | 318.00 | NOTE | |
r-oldrel-macos-arm64 | 0.1.8 | 131.00 | OK | |||
r-oldrel-macos-x86_64 | 0.1.8 | 200.00 | OK | |||
r-oldrel-windows-x86_64 | 0.1.8 | 20.00 | 403.00 | 423.00 | OK |
Version: 0.1.8
Check: Rd cross-references
Result: NOTE
Found the following Rd file(s) with Rd \link{} targets missing package
anchors:
perProb.Rd: pMvdc
Please provide package anchors for all Rd \link{} targets not in the
package itself and the base packages.
Flavors: r-devel-linux-x86_64-debian-clang, r-devel-linux-x86_64-debian-gcc, r-devel-windows-x86_64, r-patched-linux-x86_64, r-release-linux-x86_64, r-release-windows-x86_64
Version: 0.1.8
Check: HTML version of manual
Result: NOTE
Found the following HTML validation problems:
show-pbox.html:47:1 (show-pbox.Rd:13): Warning: missing </ul> before </div>
Flavor: r-devel-linux-x86_64-debian-gcc