CRAN Package Check Results for Package paws.storage

Last updated on 2025-10-21 09:48:40 CEST.

Flavor Version Tinstall Tcheck Ttotal Status Flags
r-devel-linux-x86_64-debian-clang 0.9.0 56.11 181.54 237.65 OK
r-devel-linux-x86_64-debian-gcc 0.9.0 36.09 127.53 163.62 NOTE
r-devel-linux-x86_64-fedora-clang 0.9.0 337.35 OK
r-devel-linux-x86_64-fedora-gcc 0.9.0 303.61 OK
r-devel-windows-x86_64 0.9.0 57.00 296.00 353.00 OK
r-patched-linux-x86_64 0.9.0 60.90 170.52 231.42 OK
r-release-linux-x86_64 0.9.0 54.90 168.79 223.69 OK
r-release-macos-arm64 0.9.0 101.00 OK
r-release-macos-x86_64 0.9.0 185.00 OK
r-release-windows-x86_64 0.9.0 58.00 300.00 358.00 OK
r-oldrel-macos-arm64 0.9.0 87.00 OK
r-oldrel-macos-x86_64 0.9.0 163.00 OK
r-oldrel-windows-x86_64 0.9.0 82.00 324.00 406.00 OK

Check Details

Version: 0.9.0
Check: HTML version of manual
Result: NOTE Found the following HTML validation problems: backup_cancel_legal_hold.html:60:1 (backup_cancel_legal_hold.Rd:18): Warning: missing </ul> before </div> backup_create_backup_plan.html:67:1 (backup_create_backup_plan.Rd:25): Warning: missing </ul> before </div> backup_create_backup_selection.html:66:1 (backup_create_backup_selection.Rd:24): Warning: missing </ul> before </div> backup_create_backup_vault.html:75:1 (backup_create_backup_vault.Rd:31): Warning: missing </ul> before </div> backup_create_framework.html:77:1 (backup_create_framework.Rd:31): Warning: missing </ul> before </div> backup_create_legal_hold.html:76:1 (backup_create_legal_hold.Rd:30): Warning: missing </ul> before </div> backup_create_logically_air_gapped_backup_vault.html:78:1 (backup_create_logically_air_gapped_backup_vault.Rd:32): Warning: missing </ul> before </div> backup_create_report_plan.html:90:1 (backup_create_report_plan.Rd:42): Warning: missing </ul> before </div> backup_create_restore_testing_plan.html:70:1 (backup_create_restore_testing_plan.Rd:28): Warning: missing </ul> before </div> backup_create_restore_testing_selection.html:82:1 (backup_create_restore_testing_selection.Rd:35): Warning: missing </ul> before </div> backup_delete_backup_plan.html:48:1 (backup_delete_backup_plan.Rd:10): Warning: missing </ul> before </div> backup_delete_backup_selection.html:54:1 (backup_delete_backup_selection.Rd:14): Warning: missing </ul> before </div> backup_delete_backup_vault.html:50:1 (backup_delete_backup_vault.Rd:12): Warning: missing </ul> before </div> backup_delete_backup_vault_access_policy.html:51:1 (backup_delete_backup_vault_access_policy.Rd:13): Warning: missing </ul> before </div> backup_delete_backup_vault_lock_configuration.html:49:1 (backup_delete_backup_vault_lock_configuration.Rd:11): Warning: missing </ul> before </div> backup_delete_backup_vault_notifications.html:50:1 (backup_delete_backup_vault_notifications.Rd:12): Warning: missing </ul> before </div> backup_delete_framework.html:48:1 (backup_delete_framework.Rd:10): Warning: missing </ul> before </div> backup_delete_recovery_point.html:56:1 (backup_delete_recovery_point.Rd:16): Warning: missing </ul> before </div> backup_delete_report_plan.html:48:1 (backup_delete_report_plan.Rd:10): Warning: missing </ul> before </div> backup_delete_restore_testing_plan.html:48:1 (backup_delete_restore_testing_plan.Rd:10): Warning: missing </ul> before </div> backup_delete_restore_testing_selection.html:57:1 (backup_delete_restore_testing_selection.Rd:17): Warning: missing </ul> before </div> backup_describe_backup_job.html:48:1 (backup_describe_backup_job.Rd:10): Warning: missing </ul> before </div> backup_describe_backup_vault.html:54:1 (backup_describe_backup_vault.Rd:14): Warning: missing </ul> before </div> backup_describe_copy_job.html:48:1 (backup_describe_copy_job.Rd:10): Warning: missing </ul> before </div> backup_describe_framework.html:48:1 (backup_describe_framework.Rd:10): Warning: missing </ul> before </div> backup_describe_protected_resource.html:51:1 (backup_describe_protected_resource.Rd:13): Warning: missing </ul> before </div> backup_describe_recovery_point.html:65:1 (backup_describe_recovery_point.Rd:23): Warning: missing </ul> before </div> backup_describe_report_job.html:51:1 (backup_describe_report_job.Rd:13): Warning: missing </ul> before </div> backup_describe_report_plan.html:49:1 (backup_describe_report_plan.Rd:11): Warning: missing </ul> before </div> backup_describe_restore_job.html:49:1 (backup_describe_restore_job.Rd:11): Warning: missing </ul> before </div> backup_disassociate_recovery_point.html:55:1 (backup_disassociate_recovery_point.Rd:15): Warning: missing </ul> before </div> backup_disassociate_recovery_point_from_parent.html:62:1 (backup_disassociate_recovery_point_from_parent.Rd:22): Warning: missing </ul> before </div> backup_export_backup_plan_template.html:49:1 (backup_export_backup_plan_template.Rd:11): Warning: missing </ul> before </div> backup_get_backup_plan.html:53:1 (backup_get_backup_plan.Rd:13): Warning: missing </ul> before </div> backup_get_backup_plan_from_json.html:48:1 (backup_get_backup_plan_from_json.Rd:10): Warning: missing </ul> before </div> backup_get_backup_plan_from_template.html:48:1 (backup_get_backup_plan_from_template.Rd:10): Warning: missing </ul> before </div> backup_get_backup_selection.html:54:1 (backup_get_backup_selection.Rd:14): Warning: missing </ul> before </div> backup_get_backup_vault_access_policy.html:51:1 (backup_get_backup_vault_access_policy.Rd:13): Warning: missing </ul> before </div> backup_get_backup_vault_notifications.html:50:1 (backup_get_backup_vault_notifications.Rd:12): Warning: missing </ul> before </div> backup_get_legal_hold.html:48:1 (backup_get_legal_hold.Rd:10): Warning: missing </ul> before </div> backup_get_recovery_point_index_details.html:58:1 (backup_get_recovery_point_index_details.Rd:18): Warning: missing </ul> before </div> backup_get_recovery_point_restore_metadata.html:65:1 (backup_get_recovery_point_restore_metadata.Rd:23): Warning: missing </ul> before </div> backup_get_restore_job_metadata.html:48:1 (backup_get_restore_job_metadata.Rd:10): Warning: missing </ul> before </div> backup_get_restore_testing_inferred_metadata.html:66:1 (backup_get_restore_testing_inferred_metadata.Rd:24): Warning: missing </ul> before </div> backup_get_restore_testing_plan.html:49:1 (backup_get_restore_testing_plan.Rd:11): Warning: missing </ul> before </div> backup_get_restore_testing_selection.html:56:1 (backup_get_restore_testing_selection.Rd:16): Warning: missing </ul> before </div> backup_list_backup_job_summaries.html:147:1 (backup_list_backup_job_summaries.Rd:90): Warning: missing </ul> before </div> backup_list_backup_jobs.html:200:1 (backup_list_backup_jobs.Rd:105): Warning: missing </ul> before </div> backup_list_backup_plan_templates.html:55:1 (backup_list_backup_plan_templates.Rd:15): Warning: missing </ul> before </div> backup_list_backup_plan_versions.html:65:1 (backup_list_backup_plan_versions.Rd:23): Warning: missing </ul> before </div> backup_list_backup_plans.html:64:1 (backup_list_backup_plans.Rd:22): Warning: missing </ul> before </div> backup_list_backup_selections.html:64:1 (backup_list_backup_selections.Rd:22): Warning: missing </ul> before </div> backup_list_backup_vaults.html:69:1 (backup_list_backup_vaults.Rd:25): Warning: missing </ul> before </div> backup_list_copy_job_summaries.html:134:1 (backup_list_copy_job_summaries.Rd:77): Warning: missing </ul> before </div> backup_list_copy_jobs.html:184:1 (backup_list_copy_jobs.Rd:89): Warning: missing </ul> before </div> backup_list_frameworks.html:56:1 (backup_list_frameworks.Rd:16): Warning: missing </ul> before </div> backup_list_indexed_recovery_points.html:106:1 (backup_list_indexed_recovery_points.Rd:51): Warning: missing </ul> before </div> backup_list_legal_holds.html:55:1 (backup_list_legal_holds.Rd:15): Warning: missing </ul> before </div> backup_list_protected_resources.html:57:1 (backup_list_protected_resources.Rd:17): Warning: missing </ul> before </div> backup_list_protected_resources_by_backup_vault.html:71:1 (backup_list_protected_resources_by_backup_vault.Rd:27): Warning: missing </ul> before </div> backup_list_recovery_points_by_backup_vault.html:160:1 (backup_list_recovery_points_by_backup_vault.Rd:71): Warning: missing </ul> before </div> backup_list_recovery_points_by_legal_hold.html:64:1 (backup_list_recovery_points_by_legal_hold.Rd:22): Warning: missing </ul> before </div> backup_list_recovery_points_by_resource.html:80:1 (backup_list_recovery_points_by_resource.Rd:36): Warning: missing </ul> before </div> backup_list_report_jobs.html:87:1 (backup_list_report_jobs.Rd:39): Warning: missing </ul> before </div> backup_list_report_plans.html:55:1 (backup_list_report_plans.Rd:15): Warning: missing </ul> before </div> backup_list_restore_job_summaries.html:119:1 (backup_list_restore_job_summaries.Rd:64): Warning: missing </ul> before </div> backup_list_restore_jobs.html:156:1 (backup_list_restore_jobs.Rd:67): Warning: missing </ul> before </div> backup_list_restore_jobs_by_protected_resource.html:81:1 (backup_list_restore_jobs_by_protected_resource.Rd:33): Warning: missing </ul> before </div> backup_list_restore_testing_plans.html:55:1 (backup_list_restore_testing_plans.Rd:15): Warning: missing </ul> before </div> backup_list_restore_testing_selections.html:64:1 (backup_list_restore_testing_selections.Rd:22): Warning: missing </ul> before </div> backup_list_tags.html:63:1 (backup_list_tags.Rd:21): Warning: missing </ul> before </div> backup_put_backup_vault_access_policy.html:55:1 (backup_put_backup_vault_access_policy.Rd:15): Warning: missing </ul> before </div> backup_put_backup_vault_lock_configuration.html:122:1 (backup_put_backup_vault_lock_configuration.Rd:78): Warning: missing </ul> before </div> backup_put_backup_vault_notifications.html:91:1 (backup_put_backup_vault_notifications.Rd:40): Warning: missing </ul> before </div> backup_put_restore_validation_result.html:62:1 (backup_put_restore_validation_result.Rd:20): Warning: missing </ul> before </div> backup_start_backup_job.html:163:1 (backup_start_backup_job.Rd:102): Warning: missing </ul> before </div> backup_start_copy_job.html:84:1 (backup_start_copy_job.Rd:37): Warning: missing </ul> before </div> backup_start_report_job.html:55:1 (backup_start_report_job.Rd:15): Warning: missing </ul> before </div> backup_start_restore_job.html:193:1 (backup_start_restore_job.Rd:83): Warning: missing </ul> before </div> backup_stop_backup_job.html:48:1 (backup_stop_backup_job.Rd:10): Warning: missing </ul> before </div> backup_tag_resource.html:63:1 (backup_tag_resource.Rd:23): Warning: missing </ul> before </div> backup_untag_resource.html:61:1 (backup_untag_resource.Rd:21): Warning: missing </ul> before </div> backup_update_backup_plan.html:53:1 (backup_update_backup_plan.Rd:13): Warning: missing </ul> before </div> backup_update_framework.html:72:1 (backup_update_framework.Rd:28): Warning: missing </ul> before </div> backup_update_global_settings.html:50:1 (backup_update_global_settings.Rd:12): Warning: missing </ul> before </div> backup_update_recovery_point_index_settings.html:77:1 (backup_update_recovery_point_index_settings.Rd:33): Warning: missing </ul> before </div> backup_update_recovery_point_lifecycle.html:72:1 (backup_update_recovery_point_lifecycle.Rd:30): Warning: missing </ul> before </div> backup_update_region_settings.html:67:1 (backup_update_region_settings.Rd:27): Warning: missing </ul> before </div> backup_update_report_plan.html:84:1 (backup_update_report_plan.Rd:38): Warning: missing </ul> before </div> backup_update_restore_testing_plan.html:52:1 (backup_update_restore_testing_plan.Rd:12): Warning: missing </ul> before </div> backup_update_restore_testing_selection.html:65:1 (backup_update_restore_testing_selection.Rd:23): Warning: missing </ul> before </div> dlm_create_lifecycle_policy.html:172:1 (dlm_create_lifecycle_policy.Rd:102): Warning: missing </ul> before </div> dlm_delete_lifecycle_policy.html:49:1 (dlm_delete_lifecycle_policy.Rd:11): Warning: missing </ul> before </div> dlm_get_lifecycle_policies.html:96:1 (dlm_get_lifecycle_policies.Rd:41): Warning: missing </ul> before </div> dlm_get_lifecycle_policy.html:48:1 (dlm_get_lifecycle_policy.Rd:10): Warning: missing </ul> before </div> dlm_list_tags_for_resource.html:48:1 (dlm_list_tags_for_resource.Rd:10): Warning: missing </ul> before </div> dlm_tag_resource.html:52:1 (dlm_tag_resource.Rd:12): Warning: missing </ul> before </div> dlm_untag_resource.html:52:1 (dlm_untag_resource.Rd:12): Warning: missing </ul> before </div> dlm_update_lifecycle_policy.html:140:1 (dlm_update_lifecycle_policy.Rd:77): Warning: missing </ul> before </div> ebs_complete_snapshot.html:79:1 (ebs_complete_snapshot.Rd:33): Warning: missing </ul> before </div> ebs_get_snapshot_block.html:68:1 (ebs_get_snapshot_block.Rd:26): Warning: missing </ul> before </div> ebs_list_changed_blocks.html:92:1 (ebs_list_changed_blocks.Rd:46): Warning: missing </ul> before </div> ebs_list_snapshot_blocks.html:80:1 (ebs_list_snapshot_blocks.Rd:36): Warning: missing </ul> before </div> ebs_put_snapshot_block.html:105:1 (ebs_put_snapshot_block.Rd:55): Warning: missing </ul> before </div> ebs_start_snapshot.html:151:1 (ebs_start_snapshot.Rd:94): Warning: missing </ul> before </div> efs_create_access_point.html:86:1 (efs_create_access_point.Rd:40): Warning: missing </ul> before </div> efs_create_file_system.html:170:1 (efs_create_file_system.Rd:107): Warning: missing </ul> before </div> efs_create_mount_target.html:68:1 (efs_create_mount_target.Rd:24): Warning: missing </ul> before </div> efs_create_replication_configuration.html:56:1 (efs_create_replication_configuration.Rd:16): Warning: missing </ul> before </div> efs_create_tags.html:53:1 (efs_create_tags.Rd:13): Warning: missing </ul> before </div> efs_delete_access_point.html:48:1 (efs_delete_access_point.Rd:10): Warning: missing </ul> before </div> efs_delete_file_system.html:48:1 (efs_delete_file_system.Rd:10): Warning: missing </ul> before </div> efs_delete_file_system_policy.html:49:1 (efs_delete_file_system_policy.Rd:11): Warning: missing </ul> before </div> efs_delete_mount_target.html:48:1 (efs_delete_mount_target.Rd:10): Warning: missing </ul> before </div> efs_delete_replication_configuration.html:68:1 (efs_delete_replication_configuration.Rd:28): Warning: missing </ul> before </div> efs_delete_tags.html:52:1 (efs_delete_tags.Rd:12): Warning: missing </ul> before </div> efs_describe_access_points.html:72:1 (efs_describe_access_points.Rd:28): Warning: missing </ul> before </div> efs_describe_account_preferences.html:58:1 (efs_describe_account_preferences.Rd:18): Warning: missing </ul> before </div> efs_describe_backup_policy.html:49:1 (efs_describe_backup_policy.Rd:11): Warning: missing </ul> before </div> efs_describe_file_system_policy.html:48:1 (efs_describe_file_system_policy.Rd:10): Warning: missing </ul> before </div> efs_describe_file_systems.html:75:1 (efs_describe_file_systems.Rd:31): Warning: missing </ul> before </div> efs_describe_lifecycle_configuration.html:50:1 (efs_describe_lifecycle_configuration.Rd:12): Warning: missing </ul> before </div> efs_describe_mount_target_security_groups.html:48:1 (efs_describe_mount_target_security_groups.Rd:10): Warning: missing </ul> before </div> efs_describe_mount_targets.html:85:1 (efs_describe_mount_targets.Rd:39): Warning: missing </ul> before </div> efs_describe_replication_configurations.html:65:1 (efs_describe_replication_configurations.Rd:23): Warning: missing </ul> before </div> efs_describe_tags.html:61:1 (efs_describe_tags.Rd:19): Warning: missing </ul> before </div> efs_list_tags_for_resource.html:61:1 (efs_list_tags_for_resource.Rd:19): Warning: missing </ul> before </div> efs_modify_mount_target_security_groups.html:52:1 (efs_modify_mount_target_security_groups.Rd:12): Warning: missing </ul> before </div> efs_put_account_preferences.html:58:1 (efs_put_account_preferences.Rd:20): Warning: missing </ul> before </div> efs_put_backup_policy.html:53:1 (efs_put_backup_policy.Rd:13): Warning: missing </ul> before </div> efs_put_file_system_policy.html:72:1 (efs_put_file_system_policy.Rd:30): Warning: missing </ul> before </div> efs_put_lifecycle_configuration.html:89:1 (efs_put_lifecycle_configuration.Rd:42): Warning: missing </ul> before </div> efs_tag_resource.html:52:1 (efs_tag_resource.Rd:12): Warning: missing </ul> before </div> efs_untag_resource.html:53:1 (efs_untag_resource.Rd:13): Warning: missing </ul> before </div> efs_update_file_system.html:70:1 (efs_update_file_system.Rd:28): Warning: missing </ul> before </div> efs_update_file_system_protection.html:77:1 (efs_update_file_system_protection.Rd:30): Warning: missing </ul> before </div> finspacedata_associate_user_to_permission_group.html:61:1 (finspacedata_associate_user_to_permission_group.Rd:19): Warning: missing </ul> before </div> finspacedata_create_changeset.html:129:1 (finspacedata_create_changeset.Rd:67): Warning: missing </ul> before </div> finspacedata_create_data_view.html:82:1 (finspacedata_create_data_view.Rd:32): Warning: missing </ul> before </div> finspacedata_create_dataset.html:94:1 (finspacedata_create_dataset.Rd:37): Warning: missing </ul> before </div> finspacedata_create_permission_group.html:103:1 (finspacedata_create_permission_group.Rd:44): Warning: missing </ul> before </div> finspacedata_create_user.html:109:1 (finspacedata_create_user.Rd:49): Warning: missing </ul> before </div> finspacedata_delete_dataset.html:52:1 (finspacedata_delete_dataset.Rd:12): Warning: missing </ul> before </div> finspacedata_delete_permission_group.html:52:1 (finspacedata_delete_permission_group.Rd:12): Warning: missing </ul> before </div> finspacedata_disable_user.html:53:1 (finspacedata_disable_user.Rd:13): Warning: missing </ul> before </div> finspacedata_disassociate_user_from_permission_group.html:60:1 (finspacedata_disassociate_user_from_permission_group.Rd:18): Warning: missing </ul> before </div> finspacedata_enable_user.html:52:1 (finspacedata_enable_user.Rd:12): Warning: missing </ul> before </div> finspacedata_get_changeset.html:53:1 (finspacedata_get_changeset.Rd:13): Warning: missing </ul> before </div> finspacedata_get_data_view.html:52:1 (finspacedata_get_data_view.Rd:12): Warning: missing </ul> before </div> finspacedata_get_dataset.html:48:1 (finspacedata_get_dataset.Rd:10): Warning: missing </ul> before </div> finspacedata_get_external_data_view_access_details.html:53:1 (finspacedata_get_external_data_view_access_details.Rd:13): Warning: missing </ul> before </div> finspacedata_get_permission_group.html:48:1 (finspacedata_get_permission_group.Rd:10): Warning: missing </ul> before </div> finspacedata_get_programmatic_access_credentials.html:55:1 (finspacedata_get_programmatic_access_credentials.Rd:15): Warning: missing </ul> before </div> finspacedata_get_user.html:48:1 (finspacedata_get_user.Rd:10): Warning: missing </ul> before </div> finspacedata_get_working_location.html:62:1 (finspacedata_get_working_location.Rd:19): Warning: missing </ul> before </div> finspacedata_list_changesets.html:57:1 (finspacedata_list_changesets.Rd:15): Warning: missing </ul> before </div> finspacedata_list_data_views.html:56:1 (finspacedata_list_data_views.Rd:14): Warning: missing </ul> before </div> finspacedata_list_datasets.html:52:1 (finspacedata_list_datasets.Rd:12): Warning: missing </ul> before </div> finspacedata_list_permission_groups.html:52:1 (finspacedata_list_permission_groups.Rd:12): Warning: missing </ul> before </div> finspacedata_list_permission_groups_by_user.html:60:1 (finspacedata_list_permission_groups_by_user.Rd:18): Warning: missing </ul> before </div> finspacedata_list_users.html:52:1 (finspacedata_list_users.Rd:12): Warning: missing </ul> before </div> finspacedata_list_users_by_permission_group.html:60:1 (finspacedata_list_users_by_permission_group.Rd:18): Warning: missing </ul> before </div> finspacedata_reset_user_password.html:54:1 (finspacedata_reset_user_password.Rd:14): Warning: missing </ul> before </div> finspacedata_update_changeset.html:113:1 (finspacedata_update_changeset.Rd:58): Warning: missing </ul> before </div> finspacedata_update_dataset.html:89:1 (finspacedata_update_dataset.Rd:34): Warning: missing </ul> before </div> finspacedata_update_permission_group.html:107:1 (finspacedata_update_permission_group.Rd:46): Warning: missing </ul> before </div> finspacedata_update_user.html:106:1 (finspacedata_update_user.Rd:46): Warning: missing </ul> before </div> fsx_associate_file_system_aliases.html:84:1 (fsx_associate_file_system_aliases.Rd:34): Warning: missing </ul> before </div> fsx_cancel_data_repository_task.html:49:1 (fsx_cancel_data_repository_task.Rd:11): Warning: missing </ul> before </div> fsx_copy_backup.html:87:1 (fsx_copy_backup.Rd:42): Warning: missing </ul> before </div> fsx_copy_snapshot_and_update_volume.html:106:1 (fsx_copy_snapshot_and_update_volume.Rd:49): Warning: missing </ul> before </div> fsx_create_backup.html:74:1 (fsx_create_backup.Rd:30): Warning: missing </ul> before </div> fsx_create_data_repository_association.html:117:1 (fsx_create_data_repository_association.Rd:67): Warning: missing </ul> before </div> fsx_create_data_repository_task.html:143:1 (fsx_create_data_repository_task.Rd:77): Warning: missing </ul> before </div> fsx_create_file_cache.html:139:1 (fsx_create_file_cache.Rd:77): Warning: missing </ul> before </div> fsx_create_file_system.html:226:1 (fsx_create_file_system.Rd:136): Warning: missing </ul> before </div> fsx_create_file_system_from_backup.html:157:1 (fsx_create_file_system_from_backup.Rd:94): Warning: missing </ul> before </div> fsx_create_snapshot.html:58:1 (fsx_create_snapshot.Rd:16): Warning: missing </ul> before </div> fsx_create_storage_virtual_machine.html:104:1 (fsx_create_storage_virtual_machine.Rd:49): Warning: missing </ul> before </div> fsx_create_volume.html:74:1 (fsx_create_volume.Rd:28): Warning: missing </ul> before </div> fsx_create_volume_from_backup.html:69:1 (fsx_create_volume_from_backup.Rd:25): Warning: missing </ul> before </div> fsx_delete_backup.html:54:1 (fsx_delete_backup.Rd:14): Warning: missing </ul> before </div> fsx_delete_data_repository_association.html:61:1 (fsx_delete_data_repository_association.Rd:20): Warning: missing </ul> before </div> fsx_delete_file_cache.html:51:1 (fsx_delete_file_cache.Rd:12): Warning: missing </ul> before </div> fsx_delete_file_system.html:72:1 (fsx_delete_file_system.Rd:28): Warning: missing </ul> before </div> fsx_delete_snapshot.html:51:1 (fsx_delete_snapshot.Rd:12): Warning: missing </ul> before </div> fsx_delete_storage_virtual_machine.html:54:1 (fsx_delete_storage_virtual_machine.Rd:15): Warning: missing </ul> before </div> fsx_delete_volume.html:67:1 (fsx_delete_volume.Rd:24): Warning: missing </ul> before </div> fsx_describe_backups.html:75:1 (fsx_describe_backups.Rd:31): Warning: missing </ul> before </div> fsx_describe_data_repository_associations.html:67:1 (fsx_describe_data_repository_associations.Rd:25): Warning: missing </ul> before </div> fsx_describe_data_repository_tasks.html:69:1 (fsx_describe_data_repository_tasks.Rd:27): Warning: missing </ul> before </div> fsx_describe_file_caches.html:59:1 (fsx_describe_file_caches.Rd:19): Warning: missing </ul> before </div> fsx_describe_file_system_aliases.html:72:1 (fsx_describe_file_system_aliases.Rd:29): Warning: missing </ul> before </div> fsx_describe_file_systems.html:68:1 (fsx_describe_file_systems.Rd:26): Warning: missing </ul> before </div> fsx_describe_snapshots.html:75:1 (fsx_describe_snapshots.Rd:31): Warning: missing </ul> before </div> fsx_describe_storage_virtual_machines.html:64:1 (fsx_describe_storage_virtual_machines.Rd:22): Warning: missing </ul> before </div> fsx_describe_volumes.html:64:1 (fsx_describe_volumes.Rd:22): Warning: missing </ul> before </div> fsx_disassociate_file_system_aliases.html:62:1 (fsx_disassociate_file_system_aliases.Rd:21): Warning: missing </ul> before </div> fsx_list_tags_for_resource.html:62:1 (fsx_list_tags_for_resource.Rd:20): Warning: missing </ul> before </div> fsx_release_file_system_nfs_v3_locks.html:51:1 (fsx_release_file_system_nfs_v3_locks.Rd:12): Warning: missing </ul> before </div> fsx_restore_volume_from_snapshot.html:83:1 (fsx_restore_volume_from_snapshot.Rd:35): Warning: missing </ul> before </div> fsx_start_misconfigured_state_recovery.html:53:1 (fsx_start_misconfigured_state_recovery.Rd:14): Warning: missing </ul> before </div> fsx_tag_resource.html:54:1 (fsx_tag_resource.Rd:14): Warning: missing </ul> before </div> fsx_untag_resource.html:53:1 (fsx_untag_resource.Rd:13): Warning: missing </ul> before </div> fsx_update_data_repository_association.html:77:1 (fsx_update_data_repository_association.Rd:34): Warning: missing </ul> before </div> fsx_update_file_cache.html:59:1 (fsx_update_file_cache.Rd:18): Warning: missing </ul> before </div> fsx_update_file_system.html:140:1 (fsx_update_file_system.Rd:82): Warning: missing </ul> before </div> fsx_update_shared_vpc_configuration.html:58:1 (fsx_update_shared_vpc_configuration.Rd:19): Warning: missing </ul> before </div> fsx_update_snapshot.html:56:1 (fsx_update_snapshot.Rd:15): Warning: missing </ul> before </div> fsx_update_storage_virtual_machine.html:66:1 (fsx_update_storage_virtual_machine.Rd:23): Warning: missing </ul> before </div> fsx_update_volume.html:74:1 (fsx_update_volume.Rd:29): Warning: missing </ul> before </div> glacier_abort_multipart_upload.html:60:1 (glacier_abort_multipart_upload.Rd:18): Warning: missing </ul> before </div> glacier_abort_vault_lock.html:58:1 (glacier_abort_vault_lock.Rd:18): Warning: missing </ul> before </div> glacier_add_tags_to_vault.html:61:1 (glacier_add_tags_to_vault.Rd:19): Warning: missing </ul> before </div> glacier_complete_multipart_upload.html:81:1 (glacier_complete_multipart_upload.Rd:35): Warning: missing </ul> before </div> glacier_complete_vault_lock.html:64:1 (glacier_complete_vault_lock.Rd:22): Warning: missing </ul> before </div> glacier_create_vault.html:57:1 (glacier_create_vault.Rd:17): Warning: missing </ul> before </div> glacier_delete_archive.html:60:1 (glacier_delete_archive.Rd:18): Warning: missing </ul> before </div> glacier_delete_vault.html:56:1 (glacier_delete_vault.Rd:16): Warning: missing </ul> before </div> glacier_delete_vault_access_policy.html:57:1 (glacier_delete_vault_access_policy.Rd:17): Warning: missing </ul> before </div> glacier_delete_vault_notifications.html:56:1 (glacier_delete_vault_notifications.Rd:16): Warning: missing </ul> before </div> glacier_describe_job.html:63:1 (glacier_describe_job.Rd:21): Warning: missing </ul> before </div> glacier_describe_vault.html:59:1 (glacier_describe_vault.Rd:19): Warning: missing </ul> before </div> glacier_get_data_retrieval_policy.html:54:1 (glacier_get_data_retrieval_policy.Rd:16): Warning: missing </ul> before </div> glacier_get_job_output.html:102:1 (glacier_get_job_output.Rd:49): Warning: missing </ul> before </div> glacier_get_vault_access_policy.html:58:1 (glacier_get_vault_access_policy.Rd:18): Warning: missing </ul> before </div> glacier_get_vault_lock.html:57:1 (glacier_get_vault_lock.Rd:17): Warning: missing </ul> before </div> glacier_get_vault_notifications.html:57:1 (glacier_get_vault_notifications.Rd:17): Warning: missing </ul> before </div> glacier_initiate_job.html:61:1 (glacier_initiate_job.Rd:19): Warning: missing </ul> before </div> glacier_initiate_multipart_upload.html:75:1 (glacier_initiate_multipart_upload.Rd:31): Warning: missing </ul> before </div> glacier_initiate_vault_lock.html:63:1 (glacier_initiate_vault_lock.Rd:21): Warning: missing </ul> before </div> glacier_list_jobs.html:87:1 (glacier_list_jobs.Rd:39): Warning: missing </ul> before </div> glacier_list_multipart_uploads.html:76:1 (glacier_list_multipart_uploads.Rd:32): Warning: missing </ul> before </div> glacier_list_parts.html:75:1 (glacier_list_parts.Rd:29): Warning: missing </ul> before </div> glacier_list_provisioned_capacity.html:53:1 (glacier_list_provisioned_capacity.Rd:15): Warning: missing </ul> before </div> glacier_list_tags_for_vault.html:56:1 (glacier_list_tags_for_vault.Rd:16): Warning: missing </ul> before </div> glacier_list_vaults.html:64:1 (glacier_list_vaults.Rd:22): Warning: missing </ul> before </div> glacier_purchase_provisioned_capacity.html:52:1 (glacier_purchase_provisioned_capacity.Rd:14): Warning: missing </ul> before </div> glacier_remove_tags_from_vault.html:61:1 (glacier_remove_tags_from_vault.Rd:19): Warning: missing </ul> before </div> glacier_set_data_retrieval_policy.html:58:1 (glacier_set_data_retrieval_policy.Rd:18): Warning: missing </ul> before </div> glacier_set_vault_access_policy.html:61:1 (glacier_set_vault_access_policy.Rd:19): Warning: missing </ul> before </div> glacier_set_vault_notifications.html:65:1 (glacier_set_vault_notifications.Rd:23): Warning: missing </ul> before </div> glacier_upload_archive.html:74:1 (glacier_upload_archive.Rd:28): Warning: missing </ul> before </div> glacier_upload_multipart_part.html:82:1 (glacier_upload_multipart_part.Rd:34): Warning: missing </ul> before </div> omics_abort_multipart_read_set_upload.html:52:1 (omics_abort_multipart_read_set_upload.Rd:12): Warning: missing </ul> before </div> omics_accept_share.html:48:1 (omics_accept_share.Rd:10): Warning: missing </ul> before </div> omics_batch_delete_read_set.html:52:1 (omics_batch_delete_read_set.Rd:12): Warning: missing </ul> before </div> omics_cancel_annotation_import_job.html:48:1 (omics_cancel_annotation_import_job.Rd:10): Warning: missing </ul> before </div> omics_cancel_run.html:48:1 (omics_cancel_run.Rd:10): Warning: missing </ul> before </div> omics_cancel_variant_import_job.html:48:1 (omics_cancel_variant_import_job.Rd:10): Warning: missing </ul> before </div> omics_complete_multipart_read_set_upload.html:56:1 (omics_complete_multipart_read_set_upload.Rd:14): Warning: missing </ul> before </div> omics_create_annotation_store.html:86:1 (omics_create_annotation_store.Rd:34): Warning: missing </ul> before </div> omics_create_annotation_store_version.html:72:1 (omics_create_annotation_store_version.Rd:26): Warning: missing </ul> before </div> omics_create_multipart_read_set_upload.html:97:1 (omics_create_multipart_read_set_upload.Rd:41): Warning: missing </ul> before </div> omics_create_reference_store.html:71:1 (omics_create_reference_store.Rd:25): Warning: missing </ul> before </div> omics_create_run_cache.html:104:1 (omics_create_run_cache.Rd:54): Warning: missing </ul> before </div> omics_create_run_group.html:85:1 (omics_create_run_group.Rd:35): Warning: missing </ul> before </div> omics_create_sequence_store.html:93:1 (omics_create_sequence_store.Rd:39): Warning: missing </ul> before </div> omics_create_share.html:57:1 (omics_create_share.Rd:15): Warning: missing </ul> before </div> omics_create_variant_store.html:70:1 (omics_create_variant_store.Rd:24): Warning: missing </ul> before </div> omics_create_workflow.html:101:1 (omics_create_workflow.Rd:43): Warning: missing </ul> before </div> omics_delete_annotation_store.html:52:1 (omics_delete_annotation_store.Rd:12): Warning: missing </ul> before </div> omics_delete_annotation_store_versions.html:57:1 (omics_delete_annotation_store_versions.Rd:15): Warning: missing </ul> before </div> omics_delete_reference.html:52:1 (omics_delete_reference.Rd:12): Warning: missing </ul> before </div> omics_delete_reference_store.html:48:1 (omics_delete_reference_store.Rd:10): Warning: missing </ul> before </div> omics_delete_run.html:48:1 (omics_delete_run.Rd:10): Warning: missing </ul> before </div> omics_delete_run_cache.html:48:1 (omics_delete_run_cache.Rd:10): Warning: missing </ul> before </div> omics_delete_run_group.html:48:1 (omics_delete_run_group.Rd:10): Warning: missing </ul> before </div> omics_delete_s3_access_policy.html:48:1 (omics_delete_s3_access_policy.Rd:10): Warning: missing </ul> before </div> omics_delete_sequence_store.html:48:1 (omics_delete_sequence_store.Rd:10): Warning: missing </ul> before </div> omics_delete_share.html:48:1 (omics_delete_share.Rd:10): Warning: missing </ul> before </div> omics_delete_variant_store.html:52:1 (omics_delete_variant_store.Rd:12): Warning: missing </ul> before </div> omics_delete_workflow.html:48:1 (omics_delete_workflow.Rd:10): Warning: missing </ul> before </div> omics_get_annotation_import_job.html:48:1 (omics_get_annotation_import_job.Rd:10): Warning: missing </ul> before </div> omics_get_annotation_store.html:48:1 (omics_get_annotation_store.Rd:10): Warning: missing </ul> before </div> omics_get_annotation_store_version.html:54:1 (omics_get_annotation_store_version.Rd:14): Warning: missing </ul> before </div> omics_get_read_set.html:60:1 (omics_get_read_set.Rd:16): Warning: missing </ul> before </div> omics_get_read_set_activation_job.html:52:1 (omics_get_read_set_activation_job.Rd:12): Warning: missing </ul> before </div> omics_get_read_set_export_job.html:52:1 (omics_get_read_set_export_job.Rd:12): Warning: missing </ul> before </div> omics_get_read_set_import_job.html:52:1 (omics_get_read_set_import_job.Rd:12): Warning: missing </ul> before </div> omics_get_read_set_metadata.html:52:1 (omics_get_read_set_metadata.Rd:12): Warning: missing </ul> before </div> omics_get_reference.html:70:1 (omics_get_reference.Rd:24): Warning: missing </ul> before </div> omics_get_reference_import_job.html:52:1 (omics_get_reference_import_job.Rd:12): Warning: missing </ul> before </div> omics_get_reference_metadata.html:52:1 (omics_get_reference_metadata.Rd:12): Warning: missing </ul> before </div> omics_get_reference_store.html:48:1 (omics_get_reference_store.Rd:10): Warning: missing </ul> before </div> omics_get_run.html:52:1 (omics_get_run.Rd:12): Warning: missing </ul> before </div> omics_get_run_cache.html:48:1 (omics_get_run_cache.Rd:10): Warning: missing </ul> before </div> omics_get_run_group.html:48:1 (omics_get_run_group.Rd:10): Warning: missing </ul> before </div> omics_get_run_task.html:52:1 (omics_get_run_task.Rd:12): Warning: missing </ul> before </div> omics_get_s3_access_policy.html:48:1 (omics_get_s3_access_policy.Rd:10): Warning: missing </ul> before </div> omics_get_sequence_store.html:48:1 (omics_get_sequence_store.Rd:10): Warning: missing </ul> before </div> omics_get_share.html:48:1 (omics_get_share.Rd:10): Warning: missing </ul> before </div> omics_get_variant_import_job.html:48:1 (omics_get_variant_import_job.Rd:10): Warning: missing </ul> before </div> omics_get_variant_store.html:48:1 (omics_get_variant_store.Rd:10): Warning: missing </ul> before </div> omics_get_workflow.html:60:1 (omics_get_workflow.Rd:16): Warning: missing </ul> before </div> omics_list_annotation_import_jobs.html:66:1 (omics_list_annotation_import_jobs.Rd:22): Warning: missing </ul> before </div> omics_list_annotation_store_versions.html:67:1 (omics_list_annotation_store_versions.Rd:23): Warning: missing </ul> before </div> omics_list_annotation_stores.html:66:1 (omics_list_annotation_stores.Rd:22): Warning: missing </ul> before </div> omics_list_multipart_read_set_uploads.html:61:1 (omics_list_multipart_read_set_uploads.Rd:19): Warning: missing </ul> before </div> omics_list_read_set_activation_jobs.html:67:1 (omics_list_read_set_activation_jobs.Rd:23): Warning: missing </ul> before </div> omics_list_read_set_export_jobs.html:66:1 (omics_list_read_set_export_jobs.Rd:22): Warning: missing </ul> before </div> omics_list_read_set_import_jobs.html:66:1 (omics_list_read_set_import_jobs.Rd:22): Warning: missing </ul> before </div> omics_list_read_set_upload_parts.html:79:1 (omics_list_read_set_upload_parts.Rd:31): Warning: missing </ul> before </div> omics_list_read_sets.html:66:1 (omics_list_read_sets.Rd:22): Warning: missing </ul> before </div> omics_list_reference_import_jobs.html:66:1 (omics_list_reference_import_jobs.Rd:22): Warning: missing </ul> before </div> omics_list_reference_stores.html:57:1 (omics_list_reference_stores.Rd:15): Warning: missing </ul> before </div> omics_list_references.html:66:1 (omics_list_references.Rd:22): Warning: missing </ul> before </div> omics_list_run_caches.html:53:1 (omics_list_run_caches.Rd:13): Warning: missing </ul> before </div> omics_list_run_groups.html:57:1 (omics_list_run_groups.Rd:15): Warning: missing </ul> before </div> omics_list_run_tasks.html:66:1 (omics_list_run_tasks.Rd:22): Warning: missing </ul> before </div> omics_list_runs.html:71:1 (omics_list_runs.Rd:25): Warning: missing </ul> before </div> omics_list_sequence_stores.html:57:1 (omics_list_sequence_stores.Rd:15): Warning: missing </ul> before </div> omics_list_shares.html:68:1 (omics_list_shares.Rd:24): Warning: missing </ul> before </div> omics_list_tags_for_resource.html:48:1 (omics_list_tags_for_resource.Rd:10): Warning: missing </ul> before </div> omics_list_variant_import_jobs.html:66:1 (omics_list_variant_import_jobs.Rd:22): Warning: missing </ul> before </div> omics_list_variant_stores.html:66:1 (omics_list_variant_stores.Rd:22): Warning: missing </ul> before </div> omics_list_workflows.html:66:1 (omics_list_workflows.Rd:22): Warning: missing </ul> before </div> omics_put_s3_access_policy.html:52:1 (omics_put_s3_access_policy.Rd:12): Warning: missing </ul> before </div> omics_start_annotation_import_job.html:80:1 (omics_start_annotation_import_job.Rd:30): Warning: missing </ul> before </div> omics_start_read_set_activation_job.html:61:1 (omics_start_read_set_activation_job.Rd:19): Warning: missing </ul> before </div> omics_start_read_set_export_job.html:71:1 (omics_start_read_set_export_job.Rd:25): Warning: missing </ul> before </div> omics_start_read_set_import_job.html:66:1 (omics_start_read_set_import_job.Rd:22): Warning: missing </ul> before </div> omics_start_reference_import_job.html:66:1 (omics_start_reference_import_job.Rd:22): Warning: missing </ul> before </div> omics_start_run.html:156:1 (omics_start_run.Rd:84): Warning: missing </ul> before </div> omics_start_variant_import_job.html:70:1 (omics_start_variant_import_job.Rd:24): Warning: missing </ul> before </div> omics_tag_resource.html:52:1 (omics_tag_resource.Rd:12): Warning: missing </ul> before </div> omics_untag_resource.html:52:1 (omics_untag_resource.Rd:12): Warning: missing </ul> before </div> omics_update_annotation_store.html:52:1 (omics_update_annotation_store.Rd:12): Warning: missing </ul> before </div> omics_update_annotation_store_version.html:56:1 (omics_update_annotation_store_version.Rd:14): Warning: missing </ul> before </div> omics_update_run_cache.html:65:1 (omics_update_run_cache.Rd:21): Warning: missing </ul> before </div> omics_update_run_group.html:75:1 (omics_update_run_group.Rd:27): Warning: missing </ul> before </div> omics_update_sequence_store.html:83:1 (omics_update_sequence_store.Rd:33): Warning: missing </ul> before </div> omics_update_variant_store.html:52:1 (omics_update_variant_store.Rd:12): Warning: missing </ul> before </div> omics_update_workflow.html:56:1 (omics_update_workflow.Rd:14): Warning: missing </ul> before </div> omics_upload_read_set_part.html:70:1 (omics_upload_read_set_part.Rd:24): Warning: missing </ul> before </div> recyclebin_create_rule.html:104:1 (recyclebin_create_rule.Rd:54): Warning: missing </ul> before </div> recyclebin_delete_rule.html:48:1 (recyclebin_delete_rule.Rd:10): Warning: missing </ul> before </div> recyclebin_get_rule.html:48:1 (recyclebin_get_rule.Rd:10): Warning: missing </ul> before </div> recyclebin_list_rules.html:85:1 (recyclebin_list_rules.Rd:37): Warning: missing </ul> before </div> recyclebin_list_tags_for_resource.html:48:1 (recyclebin_list_tags_for_resource.Rd:10): Warning: missing </ul> before </div> recyclebin_lock_rule.html:52:1 (recyclebin_lock_rule.Rd:12): Warning: missing </ul> before </div> recyclebin_tag_resource.html:52:1 (recyclebin_tag_resource.Rd:12): Warning: missing </ul> before </div> recyclebin_unlock_rule.html:48:1 (recyclebin_unlock_rule.Rd:10): Warning: missing </ul> before </div> recyclebin_untag_resource.html:53:1 (recyclebin_untag_resource.Rd:13): Warning: missing </ul> before </div> recyclebin_update_rule.html:97:1 (recyclebin_update_rule.Rd:49): Warning: missing </ul> before </div> s3_abort_multipart_upload.html:116:1 (s3_abort_multipart_upload.Rd:69): Warning: missing </ul> before </div> s3_complete_multipart_upload.html:243:1 (s3_complete_multipart_upload.Rd:172): Warning: missing </ul> before </div> s3_copy_object.html:879:1 (s3_copy_object.Rd:653): Warning: missing </ul> before </div> s3_create_bucket.html:128:1 (s3_create_bucket.Rd:73): Warning: missing </ul> before </div> s3_create_bucket_metadata_table_configuration.html:72:1 (s3_create_bucket_metadata_table_configuration.Rd:26): Warning: missing </ul> before </div> s3_create_multipart_upload.html:699:1 (s3_create_multipart_upload.Rd:473): Warning: missing </ul> before </div> s3_create_session.html:133:1 (s3_create_session.Rd:85): Warning: missing </ul> before </div> s3_delete_bucket.html:69:1 (s3_delete_bucket.Rd:29): Warning: missing </ul> before </div> s3_delete_bucket_analytics_configuration.html:62:1 (s3_delete_bucket_analytics_configuration.Rd:20): Warning: missing </ul> before </div> s3_delete_bucket_cors.html:54:1 (s3_delete_bucket_cors.Rd:14): Warning: missing </ul> before </div> s3_delete_bucket_encryption.html:72:1 (s3_delete_bucket_encryption.Rd:32): Warning: missing </ul> before </div> s3_delete_bucket_intelligent_tiering_configuration.html:53:1 (s3_delete_bucket_intelligent_tiering_configuration.Rd:13): Warning: missing </ul> before </div> s3_delete_bucket_inventory_configuration.html:62:1 (s3_delete_bucket_inventory_configuration.Rd:20): Warning: missing </ul> before </div> s3_delete_bucket_lifecycle.html:57:1 (s3_delete_bucket_lifecycle.Rd:17): Warning: missing </ul> before </div> s3_delete_bucket_metadata_table_configuration.html:57:1 (s3_delete_bucket_metadata_table_configuration.Rd:17): Warning: missing </ul> before </div> s3_delete_bucket_metrics_configuration.html:60:1 (s3_delete_bucket_metrics_configuration.Rd:18): Warning: missing </ul> before </div> s3_delete_bucket_ownership_controls.html:54:1 (s3_delete_bucket_ownership_controls.Rd:14): Warning: missing </ul> before </div> s3_delete_bucket_policy.html:69:1 (s3_delete_bucket_policy.Rd:29): Warning: missing </ul> before </div> s3_delete_bucket_replication.html:54:1 (s3_delete_bucket_replication.Rd:14): Warning: missing </ul> before </div> s3_delete_bucket_tagging.html:54:1 (s3_delete_bucket_tagging.Rd:14): Warning: missing </ul> before </div> s3_delete_bucket_website.html:54:1 (s3_delete_bucket_website.Rd:14): Warning: missing </ul> before </div> s3_delete_object.html:165:1 (s3_delete_object.Rd:110): Warning: missing </ul> before </div> s3_delete_object_tagging.html:88:1 (s3_delete_object_tagging.Rd:44): Warning: missing </ul> before </div> s3_delete_objects.html:171:1 (s3_delete_objects.Rd:111): Warning: missing </ul> before </div> s3_delete_public_access_block.html:55:1 (s3_delete_public_access_block.Rd:15): Warning: missing </ul> before </div> s3_get_bucket_accelerate_configuration.html:62:1 (s3_get_bucket_accelerate_configuration.Rd:21): Warning: missing </ul> before </div> s3_get_bucket_acl.html:63:1 (s3_get_bucket_acl.Rd:23): Warning: missing </ul> before </div> s3_get_bucket_analytics_configuration.html:59:1 (s3_get_bucket_analytics_configuration.Rd:17): Warning: missing </ul> before </div> s3_get_bucket_cors.html:63:1 (s3_get_bucket_cors.Rd:23): Warning: missing </ul> before </div> s3_get_bucket_encryption.html:70:1 (s3_get_bucket_encryption.Rd:30): Warning: missing </ul> before </div> s3_get_bucket_intelligent_tiering_configuration.html:53:1 (s3_get_bucket_intelligent_tiering_configuration.Rd:13): Warning: missing </ul> before </div> s3_get_bucket_inventory_configuration.html:59:1 (s3_get_bucket_inventory_configuration.Rd:17): Warning: missing </ul> before </div> s3_get_bucket_lifecycle.html:54:1 (s3_get_bucket_lifecycle.Rd:14): Warning: missing </ul> before </div> s3_get_bucket_lifecycle_configuration.html:57:1 (s3_get_bucket_lifecycle_configuration.Rd:17): Warning: missing </ul> before </div> s3_get_bucket_location.html:63:1 (s3_get_bucket_location.Rd:23): Warning: missing </ul> before </div> s3_get_bucket_logging.html:54:1 (s3_get_bucket_logging.Rd:14): Warning: missing </ul> before </div> s3_get_bucket_metadata_table_configuration.html:54:1 (s3_get_bucket_metadata_table_configuration.Rd:14): Warning: missing </ul> before </div> s3_get_bucket_metrics_configuration.html:60:1 (s3_get_bucket_metrics_configuration.Rd:18): Warning: missing </ul> before </div> s3_get_bucket_notification.html:63:1 (s3_get_bucket_notification.Rd:23): Warning: missing </ul> before </div> s3_get_bucket_notification_configuration.html:63:1 (s3_get_bucket_notification_configuration.Rd:23): Warning: missing </ul> before </div> s3_get_bucket_ownership_controls.html:55:1 (s3_get_bucket_ownership_controls.Rd:15): Warning: missing </ul> before </div> s3_get_bucket_policy.html:83:1 (s3_get_bucket_policy.Rd:43): Warning: missing </ul> before </div> s3_get_bucket_policy_status.html:55:1 (s3_get_bucket_policy_status.Rd:15): Warning: missing </ul> before </div> s3_get_bucket_replication.html:54:1 (s3_get_bucket_replication.Rd:14): Warning: missing </ul> before </div> s3_get_bucket_request_payment.html:55:1 (s3_get_bucket_request_payment.Rd:15): Warning: missing </ul> before </div> s3_get_bucket_tagging.html:54:1 (s3_get_bucket_tagging.Rd:14): Warning: missing </ul> before </div> s3_get_bucket_versioning.html:54:1 (s3_get_bucket_versioning.Rd:14): Warning: missing </ul> before </div> s3_get_bucket_website.html:54:1 (s3_get_bucket_website.Rd:14): Warning: missing </ul> before </div> s3_get_object.html:334:1 (s3_get_object.Rd:229): Warning: missing </ul> before </div> s3_get_object_acl.html:85:1 (s3_get_object_acl.Rd:40): Warning: missing </ul> before </div> s3_get_object_attributes.html:155:1 (s3_get_object_attributes.Rd:98): Warning: missing </ul> before </div> s3_get_object_legal_hold.html:85:1 (s3_get_object_legal_hold.Rd:40): Warning: missing </ul> before </div> s3_get_object_lock_configuration.html:65:1 (s3_get_object_lock_configuration.Rd:25): Warning: missing </ul> before </div> s3_get_object_retention.html:85:1 (s3_get_object_retention.Rd:40): Warning: missing </ul> before </div> s3_get_object_tagging.html:92:1 (s3_get_object_tagging.Rd:47): Warning: missing </ul> before </div> s3_get_object_torrent.html:67:1 (s3_get_object_torrent.Rd:24): Warning: missing </ul> before </div> s3_get_public_access_block.html:55:1 (s3_get_public_access_block.Rd:15): Warning: missing </ul> before </div> s3_head_bucket.html:95:1 (s3_head_bucket.Rd:55): Warning: missing </ul> before </div> s3_head_object.html:287:1 (s3_head_object.Rd:190): Warning: missing </ul> before </div> s3_list_bucket_analytics_configurations.html:64:1 (s3_list_bucket_analytics_configurations.Rd:22): Warning: missing </ul> before </div> s3_list_bucket_intelligent_tiering_configurations.html:57:1 (s3_list_bucket_intelligent_tiering_configurations.Rd:17): Warning: missing </ul> before </div> s3_list_bucket_inventory_configurations.html:66:1 (s3_list_bucket_inventory_configurations.Rd:24): Warning: missing </ul> before </div> s3_list_bucket_metrics_configurations.html:66:1 (s3_list_bucket_metrics_configurations.Rd:24): Warning: missing </ul> before </div> s3_list_buckets.html:90:1 (s3_list_buckets.Rd:46): Warning: missing </ul> before </div> s3_list_directory_buckets.html:58:1 (s3_list_directory_buckets.Rd:18): Warning: missing </ul> before </div> s3_list_multipart_uploads.html:178:1 (s3_list_multipart_uploads.Rd:121): Warning: missing </ul> before </div> s3_list_object_versions.html:111:1 (s3_list_object_versions.Rd:57): Warning: missing </ul> before </div> s3_list_objects.html:131:1 (s3_list_objects.Rd:78): Warning: missing </ul> before </div> s3_list_objects_v2.html:187:1 (s3_list_objects_v2.Rd:124): Warning: missing </ul> before </div> s3_list_parts.html:145:1 (s3_list_parts.Rd:90): Warning: missing </ul> before </div> s3_put_bucket_accelerate_configuration.html:76:1 (s3_put_bucket_accelerate_configuration.Rd:32): Warning: missing </ul> before </div> s3_put_bucket_acl.html:122:1 (s3_put_bucket_acl.Rd:64): Warning: missing </ul> before </div> s3_put_bucket_analytics_configuration.html:67:1 (s3_put_bucket_analytics_configuration.Rd:23): Warning: missing </ul> before </div> s3_put_bucket_cors.html:89:1 (s3_put_bucket_cors.Rd:43): Warning: missing </ul> before </div> s3_put_bucket_encryption.html:108:1 (s3_put_bucket_encryption.Rd:62): Warning: missing </ul> before </div> s3_put_bucket_intelligent_tiering_configuration.html:61:1 (s3_put_bucket_intelligent_tiering_configuration.Rd:19): Warning: missing </ul> before </div> s3_put_bucket_inventory_configuration.html:67:1 (s3_put_bucket_inventory_configuration.Rd:23): Warning: missing </ul> before </div> s3_put_bucket_lifecycle.html:82:1 (s3_put_bucket_lifecycle.Rd:37): Warning: missing </ul> before </div> s3_put_bucket_lifecycle_configuration.html:107:1 (s3_put_bucket_lifecycle_configuration.Rd:56): Warning: missing </ul> before </div> s3_put_bucket_logging.html:86:1 (s3_put_bucket_logging.Rd:40): Warning: missing </ul> before </div> s3_put_bucket_metrics_configuration.html:69:1 (s3_put_bucket_metrics_configuration.Rd:25): Warning: missing </ul> before </div> s3_put_bucket_notification.html:86:1 (s3_put_bucket_notification.Rd:40): Warning: missing </ul> before </div> s3_put_bucket_notification_configuration.html:68:1 (s3_put_bucket_notification_configuration.Rd:24): Warning: missing </ul> before </div> s3_put_bucket_ownership_controls.html:73:1 (s3_put_bucket_ownership_controls.Rd:29): Warning: missing </ul> before </div> s3_put_bucket_policy.html:141:1 (s3_put_bucket_policy.Rd:82): Warning: missing </ul> before </div> s3_put_bucket_replication.html:92:1 (s3_put_bucket_replication.Rd:44): Warning: missing </ul> before </div> s3_put_bucket_request_payment.html:87:1 (s3_put_bucket_request_payment.Rd:41): Warning: missing </ul> before </div> s3_put_bucket_tagging.html:87:1 (s3_put_bucket_tagging.Rd:41): Warning: missing </ul> before </div> s3_put_bucket_versioning.html:93:1 (s3_put_bucket_versioning.Rd:45): Warning: missing </ul> before </div> s3_put_bucket_website.html:87:1 (s3_put_bucket_website.Rd:41): Warning: missing </ul> before </div> s3_put_object.html:643:1 (s3_put_object.Rd:480): Warning: missing </ul> before </div> s3_put_object_acl.html:167:1 (s3_put_object_acl.Rd:104): Warning: missing </ul> before </div> s3_put_object_legal_hold.html:112:1 (s3_put_object_legal_hold.Rd:61): Warning: missing </ul> before </div> s3_put_object_lock_configuration.html:96:1 (s3_put_object_lock_configuration.Rd:47): Warning: missing </ul> before </div> s3_put_object_retention.html:119:1 (s3_put_object_retention.Rd:66): Warning: missing </ul> before </div> s3_put_object_tagging.html:119:1 (s3_put_object_tagging.Rd:68): Warning: missing </ul> before </div> s3_put_public_access_block.html:91:1 (s3_put_public_access_block.Rd:45): Warning: missing </ul> before </div> s3_restore_object.html:109:1 (s3_restore_object.Rd:61): Warning: missing </ul> before </div> s3_select_object_content.html:139:1 (s3_select_object_content.Rd:72): Warning: missing </ul> before </div> s3_upload_part.html:223:1 (s3_upload_part.Rd:152): Warning: missing </ul> before </div> s3_upload_part_copy.html:324:1 (s3_upload_part_copy.Rd:241): Warning: missing </ul> before </div> s3_write_get_object_response.html:383:1 (s3_write_get_object_response.Rd:237): Warning: missing </ul> before </div> s3control_associate_access_grants_identity_center.html:59:1 (s3control_associate_access_grants_identity_center.Rd:19): Warning: missing </ul> before </div> s3control_create_access_grant.html:120:1 (s3control_create_access_grant.Rd:61): Warning: missing </ul> before </div> s3control_create_access_grants_instance.html:72:1 (s3control_create_access_grants_instance.Rd:30): Warning: missing </ul> before </div> s3control_create_access_grants_location.html:78:1 (s3control_create_access_grants_location.Rd:34): Warning: missing </ul> before </div> s3control_create_access_point.html:101:1 (s3control_create_access_point.Rd:53): Warning: missing </ul> before </div> s3control_create_access_point_for_object_lambda.html:57:1 (s3control_create_access_point_for_object_lambda.Rd:15): Warning: missing </ul> before </div> s3control_create_bucket.html:116:1 (s3control_create_bucket.Rd:60): Warning: missing </ul> before </div> s3control_create_job.html:114:1 (s3control_create_job.Rd:56): Warning: missing </ul> before </div> s3control_create_multi_region_access_point.html:60:1 (s3control_create_multi_region_access_point.Rd:18): Warning: missing </ul> before </div> s3control_create_storage_lens_group.html:59:1 (s3control_create_storage_lens_group.Rd:17): Warning: missing </ul> before </div> s3control_delete_access_grant.html:53:1 (s3control_delete_access_grant.Rd:13): Warning: missing </ul> before </div> s3control_delete_access_grants_instance.html:48:1 (s3control_delete_access_grants_instance.Rd:10): Warning: missing </ul> before </div> s3control_delete_access_grants_instance_resource_policy.html:48:1 (s3control_delete_access_grants_instance_resource_policy.Rd:10): Warning: missing </ul> before </div> s3control_delete_access_grants_location.html:56:1 (s3control_delete_access_grants_location.Rd:16): Warning: missing </ul> before </div> s3control_delete_access_point.html:66:1 (s3control_delete_access_point.Rd:26): Warning: missing </ul> before </div> s3control_delete_access_point_for_object_lambda.html:53:1 (s3control_delete_access_point_for_object_lambda.Rd:13): Warning: missing </ul> before </div> s3control_delete_access_point_policy.html:65:1 (s3control_delete_access_point_policy.Rd:25): Warning: missing </ul> before </div> s3control_delete_access_point_policy_for_object_lambda.html:54:1 (s3control_delete_access_point_policy_for_object_lambda.Rd:14): Warning: missing </ul> before </div> s3control_delete_bucket.html:65:1 (s3control_delete_bucket.Rd:25): Warning: missing </ul> before </div> s3control_delete_bucket_lifecycle_configuration.html:66:1 (s3control_delete_bucket_lifecycle_configuration.Rd:26): Warning: missing </ul> before </div> s3control_delete_bucket_policy.html:65:1 (s3control_delete_bucket_policy.Rd:25): Warning: missing </ul> before </div> s3control_delete_bucket_replication.html:68:1 (s3control_delete_bucket_replication.Rd:28): Warning: missing </ul> before </div> s3control_delete_bucket_tagging.html:66:1 (s3control_delete_bucket_tagging.Rd:26): Warning: missing </ul> before </div> s3control_delete_job_tagging.html:53:1 (s3control_delete_job_tagging.Rd:13): Warning: missing </ul> before </div> s3control_delete_multi_region_access_point.html:59:1 (s3control_delete_multi_region_access_point.Rd:17): Warning: missing </ul> before </div> s3control_delete_public_access_block.html:49:1 (s3control_delete_public_access_block.Rd:11): Warning: missing </ul> before </div> s3control_delete_storage_lens_configuration.html:52:1 (s3control_delete_storage_lens_configuration.Rd:12): Warning: missing </ul> before </div> s3control_delete_storage_lens_configuration_tagging.html:52:1 (s3control_delete_storage_lens_configuration_tagging.Rd:12): Warning: missing </ul> before </div> s3control_delete_storage_lens_group.html:53:1 (s3control_delete_storage_lens_group.Rd:13): Warning: missing </ul> before </div> s3control_describe_job.html:54:1 (s3control_describe_job.Rd:14): Warning: missing </ul> before </div> s3control_describe_multi_region_access_point_operation.html:59:1 (s3control_describe_multi_region_access_point_operation.Rd:19): Warning: missing </ul> before </div> s3control_dissociate_access_grants_identity_center.html:49:1 (s3control_dissociate_access_grants_identity_center.Rd:11): Warning: missing </ul> before </div> s3control_get_access_grant.html:53:1 (s3control_get_access_grant.Rd:13): Warning: missing </ul> before </div> s3control_get_access_grants_instance.html:48:1 (s3control_get_access_grants_instance.Rd:10): Warning: missing </ul> before </div> s3control_get_access_grants_instance_for_prefix.html:52:1 (s3control_get_access_grants_instance_for_prefix.Rd:12): Warning: missing </ul> before </div> s3control_get_access_grants_instance_resource_policy.html:48:1 (s3control_get_access_grants_instance_resource_policy.Rd:10): Warning: missing </ul> before </div> s3control_get_access_grants_location.html:56:1 (s3control_get_access_grants_location.Rd:16): Warning: missing </ul> before </div> s3control_get_access_point.html:67:1 (s3control_get_access_point.Rd:27): Warning: missing </ul> before </div> s3control_get_access_point_configuration_for_object_lambda.html:54:1 (s3control_get_access_point_configuration_for_object_lambda.Rd:14): Warning: missing </ul> before </div> s3control_get_access_point_for_object_lambda.html:53:1 (s3control_get_access_point_for_object_lambda.Rd:13): Warning: missing </ul> before </div> s3control_get_access_point_policy.html:65:1 (s3control_get_access_point_policy.Rd:25): Warning: missing </ul> before </div> s3control_get_access_point_policy_for_object_lambda.html:53:1 (s3control_get_access_point_policy_for_object_lambda.Rd:13): Warning: missing </ul> before </div> s3control_get_access_point_policy_status.html:52:1 (s3control_get_access_point_policy_status.Rd:12): Warning: missing </ul> before </div> s3control_get_access_point_policy_status_for_object_lambda.html:53:1 (s3control_get_access_point_policy_status_for_object_lambda.Rd:13): Warning: missing </ul> before </div> s3control_get_bucket.html:65:1 (s3control_get_bucket.Rd:25): Warning: missing </ul> before </div> s3control_get_bucket_lifecycle_configuration.html:66:1 (s3control_get_bucket_lifecycle_configuration.Rd:26): Warning: missing </ul> before </div> s3control_get_bucket_policy.html:65:1 (s3control_get_bucket_policy.Rd:25): Warning: missing </ul> before </div> s3control_get_bucket_replication.html:66:1 (s3control_get_bucket_replication.Rd:26): Warning: missing </ul> before </div> s3control_get_bucket_tagging.html:65:1 (s3control_get_bucket_tagging.Rd:25): Warning: missing </ul> before </div> s3control_get_bucket_versioning.html:53:1 (s3control_get_bucket_versioning.Rd:13): Warning: missing </ul> before </div> s3control_get_data_access.html:112:1 (s3control_get_data_access.Rd:52): Warning: missing </ul> before </div> s3control_get_job_tagging.html:53:1 (s3control_get_job_tagging.Rd:13): Warning: missing </ul> before </div> s3control_get_multi_region_access_point.html:58:1 (s3control_get_multi_region_access_point.Rd:18): Warning: missing </ul> before </div> s3control_get_multi_region_access_point_policy.html:57:1 (s3control_get_multi_region_access_point_policy.Rd:17): Warning: missing </ul> before </div> s3control_get_multi_region_access_point_policy_status.html:57:1 (s3control_get_multi_region_access_point_policy_status.Rd:17): Warning: missing </ul> before </div> s3control_get_multi_region_access_point_routes.html:53:1 (s3control_get_multi_region_access_point_routes.Rd:13): Warning: missing </ul> before </div> s3control_get_public_access_block.html:49:1 (s3control_get_public_access_block.Rd:11): Warning: missing </ul> before </div> s3control_get_storage_lens_configuration.html:52:1 (s3control_get_storage_lens_configuration.Rd:12): Warning: missing </ul> before </div> s3control_get_storage_lens_configuration_tagging.html:52:1 (s3control_get_storage_lens_configuration_tagging.Rd:12): Warning: missing </ul> before </div> s3control_get_storage_lens_group.html:54:1 (s3control_get_storage_lens_group.Rd:14): Warning: missing </ul> before </div> s3control_list_access_grants.html:131:1 (s3control_list_access_grants.Rd:65): Warning: missing </ul> before </div> s3control_list_access_grants_instances.html:65:1 (s3control_list_access_grants_instances.Rd:23): Warning: missing </ul> before </div> s3control_list_access_grants_locations.html:78:1 (s3control_list_access_grants_locations.Rd:34): Warning: missing </ul> before </div> s3control_list_access_points.html:86:1 (s3control_list_access_points.Rd:42): Warning: missing </ul> before </div> s3control_list_access_points_for_object_lambda.html:67:1 (s3control_list_access_points_for_object_lambda.Rd:25): Warning: missing </ul> before </div> s3control_list_caller_access_grants.html:82:1 (s3control_list_caller_access_grants.Rd:36): Warning: missing </ul> before </div> s3control_list_jobs.html:74:1 (s3control_list_jobs.Rd:30): Warning: missing </ul> before </div> s3control_list_multi_region_access_points.html:61:1 (s3control_list_multi_region_access_points.Rd:19): Warning: missing </ul> before </div> s3control_list_regional_buckets.html:65:1 (s3control_list_regional_buckets.Rd:23): Warning: missing </ul> before </div> s3control_list_storage_lens_configurations.html:52:1 (s3control_list_storage_lens_configurations.Rd:12): Warning: missing </ul> before </div> s3control_list_storage_lens_groups.html:53:1 (s3control_list_storage_lens_groups.Rd:13): Warning: missing </ul> before </div> s3control_list_tags_for_resource.html:55:1 (s3control_list_tags_for_resource.Rd:15): Warning: missing </ul> before </div> s3control_put_access_grants_instance_resource_policy.html:62:1 (s3control_put_access_grants_instance_resource_policy.Rd:20): Warning: missing </ul> before </div> s3control_put_access_point_configuration_for_object_lambda.html:61:1 (s3control_put_access_point_configuration_for_object_lambda.Rd:19): Warning: missing </ul> before </div> s3control_put_access_point_policy.html:73:1 (s3control_put_access_point_policy.Rd:31): Warning: missing </ul> before </div> s3control_put_access_point_policy_for_object_lambda.html:57:1 (s3control_put_access_point_policy_for_object_lambda.Rd:15): Warning: missing </ul> before </div> s3control_put_bucket_lifecycle_configuration.html:61:1 (s3control_put_bucket_lifecycle_configuration.Rd:19): Warning: missing </ul> before </div> s3control_put_bucket_policy.html:81:1 (s3control_put_bucket_policy.Rd:37): Warning: missing </ul> before </div> s3control_put_bucket_replication.html:70:1 (s3control_put_bucket_replication.Rd:28): Warning: missing </ul> before </div> s3control_put_bucket_tagging.html:69:1 (s3control_put_bucket_tagging.Rd:27): Warning: missing </ul> before </div> s3control_put_bucket_versioning.html:66:1 (s3control_put_bucket_versioning.Rd:22): Warning: missing </ul> before </div> s3control_put_job_tagging.html:57:1 (s3control_put_job_tagging.Rd:15): Warning: missing </ul> before </div> s3control_put_multi_region_access_point_policy.html:59:1 (s3control_put_multi_region_access_point_policy.Rd:17): Warning: missing </ul> before </div> s3control_put_public_access_block.html:54:1 (s3control_put_public_access_block.Rd:14): Warning: missing </ul> before </div> s3control_put_storage_lens_configuration.html:67:1 (s3control_put_storage_lens_configuration.Rd:23): Warning: missing </ul> before </div> s3control_put_storage_lens_configuration_tagging.html:58:1 (s3control_put_storage_lens_configuration_tagging.Rd:16): Warning: missing </ul> before </div> s3control_submit_multi_region_access_point_routes.html:63:1 (s3control_submit_multi_region_access_point_routes.Rd:21): Warning: missing </ul> before </div> s3control_tag_resource.html:61:1 (s3control_tag_resource.Rd:19): Warning: missing </ul> before </div> s3control_untag_resource.html:60:1 (s3control_untag_resource.Rd:18): Warning: missing </ul> before </div> s3control_update_access_grants_location.html:75:1 (s3control_update_access_grants_location.Rd:33): Warning: missing </ul> before </div> s3control_update_job_priority.html:57:1 (s3control_update_job_priority.Rd:15): Warning: missing </ul> before </div> s3control_update_job_status.html:67:1 (s3control_update_job_status.Rd:23): Warning: missing </ul> before </div> s3control_update_storage_lens_group.html:56:1 (s3control_update_storage_lens_group.Rd:14): Warning: missing </ul> before </div> s3outposts_create_endpoint.html:78:1 (s3outposts_create_endpoint.Rd:32): Warning: missing </ul> before </div> s3outposts_delete_endpoint.html:52:1 (s3outposts_delete_endpoint.Rd:12): Warning: missing </ul> before </div> s3outposts_list_endpoints.html:53:1 (s3outposts_list_endpoints.Rd:13): Warning: missing </ul> before </div> s3outposts_list_outposts_with_s3.html:57:1 (s3outposts_list_outposts_with_s3.Rd:17): Warning: missing </ul> before </div> s3outposts_list_shared_endpoints.html:62:1 (s3outposts_list_shared_endpoints.Rd:20): Warning: missing </ul> before </div> s3tables_create_namespace.html:53:1 (s3tables_create_namespace.Rd:13): Warning: missing </ul> before </div> s3tables_create_table.html:66:1 (s3tables_create_table.Rd:20): Warning: missing </ul> before </div> s3tables_create_table_bucket.html:48:1 (s3tables_create_table_bucket.Rd:10): Warning: missing </ul> before </div> s3tables_delete_namespace.html:53:1 (s3tables_delete_namespace.Rd:13): Warning: missing </ul> before </div> s3tables_delete_table.html:61:1 (s3tables_delete_table.Rd:17): Warning: missing </ul> before </div> s3tables_delete_table_bucket.html:48:1 (s3tables_delete_table_bucket.Rd:10): Warning: missing </ul> before </div> s3tables_delete_table_bucket_policy.html:48:1 (s3tables_delete_table_bucket_policy.Rd:10): Warning: missing </ul> before </div> s3tables_delete_table_policy.html:57:1 (s3tables_delete_table_policy.Rd:15): Warning: missing </ul> before </div> s3tables_get_namespace.html:52:1 (s3tables_get_namespace.Rd:12): Warning: missing </ul> before </div> s3tables_get_table.html:57:1 (s3tables_get_table.Rd:15): Warning: missing </ul> before </div> s3tables_get_table_bucket.html:48:1 (s3tables_get_table_bucket.Rd:10): Warning: missing </ul> before </div> s3tables_get_table_bucket_maintenance_configuration.html:49:1 (s3tables_get_table_bucket_maintenance_configuration.Rd:11): Warning: missing </ul> before </div> s3tables_get_table_bucket_policy.html:48:1 (s3tables_get_table_bucket_policy.Rd:10): Warning: missing </ul> before </div> s3tables_get_table_maintenance_configuration.html:56:1 (s3tables_get_table_maintenance_configuration.Rd:14): Warning: missing </ul> before </div> s3tables_get_table_maintenance_job_status.html:58:1 (s3tables_get_table_maintenance_job_status.Rd:17): Warning: missing </ul> before </div> s3tables_get_table_metadata_location.html:56:1 (s3tables_get_table_metadata_location.Rd:14): Warning: missing </ul> before </div> s3tables_get_table_policy.html:57:1 (s3tables_get_table_policy.Rd:15): Warning: missing </ul> before </div> s3tables_list_namespaces.html:68:1 (s3tables_list_namespaces.Rd:24): Warning: missing </ul> before </div> s3tables_list_table_buckets.html:63:1 (s3tables_list_table_buckets.Rd:21): Warning: missing </ul> before </div> s3tables_list_tables.html:73:1 (s3tables_list_tables.Rd:27): Warning: missing </ul> before </div> s3tables_put_table_bucket_maintenance_configuration.html:63:1 (s3tables_put_table_bucket_maintenance_configuration.Rd:21): Warning: missing </ul> before </div> s3tables_put_table_bucket_policy.html:53:1 (s3tables_put_table_bucket_policy.Rd:13): Warning: missing </ul> before </div> s3tables_put_table_maintenance_configuration.html:72:1 (s3tables_put_table_maintenance_configuration.Rd:26): Warning: missing </ul> before </div> s3tables_put_table_policy.html:62:1 (s3tables_put_table_policy.Rd:18): Warning: missing </ul> before </div> s3tables_rename_table.html:75:1 (s3tables_rename_table.Rd:27): Warning: missing </ul> before </div> s3tables_update_table_metadata_location.html:70:1 (s3tables_update_table_metadata_location.Rd:24): Warning: missing </ul> before </div> storagegateway_activate_gateway.html:129:1 (storagegateway_activate_gateway.Rd:77): Warning: missing </ul> before </div> storagegateway_add_cache.html:55:1 (storagegateway_add_cache.Rd:15): Warning: missing </ul> before </div> storagegateway_add_tags_to_resource.html:58:1 (storagegateway_add_tags_to_resource.Rd:18): Warning: missing </ul> before </div> storagegateway_add_upload_buffer.html:56:1 (storagegateway_add_upload_buffer.Rd:16): Warning: missing </ul> before </div> storagegateway_add_working_storage.html:56:1 (storagegateway_add_working_storage.Rd:16): Warning: missing </ul> before </div> storagegateway_assign_tape_pool.html:72:1 (storagegateway_assign_tape_pool.Rd:30): Warning: missing </ul> before </div> storagegateway_associate_file_system.html:98:1 (storagegateway_associate_file_system.Rd:45): Warning: missing </ul> before </div> storagegateway_attach_volume.html:87:1 (storagegateway_attach_volume.Rd:41): Warning: missing </ul> before </div> storagegateway_cancel_archival.html:54:1 (storagegateway_cancel_archival.Rd:14): Warning: missing </ul> before </div> storagegateway_cancel_cache_report.html:48:1 (storagegateway_cancel_cache_report.Rd:10): Warning: missing </ul> before </div> storagegateway_cancel_retrieval.html:54:1 (storagegateway_cancel_retrieval.Rd:14): Warning: missing </ul> before </div> storagegateway_create_cachedi_scsi_volume.html:129:1 (storagegateway_create_cachedi_scsi_volume.Rd:73): Warning: missing </ul> before </div> storagegateway_create_nfs_file_share.html:291:1 (storagegateway_create_nfs_file_share.Rd:204): Warning: missing </ul> before </div> storagegateway_create_smb_file_share.html:336:1 (storagegateway_create_smb_file_share.Rd:246): Warning: missing </ul> before </div> storagegateway_create_snapshot.html:67:1 (storagegateway_create_snapshot.Rd:25): Warning: missing </ul> before </div> storagegateway_create_snapshot_from_volume_recovery_point.html:71:1 (storagegateway_create_snapshot_from_volume_recovery_point.Rd:29): Warning: missing </ul> before </div> storagegateway_create_storedi_scsi_volume.html:124:1 (storagegateway_create_storedi_scsi_volume.Rd:70): Warning: missing </ul> before </div> storagegateway_create_tape_pool.html:85:1 (storagegateway_create_tape_pool.Rd:39): Warning: missing </ul> before </div> storagegateway_create_tape_with_barcode.html:110:1 (storagegateway_create_tape_with_barcode.Rd:58): Warning: missing </ul> before </div> storagegateway_create_tapes.html:125:1 (storagegateway_create_tapes.Rd:69): Warning: missing </ul> before </div> storagegateway_delete_automatic_tape_creation_policy.html:48:1 (storagegateway_delete_automatic_tape_creation_policy.Rd:10): Warning: missing </ul> before </div> storagegateway_delete_bandwidth_rate_limit.html:55:1 (storagegateway_delete_bandwidth_rate_limit.Rd:15): Warning: missing </ul> before </div> storagegateway_delete_cache_report.html:49:1 (storagegateway_delete_cache_report.Rd:11): Warning: missing </ul> before </div> storagegateway_delete_chap_credentials.html:55:1 (storagegateway_delete_chap_credentials.Rd:15): Warning: missing </ul> before </div> storagegateway_delete_file_share.html:58:1 (storagegateway_delete_file_share.Rd:18): Warning: missing </ul> before </div> storagegateway_delete_gateway.html:48:1 (storagegateway_delete_gateway.Rd:10): Warning: missing </ul> before </div> storagegateway_delete_snapshot_schedule.html:48:1 (storagegateway_delete_snapshot_schedule.Rd:10): Warning: missing </ul> before </div> storagegateway_delete_tape.html:66:1 (storagegateway_delete_tape.Rd:24): Warning: missing </ul> before </div> storagegateway_delete_tape_archive.html:56:1 (storagegateway_delete_tape_archive.Rd:16): Warning: missing </ul> before </div> storagegateway_delete_tape_pool.html:48:1 (storagegateway_delete_tape_pool.Rd:10): Warning: missing </ul> before </div> storagegateway_delete_volume.html:51:1 (storagegateway_delete_volume.Rd:13): Warning: missing </ul> before </div> storagegateway_describe_availability_monitor_test.html:49:1 (storagegateway_describe_availability_monitor_test.Rd:11): Warning: missing </ul> before </div> storagegateway_describe_bandwidth_rate_limit.html:48:1 (storagegateway_describe_bandwidth_rate_limit.Rd:10): Warning: missing </ul> before </div> storagegateway_describe_bandwidth_rate_limit_schedule.html:48:1 (storagegateway_describe_bandwidth_rate_limit_schedule.Rd:10): Warning: missing </ul> before </div> storagegateway_describe_cache.html:48:1 (storagegateway_describe_cache.Rd:10): Warning: missing </ul> before </div> storagegateway_describe_cache_report.html:49:1 (storagegateway_describe_cache_report.Rd:11): Warning: missing </ul> before </div> storagegateway_describe_cachedi_scsi_volumes.html:52:1 (storagegateway_describe_cachedi_scsi_volumes.Rd:14): Warning: missing </ul> before </div> storagegateway_describe_chap_credentials.html:52:1 (storagegateway_describe_chap_credentials.Rd:14): Warning: missing </ul> before </div> storagegateway_describe_file_system_associations.html:49:1 (storagegateway_describe_file_system_associations.Rd:11): Warning: missing </ul> before </div> storagegateway_describe_gateway_information.html:49:1 (storagegateway_describe_gateway_information.Rd:11): Warning: missing </ul> before </div> storagegateway_describe_maintenance_start_time.html:50:1 (storagegateway_describe_maintenance_start_time.Rd:12): Warning: missing </ul> before </div> storagegateway_describe_nfs_file_shares.html:50:1 (storagegateway_describe_nfs_file_shares.Rd:12): Warning: missing </ul> before </div> storagegateway_describe_smb_file_shares.html:50:1 (storagegateway_describe_smb_file_shares.Rd:12): Warning: missing </ul> before </div> storagegateway_describe_smb_settings.html:49:1 (storagegateway_describe_smb_settings.Rd:11): Warning: missing </ul> before </div> storagegateway_describe_snapshot_schedule.html:50:1 (storagegateway_describe_snapshot_schedule.Rd:12): Warning: missing </ul> before </div> storagegateway_describe_storedi_scsi_volumes.html:52:1 (storagegateway_describe_storedi_scsi_volumes.Rd:14): Warning: missing </ul> before </div> storagegateway_describe_tape_archives.html:64:1 (storagegateway_describe_tape_archives.Rd:22): Warning: missing </ul> before </div> storagegateway_describe_tape_recovery_points.html:63:1 (storagegateway_describe_tape_recovery_points.Rd:21): Warning: missing </ul> before </div> storagegateway_describe_tapes.html:76:1 (storagegateway_describe_tapes.Rd:32): Warning: missing </ul> before </div> storagegateway_describe_upload_buffer.html:48:1 (storagegateway_describe_upload_buffer.Rd:10): Warning: missing </ul> before </div> storagegateway_describe_vtl_devices.html:73:1 (storagegateway_describe_vtl_devices.Rd:29): Warning: missing </ul> before </div> storagegateway_describe_working_storage.html:48:1 (storagegateway_describe_working_storage.Rd:10): Warning: missing </ul> before </div> storagegateway_detach_volume.html:58:1 (storagegateway_detach_volume.Rd:18): Warning: missing </ul> before </div> storagegateway_disable_gateway.html:48:1 (storagegateway_disable_gateway.Rd:10): Warning: missing </ul> before </div> storagegateway_disassociate_file_system.html:60:1 (storagegateway_disassociate_file_system.Rd:20): Warning: missing </ul> before </div> storagegateway_join_domain.html:93:1 (storagegateway_join_domain.Rd:43): Warning: missing </ul> before </div> storagegateway_list_automatic_tape_creation_policies.html:47:1 (storagegateway_list_automatic_tape_creation_policies.Rd:10): Warning: missing </ul> before </div> storagegateway_list_cache_reports.html:53:1 (storagegateway_list_cache_reports.Rd:15): Warning: missing </ul> before </div> storagegateway_list_file_shares.html:63:1 (storagegateway_list_file_shares.Rd:21): Warning: missing </ul> before </div> storagegateway_list_file_system_associations.html:66:1 (storagegateway_list_file_system_associations.Rd:25): Warning: missing </ul> before </div> storagegateway_list_gateways.html:55:1 (storagegateway_list_gateways.Rd:15): Warning: missing </ul> before </div> storagegateway_list_local_disks.html:48:1 (storagegateway_list_local_disks.Rd:10): Warning: missing </ul> before </div> storagegateway_list_tags_for_resource.html:59:1 (storagegateway_list_tags_for_resource.Rd:17): Warning: missing </ul> before </div> storagegateway_list_tape_pools.html:60:1 (storagegateway_list_tape_pools.Rd:18): Warning: missing </ul> before </div> storagegateway_list_tapes.html:58:1 (storagegateway_list_tapes.Rd:17): Warning: missing </ul> before </div> storagegateway_list_volume_initiators.html:50:1 (storagegateway_list_volume_initiators.Rd:12): Warning: missing </ul> before </div> storagegateway_list_volume_recovery_points.html:48:1 (storagegateway_list_volume_recovery_points.Rd:10): Warning: missing </ul> before </div> storagegateway_list_volumes.html:58:1 (storagegateway_list_volumes.Rd:17): Warning: missing </ul> before </div> storagegateway_notify_when_uploaded.html:49:1 (storagegateway_notify_when_uploaded.Rd:11): Warning: missing </ul> before </div> storagegateway_refresh_cache.html:70:1 (storagegateway_refresh_cache.Rd:28): Warning: missing </ul> before </div> storagegateway_remove_tags_from_resource.html:54:1 (storagegateway_remove_tags_from_resource.Rd:14): Warning: missing </ul> before </div> storagegateway_reset_cache.html:49:1 (storagegateway_reset_cache.Rd:11): Warning: missing </ul> before </div> storagegateway_retrieve_tape_archive.html:60:1 (storagegateway_retrieve_tape_archive.Rd:20): Warning: missing </ul> before </div> storagegateway_retrieve_tape_recovery_point.html:53:1 (storagegateway_retrieve_tape_recovery_point.Rd:13): Warning: missing </ul> before </div> storagegateway_set_local_console_password.html:52:1 (storagegateway_set_local_console_password.Rd:12): Warning: missing </ul> before </div> storagegateway_set_smb_guest_password.html:53:1 (storagegateway_set_smb_guest_password.Rd:13): Warning: missing </ul> before </div> storagegateway_shutdown_gateway.html:48:1 (storagegateway_shutdown_gateway.Rd:10): Warning: missing </ul> before </div> storagegateway_start_availability_monitor_test.html:49:1 (storagegateway_start_availability_monitor_test.Rd:11): Warning: missing </ul> before </div> storagegateway_start_cache_report.html:110:1 (storagegateway_start_cache_report.Rd:56): Warning: missing </ul> before </div> storagegateway_start_gateway.html:48:1 (storagegateway_start_gateway.Rd:10): Warning: missing </ul> before </div> storagegateway_update_automatic_tape_creation_policy.html:57:1 (storagegateway_update_automatic_tape_creation_policy.Rd:17): Warning: missing </ul> before </div> storagegateway_update_bandwidth_rate_limit.html:60:1 (storagegateway_update_bandwidth_rate_limit.Rd:18): Warning: missing </ul> before </div> storagegateway_update_bandwidth_rate_limit_schedule.html:57:1 (storagegateway_update_bandwidth_rate_limit_schedule.Rd:17): Warning: missing </ul> before </div> storagegateway_update_chap_credentials.html:76:1 (storagegateway_update_chap_credentials.Rd:32): Warning: missing </ul> before </div> storagegateway_update_file_system_association.html:72:1 (storagegateway_update_file_system_association.Rd:27): Warning: missing </ul> before </div> storagegateway_update_gateway_information.html:76:1 (storagegateway_update_gateway_information.Rd:31): Warning: missing </ul> before </div> storagegateway_update_gateway_software_now.html:48:1 (storagegateway_update_gateway_software_now.Rd:10): Warning: missing </ul> before </div> storagegateway_update_maintenance_start_time.html:98:1 (storagegateway_update_maintenance_start_time.Rd:50): Warning: missing </ul> before </div> storagegateway_update_nfs_file_share.html:219:1 (storagegateway_update_nfs_file_share.Rd:144): Warning: missing </ul> before </div> storagegateway_update_smb_file_share.html:256:1 (storagegateway_update_smb_file_share.Rd:180): Warning: missing </ul> before </div> storagegateway_update_smb_file_share_visibility.html:53:1 (storagegateway_update_smb_file_share_visibility.Rd:13): Warning: missing </ul> before </div> storagegateway_update_smb_local_groups.html:54:1 (storagegateway_update_smb_local_groups.Rd:14): Warning: missing </ul> before </div> storagegateway_update_smb_security_strategy.html:74:1 (storagegateway_update_smb_security_strategy.Rd:34): Warning: missing </ul> before </div> storagegateway_update_snapshot_schedule.html:81:1 (storagegateway_update_snapshot_schedule.Rd:35): Warning: missing </ul> before </div> storagegateway_update_vtl_device_type.html:54:1 (storagegateway_update_vtl_device_type.Rd:14): Warning: missing </ul> before </div> Flavor: r-devel-linux-x86_64-debian-gcc