CRAN Package Check Results for Package paws.machine.learning

Last updated on 2025-10-21 09:48:40 CEST.

Flavor Version Tinstall Tcheck Ttotal Status Flags
r-devel-linux-x86_64-debian-clang 0.9.0 158.13 319.76 477.89 OK
r-devel-linux-x86_64-debian-gcc 0.9.0 91.07 217.65 308.72 NOTE
r-devel-linux-x86_64-fedora-clang 0.9.0 692.75 OK
r-devel-linux-x86_64-fedora-gcc 0.9.0 642.64 OK
r-devel-windows-x86_64 0.9.0 149.00 566.00 715.00 OK
r-patched-linux-x86_64 0.9.0 168.04 304.04 472.08 OK
r-release-linux-x86_64 0.9.0 149.05 303.79 452.84 OK
r-release-macos-arm64 0.9.0 185.00 OK
r-release-macos-x86_64 0.9.0 374.00 OK
r-release-windows-x86_64 0.9.0 153.00 556.00 709.00 OK
r-oldrel-macos-arm64 0.9.0 161.00 NOTE
r-oldrel-macos-x86_64 0.9.0 322.00 NOTE
r-oldrel-windows-x86_64 0.9.0 212.00 617.00 829.00 NOTE

Check Details

Version: 0.9.0
Check: HTML version of manual
Result: NOTE Found the following HTML validation problems: augmentedairuntime_delete_human_loop.html:48:1 (augmentedairuntime_delete_human_loop.Rd:10): Warning: missing </ul> before </div> augmentedairuntime_describe_human_loop.html:48:1 (augmentedairuntime_describe_human_loop.Rd:10): Warning: missing </ul> before </div> augmentedairuntime_list_human_loops.html:81:1 (augmentedairuntime_list_human_loops.Rd:33): Warning: missing </ul> before </div> augmentedairuntime_start_human_loop.html:69:1 (augmentedairuntime_start_human_loop.Rd:25): Warning: missing </ul> before </div> augmentedairuntime_stop_human_loop.html:48:1 (augmentedairuntime_stop_human_loop.Rd:10): Warning: missing </ul> before </div> bedrock_batch_delete_evaluation_job.html:49:1 (bedrock_batch_delete_evaluation_job.Rd:11): Warning: missing </ul> before </div> bedrock_create_evaluation_job.html:111:1 (bedrock_create_evaluation_job.Rd:55): Warning: missing </ul> before </div> bedrock_create_guardrail.html:111:1 (bedrock_create_guardrail.Rd:51): Warning: missing </ul> before </div> bedrock_create_guardrail_version.html:64:1 (bedrock_create_guardrail_version.Rd:22): Warning: missing </ul> before </div> bedrock_create_inference_profile.html:77:1 (bedrock_create_inference_profile.Rd:31): Warning: missing </ul> before </div> bedrock_create_marketplace_model_endpoint.html:85:1 (bedrock_create_marketplace_model_endpoint.Rd:37): Warning: missing </ul> before </div> bedrock_create_model_copy_job.html:74:1 (bedrock_create_model_copy_job.Rd:28): Warning: missing </ul> before </div> bedrock_create_model_customization_job.html:131:1 (bedrock_create_model_customization_job.Rd:65): Warning: missing </ul> before </div> bedrock_create_model_import_job.html:95:1 (bedrock_create_model_import_job.Rd:41): Warning: missing </ul> before </div> bedrock_create_model_invocation_job.html:99:1 (bedrock_create_model_invocation_job.Rd:45): Warning: missing </ul> before </div> bedrock_create_provisioned_model_throughput.html:101:1 (bedrock_create_provisioned_model_throughput.Rd:53): Warning: missing </ul> before </div> bedrock_delete_custom_model.html:48:1 (bedrock_delete_custom_model.Rd:10): Warning: missing </ul> before </div> bedrock_delete_guardrail.html:52:1 (bedrock_delete_guardrail.Rd:12): Warning: missing </ul> before </div> bedrock_delete_imported_model.html:48:1 (bedrock_delete_imported_model.Rd:10): Warning: missing </ul> before </div> bedrock_delete_inference_profile.html:49:1 (bedrock_delete_inference_profile.Rd:11): Warning: missing </ul> before </div> bedrock_delete_marketplace_model_endpoint.html:48:1 (bedrock_delete_marketplace_model_endpoint.Rd:10): Warning: missing </ul> before </div> bedrock_delete_provisioned_model_throughput.html:48:1 (bedrock_delete_provisioned_model_throughput.Rd:10): Warning: missing </ul> before </div> bedrock_deregister_marketplace_model_endpoint.html:48:1 (bedrock_deregister_marketplace_model_endpoint.Rd:10): Warning: missing </ul> before </div> bedrock_get_custom_model.html:49:1 (bedrock_get_custom_model.Rd:11): Warning: missing </ul> before </div> bedrock_get_evaluation_job.html:49:1 (bedrock_get_evaluation_job.Rd:11): Warning: missing </ul> before </div> bedrock_get_foundation_model.html:48:1 (bedrock_get_foundation_model.Rd:10): Warning: missing </ul> before </div> bedrock_get_guardrail.html:54:1 (bedrock_get_guardrail.Rd:14): Warning: missing </ul> before </div> bedrock_get_imported_model.html:48:1 (bedrock_get_imported_model.Rd:10): Warning: missing </ul> before </div> bedrock_get_inference_profile.html:48:1 (bedrock_get_inference_profile.Rd:10): Warning: missing </ul> before </div> bedrock_get_marketplace_model_endpoint.html:50:1 (bedrock_get_marketplace_model_endpoint.Rd:12): Warning: missing </ul> before </div> bedrock_get_model_copy_job.html:48:1 (bedrock_get_model_copy_job.Rd:10): Warning: missing </ul> before </div> bedrock_get_model_customization_job.html:49:1 (bedrock_get_model_customization_job.Rd:11): Warning: missing </ul> before </div> bedrock_get_model_import_job.html:49:1 (bedrock_get_model_import_job.Rd:11): Warning: missing </ul> before </div> bedrock_get_model_invocation_job.html:48:1 (bedrock_get_model_invocation_job.Rd:10): Warning: missing </ul> before </div> bedrock_get_prompt_router.html:48:1 (bedrock_get_prompt_router.Rd:10): Warning: missing </ul> before </div> bedrock_get_provisioned_model_throughput.html:48:1 (bedrock_get_provisioned_model_throughput.Rd:10): Warning: missing </ul> before </div> bedrock_list_custom_models.html:104:1 (bedrock_list_custom_models.Rd:48): Warning: missing </ul> before </div> bedrock_list_evaluation_jobs.html:95:1 (bedrock_list_evaluation_jobs.Rd:41): Warning: missing </ul> before </div> bedrock_list_foundation_models.html:69:1 (bedrock_list_foundation_models.Rd:25): Warning: missing </ul> before </div> bedrock_list_guardrails.html:63:1 (bedrock_list_guardrails.Rd:21): Warning: missing </ul> before </div> bedrock_list_imported_models.html:85:1 (bedrock_list_imported_models.Rd:35): Warning: missing </ul> before </div> bedrock_list_inference_profiles.html:79:1 (bedrock_list_inference_profiles.Rd:32): Warning: missing </ul> before </div> bedrock_list_marketplace_model_endpoints.html:66:1 (bedrock_list_marketplace_model_endpoints.Rd:24): Warning: missing </ul> before </div> bedrock_list_model_copy_jobs.html:104:1 (bedrock_list_model_copy_jobs.Rd:48): Warning: missing </ul> before </div> bedrock_list_model_customization_jobs.html:91:1 (bedrock_list_model_customization_jobs.Rd:39): Warning: missing </ul> before </div> bedrock_list_model_import_jobs.html:90:1 (bedrock_list_model_import_jobs.Rd:38): Warning: missing </ul> before </div> bedrock_list_model_invocation_jobs.html:158:1 (bedrock_list_model_invocation_jobs.Rd:78): Warning: missing </ul> before </div> bedrock_list_prompt_routers.html:53:1 (bedrock_list_prompt_routers.Rd:13): Warning: missing </ul> before </div> bedrock_list_provisioned_model_throughputs.html:100:1 (bedrock_list_provisioned_model_throughputs.Rd:46): Warning: missing </ul> before </div> bedrock_list_tags_for_resource.html:48:1 (bedrock_list_tags_for_resource.Rd:10): Warning: missing </ul> before </div> bedrock_put_model_invocation_logging_configuration.html:48:1 (bedrock_put_model_invocation_logging_configuration.Rd:10): Warning: missing </ul> before </div> bedrock_register_marketplace_model_endpoint.html:58:1 (bedrock_register_marketplace_model_endpoint.Rd:18): Warning: missing </ul> before </div> bedrock_stop_evaluation_job.html:48:1 (bedrock_stop_evaluation_job.Rd:10): Warning: missing </ul> before </div> bedrock_stop_model_customization_job.html:48:1 (bedrock_stop_model_customization_job.Rd:10): Warning: missing </ul> before </div> bedrock_stop_model_invocation_job.html:48:1 (bedrock_stop_model_invocation_job.Rd:10): Warning: missing </ul> before </div> bedrock_tag_resource.html:52:1 (bedrock_tag_resource.Rd:12): Warning: missing </ul> before </div> bedrock_untag_resource.html:52:1 (bedrock_untag_resource.Rd:12): Warning: missing </ul> before </div> bedrock_update_guardrail.html:101:1 (bedrock_update_guardrail.Rd:43): Warning: missing </ul> before </div> bedrock_update_marketplace_model_endpoint.html:66:1 (bedrock_update_marketplace_model_endpoint.Rd:24): Warning: missing </ul> before </div> bedrock_update_provisioned_model_throughput.html:76:1 (bedrock_update_provisioned_model_throughput.Rd:29): Warning: missing </ul> before </div> bedrockagent_associate_agent_collaborator.html:80:1 (bedrockagent_associate_agent_collaborator.Rd:30): Warning: missing </ul> before </div> bedrockagent_associate_agent_knowledge_base.html:74:1 (bedrockagent_associate_agent_knowledge_base.Rd:28): Warning: missing </ul> before </div> bedrockagent_create_agent.html:171:1 (bedrockagent_create_agent.Rd:94): Warning: missing </ul> before </div> bedrockagent_create_agent_action_group.html:122:1 (bedrockagent_create_agent_action_group.Rd:66): Warning: missing </ul> before </div> bedrockagent_create_agent_alias.html:78:1 (bedrockagent_create_agent_alias.Rd:30): Warning: missing </ul> before </div> bedrockagent_create_data_source.html:107:1 (bedrockagent_create_data_source.Rd:50): Warning: missing </ul> before </div> bedrockagent_create_flow.html:87:1 (bedrockagent_create_flow.Rd:37): Warning: missing </ul> before </div> bedrockagent_create_flow_alias.html:79:1 (bedrockagent_create_flow_alias.Rd:31): Warning: missing </ul> before </div> bedrockagent_create_flow_version.html:63:1 (bedrockagent_create_flow_version.Rd:21): Warning: missing </ul> before </div> bedrockagent_create_knowledge_base.html:86:1 (bedrockagent_create_knowledge_base.Rd:36): Warning: missing </ul> before </div> bedrockagent_create_prompt.html:88:1 (bedrockagent_create_prompt.Rd:38): Warning: missing </ul> before </div> bedrockagent_create_prompt_version.html:71:1 (bedrockagent_create_prompt_version.Rd:27): Warning: missing </ul> before </div> bedrockagent_delete_agent.html:54:1 (bedrockagent_delete_agent.Rd:14): Warning: missing </ul> before </div> bedrockagent_delete_agent_action_group.html:67:1 (bedrockagent_delete_agent_action_group.Rd:23): Warning: missing </ul> before </div> bedrockagent_delete_agent_alias.html:52:1 (bedrockagent_delete_agent_alias.Rd:12): Warning: missing </ul> before </div> bedrockagent_delete_agent_version.html:62:1 (bedrockagent_delete_agent_version.Rd:20): Warning: missing </ul> before </div> bedrockagent_delete_data_source.html:53:1 (bedrockagent_delete_data_source.Rd:13): Warning: missing </ul> before </div> bedrockagent_delete_flow.html:54:1 (bedrockagent_delete_flow.Rd:14): Warning: missing </ul> before </div> bedrockagent_delete_flow_alias.html:52:1 (bedrockagent_delete_flow_alias.Rd:12): Warning: missing </ul> before </div> bedrockagent_delete_flow_version.html:62:1 (bedrockagent_delete_flow_version.Rd:20): Warning: missing </ul> before </div> bedrockagent_delete_knowledge_base.html:48:1 (bedrockagent_delete_knowledge_base.Rd:10): Warning: missing </ul> before </div> bedrockagent_delete_knowledge_base_documents.html:71:1 (bedrockagent_delete_knowledge_base_documents.Rd:27): Warning: missing </ul> before </div> bedrockagent_delete_prompt.html:54:1 (bedrockagent_delete_prompt.Rd:14): Warning: missing </ul> before </div> bedrockagent_disassociate_agent_collaborator.html:60:1 (bedrockagent_disassociate_agent_collaborator.Rd:18): Warning: missing </ul> before </div> bedrockagent_disassociate_agent_knowledge_base.html:61:1 (bedrockagent_disassociate_agent_knowledge_base.Rd:19): Warning: missing </ul> before </div> bedrockagent_get_agent.html:48:1 (bedrockagent_get_agent.Rd:10): Warning: missing </ul> before </div> bedrockagent_get_agent_action_group.html:56:1 (bedrockagent_get_agent_action_group.Rd:14): Warning: missing </ul> before </div> bedrockagent_get_agent_alias.html:53:1 (bedrockagent_get_agent_alias.Rd:13): Warning: missing </ul> before </div> bedrockagent_get_agent_collaborator.html:56:1 (bedrockagent_get_agent_collaborator.Rd:14): Warning: missing </ul> before </div> bedrockagent_get_agent_knowledge_base.html:57:1 (bedrockagent_get_agent_knowledge_base.Rd:15): Warning: missing </ul> before </div> bedrockagent_get_agent_version.html:52:1 (bedrockagent_get_agent_version.Rd:12): Warning: missing </ul> before </div> bedrockagent_get_data_source.html:52:1 (bedrockagent_get_data_source.Rd:12): Warning: missing </ul> before </div> bedrockagent_get_flow.html:48:1 (bedrockagent_get_flow.Rd:10): Warning: missing </ul> before </div> bedrockagent_get_flow_alias.html:52:1 (bedrockagent_get_flow_alias.Rd:12): Warning: missing </ul> before </div> bedrockagent_get_flow_version.html:52:1 (bedrockagent_get_flow_version.Rd:12): Warning: missing </ul> before </div> bedrockagent_get_ingestion_job.html:59:1 (bedrockagent_get_ingestion_job.Rd:17): Warning: missing </ul> before </div> bedrockagent_get_knowledge_base.html:49:1 (bedrockagent_get_knowledge_base.Rd:11): Warning: missing </ul> before </div> bedrockagent_get_knowledge_base_documents.html:63:1 (bedrockagent_get_knowledge_base_documents.Rd:21): Warning: missing </ul> before </div> bedrockagent_get_prompt.html:56:1 (bedrockagent_get_prompt.Rd:16): Warning: missing </ul> before </div> bedrockagent_ingest_knowledge_base_documents.html:72:1 (bedrockagent_ingest_knowledge_base_documents.Rd:28): Warning: missing </ul> before </div> bedrockagent_list_agent_action_groups.html:70:1 (bedrockagent_list_agent_action_groups.Rd:26): Warning: missing </ul> before </div> bedrockagent_list_agent_aliases.html:61:1 (bedrockagent_list_agent_aliases.Rd:19): Warning: missing </ul> before </div> bedrockagent_list_agent_collaborators.html:67:1 (bedrockagent_list_agent_collaborators.Rd:23): Warning: missing </ul> before </div> bedrockagent_list_agent_knowledge_bases.html:73:1 (bedrockagent_list_agent_knowledge_bases.Rd:29): Warning: missing </ul> before </div> bedrockagent_list_agent_versions.html:61:1 (bedrockagent_list_agent_versions.Rd:19): Warning: missing </ul> before </div> bedrockagent_list_agents.html:58:1 (bedrockagent_list_agents.Rd:18): Warning: missing </ul> before </div> bedrockagent_list_data_sources.html:67:1 (bedrockagent_list_data_sources.Rd:25): Warning: missing </ul> before </div> bedrockagent_list_flow_aliases.html:65:1 (bedrockagent_list_flow_aliases.Rd:23): Warning: missing </ul> before </div> bedrockagent_list_flow_versions.html:65:1 (bedrockagent_list_flow_versions.Rd:23): Warning: missing </ul> before </div> bedrockagent_list_flows.html:57:1 (bedrockagent_list_flows.Rd:17): Warning: missing </ul> before </div> bedrockagent_list_ingestion_jobs.html:82:1 (bedrockagent_list_ingestion_jobs.Rd:34): Warning: missing </ul> before </div> bedrockagent_list_knowledge_base_documents.html:72:1 (bedrockagent_list_knowledge_base_documents.Rd:28): Warning: missing </ul> before </div> bedrockagent_list_knowledge_bases.html:57:1 (bedrockagent_list_knowledge_bases.Rd:17): Warning: missing </ul> before </div> bedrockagent_list_prompts.html:70:1 (bedrockagent_list_prompts.Rd:28): Warning: missing </ul> before </div> bedrockagent_list_tags_for_resource.html:48:1 (bedrockagent_list_tags_for_resource.Rd:10): Warning: missing </ul> before </div> bedrockagent_prepare_agent.html:50:1 (bedrockagent_prepare_agent.Rd:12): Warning: missing </ul> before </div> bedrockagent_prepare_flow.html:48:1 (bedrockagent_prepare_flow.Rd:10): Warning: missing </ul> before </div> bedrockagent_start_ingestion_job.html:69:1 (bedrockagent_start_ingestion_job.Rd:25): Warning: missing </ul> before </div> bedrockagent_stop_ingestion_job.html:58:1 (bedrockagent_stop_ingestion_job.Rd:16): Warning: missing </ul> before </div> bedrockagent_tag_resource.html:53:1 (bedrockagent_tag_resource.Rd:13): Warning: missing </ul> before </div> bedrockagent_untag_resource.html:53:1 (bedrockagent_untag_resource.Rd:13): Warning: missing </ul> before </div> bedrockagent_update_agent.html:161:1 (bedrockagent_update_agent.Rd:86): Warning: missing </ul> before </div> bedrockagent_update_agent_action_group.html:113:1 (bedrockagent_update_agent_action_group.Rd:57): Warning: missing </ul> before </div> bedrockagent_update_agent_alias.html:70:1 (bedrockagent_update_agent_alias.Rd:24): Warning: missing </ul> before </div> bedrockagent_update_agent_collaborator.html:80:1 (bedrockagent_update_agent_collaborator.Rd:30): Warning: missing </ul> before </div> bedrockagent_update_agent_knowledge_base.html:78:1 (bedrockagent_update_agent_knowledge_base.Rd:32): Warning: missing </ul> before </div> bedrockagent_update_data_source.html:86:1 (bedrockagent_update_data_source.Rd:34): Warning: missing </ul> before </div> bedrockagent_update_flow.html:78:1 (bedrockagent_update_flow.Rd:30): Warning: missing </ul> before </div> bedrockagent_update_flow_alias.html:70:1 (bedrockagent_update_flow_alias.Rd:24): Warning: missing </ul> before </div> bedrockagent_update_knowledge_base.html:81:1 (bedrockagent_update_knowledge_base.Rd:33): Warning: missing </ul> before </div> bedrockagent_update_prompt.html:79:1 (bedrockagent_update_prompt.Rd:31): Warning: missing </ul> before </div> bedrockagent_validate_flow_definition.html:48:1 (bedrockagent_validate_flow_definition.Rd:10): Warning: missing </ul> before </div> bedrockagentruntime_delete_agent_memory.html:65:1 (bedrockagentruntime_delete_agent_memory.Rd:21): Warning: missing </ul> before </div> bedrockagentruntime_generate_query.html:57:1 (bedrockagentruntime_generate_query.Rd:17): Warning: missing </ul> before </div> bedrockagentruntime_get_agent_memory.html:80:1 (bedrockagentruntime_get_agent_memory.Rd:32): Warning: missing </ul> before </div> bedrockagentruntime_invoke_agent.html:112:1 (bedrockagentruntime_invoke_agent.Rd:54): Warning: missing </ul> before </div> bedrockagentruntime_invoke_flow.html:80:1 (bedrockagentruntime_invoke_flow.Rd:32): Warning: missing </ul> before </div> bedrockagentruntime_invoke_inline_agent.html:152:1 (bedrockagentruntime_invoke_inline_agent.Rd:87): Warning: missing </ul> before </div> bedrockagentruntime_optimize_prompt.html:53:1 (bedrockagentruntime_optimize_prompt.Rd:13): Warning: missing </ul> before </div> bedrockagentruntime_rerank.html:69:1 (bedrockagentruntime_rerank.Rd:25): Warning: missing </ul> before </div> bedrockagentruntime_retrieve.html:73:1 (bedrockagentruntime_retrieve.Rd:27): Warning: missing </ul> before </div> bedrockagentruntime_retrieve_and_generate.html:73:1 (bedrockagentruntime_retrieve_and_generate.Rd:29): Warning: missing </ul> before </div> bedrockagentruntime_retrieve_and_generate_stream.html:73:1 (bedrockagentruntime_retrieve_and_generate_stream.Rd:29): Warning: missing </ul> before </div> bedrockdataautomation_create_blueprint.html:72:1 (bedrockdataautomation_create_blueprint.Rd:27): Warning: missing </ul> before </div> bedrockdataautomation_create_blueprint_version.html:55:1 (bedrockdataautomation_create_blueprint_version.Rd:16): Warning: missing </ul> before </div> bedrockdataautomation_create_data_automation_project.html:79:1 (bedrockdataautomation_create_data_automation_project.Rd:33): Warning: missing </ul> before </div> bedrockdataautomation_delete_blueprint.html:52:1 (bedrockdataautomation_delete_blueprint.Rd:12): Warning: missing </ul> before </div> bedrockdataautomation_delete_data_automation_project.html:48:1 (bedrockdataautomation_delete_data_automation_project.Rd:10): Warning: missing </ul> before </div> bedrockdataautomation_get_blueprint.html:60:1 (bedrockdataautomation_get_blueprint.Rd:18): Warning: missing </ul> before </div> bedrockdataautomation_get_data_automation_project.html:55:1 (bedrockdataautomation_get_data_automation_project.Rd:15): Warning: missing </ul> before </div> bedrockdataautomation_list_blueprints.html:69:1 (bedrockdataautomation_list_blueprints.Rd:27): Warning: missing </ul> before </div> bedrockdataautomation_list_data_automation_projects.html:65:1 (bedrockdataautomation_list_data_automation_projects.Rd:24): Warning: missing </ul> before </div> bedrockdataautomation_update_blueprint.html:59:1 (bedrockdataautomation_update_blueprint.Rd:18): Warning: missing </ul> before </div> bedrockdataautomation_update_data_automation_project.html:71:1 (bedrockdataautomation_update_data_automation_project.Rd:27): Warning: missing </ul> before </div> bedrockdataautomationruntime_get_data_automation_status.html:48:1 (bedrockdataautomationruntime_get_data_automation_status.Rd:10): Warning: missing </ul> before </div> bedrockdataautomationruntime_invoke_data_automation_async.html:80:1 (bedrockdataautomationruntime_invoke_data_automation_async.Rd:30): Warning: missing </ul> before </div> bedrockruntime_apply_guardrail.html:65:1 (bedrockruntime_apply_guardrail.Rd:21): Warning: missing </ul> before </div> bedrockruntime_converse.html:167:1 (bedrockruntime_converse.Rd:98): Warning: missing </ul> before </div> bedrockruntime_converse_stream.html:169:1 (bedrockruntime_converse_stream.Rd:100): Warning: missing </ul> before </div> bedrockruntime_get_async_invoke.html:48:1 (bedrockruntime_get_async_invoke.Rd:10): Warning: missing </ul> before </div> bedrockruntime_invoke_model.html:146:1 (bedrockruntime_invoke_model.Rd:76): Warning: missing </ul> before </div> bedrockruntime_invoke_model_with_response_stream.html:146:1 (bedrockruntime_invoke_model_with_response_stream.Rd:76): Warning: missing </ul> before </div> bedrockruntime_list_async_invokes.html:81:1 (bedrockruntime_list_async_invokes.Rd:31): Warning: missing </ul> before </div> bedrockruntime_start_async_invoke.html:70:1 (bedrockruntime_start_async_invoke.Rd:24): Warning: missing </ul> before </div> comprehend_batch_detect_dominant_language.html:51:1 (comprehend_batch_detect_dominant_language.Rd:13): Warning: missing </ul> before </div> comprehend_batch_detect_entities.html:57:1 (comprehend_batch_detect_entities.Rd:17): Warning: missing </ul> before </div> comprehend_batch_detect_key_phrases.html:56:1 (comprehend_batch_detect_key_phrases.Rd:16): Warning: missing </ul> before </div> comprehend_batch_detect_sentiment.html:57:1 (comprehend_batch_detect_sentiment.Rd:17): Warning: missing </ul> before </div> comprehend_batch_detect_syntax.html:58:1 (comprehend_batch_detect_syntax.Rd:18): Warning: missing </ul> before </div> comprehend_batch_detect_targeted_sentiment.html:56:1 (comprehend_batch_detect_targeted_sentiment.Rd:16): Warning: missing </ul> before </div> comprehend_classify_document.html:93:1 (comprehend_classify_document.Rd:49): Warning: missing </ul> before </div> comprehend_contains_pii_entities.html:54:1 (comprehend_contains_pii_entities.Rd:14): Warning: missing </ul> before </div> comprehend_create_dataset.html:86:1 (comprehend_create_dataset.Rd:36): Warning: missing </ul> before </div> comprehend_create_document_classifier.html:171:1 (comprehend_create_document_classifier.Rd:99): Warning: missing </ul> before </div> comprehend_create_endpoint.html:94:1 (comprehend_create_endpoint.Rd:44): Warning: missing </ul> before </div> comprehend_create_entity_recognizer.html:158:1 (comprehend_create_entity_recognizer.Rd:90): Warning: missing </ul> before </div> comprehend_create_flywheel.html:101:1 (comprehend_create_flywheel.Rd:47): Warning: missing </ul> before </div> comprehend_delete_document_classifier.html:48:1 (comprehend_delete_document_classifier.Rd:10): Warning: missing </ul> before </div> comprehend_delete_endpoint.html:48:1 (comprehend_delete_endpoint.Rd:10): Warning: missing </ul> before </div> comprehend_delete_entity_recognizer.html:48:1 (comprehend_delete_entity_recognizer.Rd:10): Warning: missing </ul> before </div> comprehend_delete_flywheel.html:48:1 (comprehend_delete_flywheel.Rd:10): Warning: missing </ul> before </div> comprehend_delete_resource_policy.html:53:1 (comprehend_delete_resource_policy.Rd:13): Warning: missing </ul> before </div> comprehend_describe_dataset.html:48:1 (comprehend_describe_dataset.Rd:10): Warning: missing </ul> before </div> comprehend_describe_document_classification_job.html:50:1 (comprehend_describe_document_classification_job.Rd:12): Warning: missing </ul> before </div> comprehend_describe_document_classifier.html:51:1 (comprehend_describe_document_classifier.Rd:13): Warning: missing </ul> before </div> comprehend_describe_dominant_language_detection_job.html:50:1 (comprehend_describe_dominant_language_detection_job.Rd:12): Warning: missing </ul> before </div> comprehend_describe_endpoint.html:48:1 (comprehend_describe_endpoint.Rd:10): Warning: missing </ul> before </div> comprehend_describe_entities_detection_job.html:50:1 (comprehend_describe_entities_detection_job.Rd:12): Warning: missing </ul> before </div> comprehend_describe_entity_recognizer.html:49:1 (comprehend_describe_entity_recognizer.Rd:11): Warning: missing </ul> before </div> comprehend_describe_events_detection_job.html:48:1 (comprehend_describe_events_detection_job.Rd:10): Warning: missing </ul> before </div> comprehend_describe_flywheel.html:48:1 (comprehend_describe_flywheel.Rd:10): Warning: missing </ul> before </div> comprehend_describe_flywheel_iteration.html:52:1 (comprehend_describe_flywheel_iteration.Rd:12): Warning: missing </ul> before </div> comprehend_describe_key_phrases_detection_job.html:50:1 (comprehend_describe_key_phrases_detection_job.Rd:12): Warning: missing </ul> before </div> comprehend_describe_pii_entities_detection_job.html:49:1 (comprehend_describe_pii_entities_detection_job.Rd:11): Warning: missing </ul> before </div> comprehend_describe_resource_policy.html:50:1 (comprehend_describe_resource_policy.Rd:12): Warning: missing </ul> before </div> comprehend_describe_sentiment_detection_job.html:49:1 (comprehend_describe_sentiment_detection_job.Rd:11): Warning: missing </ul> before </div> comprehend_describe_targeted_sentiment_detection_job.html:50:1 (comprehend_describe_targeted_sentiment_detection_job.Rd:12): Warning: missing </ul> before </div> comprehend_describe_topics_detection_job.html:48:1 (comprehend_describe_topics_detection_job.Rd:10): Warning: missing </ul> before </div> comprehend_detect_dominant_language.html:49:1 (comprehend_detect_dominant_language.Rd:11): Warning: missing </ul> before </div> comprehend_detect_entities.html:107:1 (comprehend_detect_entities.Rd:61): Warning: missing </ul> before </div> comprehend_detect_key_phrases.html:55:1 (comprehend_detect_key_phrases.Rd:15): Warning: missing </ul> before </div> comprehend_detect_pii_entities.html:54:1 (comprehend_detect_pii_entities.Rd:14): Warning: missing </ul> before </div> comprehend_detect_sentiment.html:55:1 (comprehend_detect_sentiment.Rd:15): Warning: missing </ul> before </div> comprehend_detect_syntax.html:55:1 (comprehend_detect_syntax.Rd:15): Warning: missing </ul> before </div> comprehend_detect_targeted_sentiment.html:54:1 (comprehend_detect_targeted_sentiment.Rd:14): Warning: missing </ul> before </div> comprehend_detect_toxic_content.html:55:1 (comprehend_detect_toxic_content.Rd:15): Warning: missing </ul> before </div> comprehend_import_model.html:97:1 (comprehend_import_model.Rd:44): Warning: missing </ul> before </div> comprehend_list_datasets.html:65:1 (comprehend_list_datasets.Rd:21): Warning: missing </ul> before </div> comprehend_list_document_classification_jobs.html:64:1 (comprehend_list_document_classification_jobs.Rd:22): Warning: missing </ul> before </div> comprehend_list_document_classifier_summaries.html:57:1 (comprehend_list_document_classifier_summaries.Rd:17): Warning: missing </ul> before </div> comprehend_list_document_classifiers.html:63:1 (comprehend_list_document_classifiers.Rd:21): Warning: missing </ul> before </div> comprehend_list_dominant_language_detection_jobs.html:64:1 (comprehend_list_dominant_language_detection_jobs.Rd:22): Warning: missing </ul> before </div> comprehend_list_endpoints.html:59:1 (comprehend_list_endpoints.Rd:17): Warning: missing </ul> before </div> comprehend_list_entities_detection_jobs.html:63:1 (comprehend_list_entities_detection_jobs.Rd:21): Warning: missing </ul> before </div> comprehend_list_entity_recognizer_summaries.html:57:1 (comprehend_list_entity_recognizer_summaries.Rd:17): Warning: missing </ul> before </div> comprehend_list_entity_recognizers.html:64:1 (comprehend_list_entity_recognizers.Rd:22): Warning: missing </ul> before </div> comprehend_list_events_detection_jobs.html:62:1 (comprehend_list_events_detection_jobs.Rd:20): Warning: missing </ul> before </div> comprehend_list_flywheel_iteration_history.html:65:1 (comprehend_list_flywheel_iteration_history.Rd:21): Warning: missing </ul> before </div> comprehend_list_flywheels.html:58:1 (comprehend_list_flywheels.Rd:16): Warning: missing </ul> before </div> comprehend_list_key_phrases_detection_jobs.html:63:1 (comprehend_list_key_phrases_detection_jobs.Rd:21): Warning: missing </ul> before </div> comprehend_list_pii_entities_detection_jobs.html:62:1 (comprehend_list_pii_entities_detection_jobs.Rd:20): Warning: missing </ul> before </div> comprehend_list_sentiment_detection_jobs.html:63:1 (comprehend_list_sentiment_detection_jobs.Rd:21): Warning: missing </ul> before </div> comprehend_list_tags_for_resource.html:49:1 (comprehend_list_tags_for_resource.Rd:11): Warning: missing </ul> before </div> comprehend_list_targeted_sentiment_detection_jobs.html:63:1 (comprehend_list_targeted_sentiment_detection_jobs.Rd:21): Warning: missing </ul> before </div> comprehend_list_topics_detection_jobs.html:63:1 (comprehend_list_topics_detection_jobs.Rd:21): Warning: missing </ul> before </div> comprehend_put_resource_policy.html:75:1 (comprehend_put_resource_policy.Rd:33): Warning: missing </ul> before </div> comprehend_start_document_classification_job.html:118:1 (comprehend_start_document_classification_job.Rd:57): Warning: missing </ul> before </div> comprehend_start_dominant_language_detection_job.html:107:1 (comprehend_start_dominant_language_detection_job.Rd:50): Warning: missing </ul> before </div> comprehend_start_entities_detection_job.html:130:1 (comprehend_start_entities_detection_job.Rd:67): Warning: missing </ul> before </div> comprehend_start_events_detection_job.html:90:1 (comprehend_start_events_detection_job.Rd:38): Warning: missing </ul> before </div> comprehend_start_flywheel_iteration.html:53:1 (comprehend_start_flywheel_iteration.Rd:13): Warning: missing </ul> before </div> comprehend_start_key_phrases_detection_job.html:114:1 (comprehend_start_key_phrases_detection_job.Rd:55): Warning: missing </ul> before </div> comprehend_start_pii_entities_detection_job.html:103:1 (comprehend_start_pii_entities_detection_job.Rd:49): Warning: missing </ul> before </div> comprehend_start_sentiment_detection_job.html:114:1 (comprehend_start_sentiment_detection_job.Rd:55): Warning: missing </ul> before </div> comprehend_start_targeted_sentiment_detection_job.html:109:1 (comprehend_start_targeted_sentiment_detection_job.Rd:51): Warning: missing </ul> before </div> comprehend_start_topics_detection_job.html:114:1 (comprehend_start_topics_detection_job.Rd:55): Warning: missing </ul> before </div> comprehend_stop_dominant_language_detection_job.html:48:1 (comprehend_stop_dominant_language_detection_job.Rd:10): Warning: missing </ul> before </div> comprehend_stop_entities_detection_job.html:48:1 (comprehend_stop_entities_detection_job.Rd:10): Warning: missing </ul> before </div> comprehend_stop_events_detection_job.html:48:1 (comprehend_stop_events_detection_job.Rd:10): Warning: missing </ul> before </div> comprehend_stop_key_phrases_detection_job.html:48:1 (comprehend_stop_key_phrases_detection_job.Rd:10): Warning: missing </ul> before </div> comprehend_stop_pii_entities_detection_job.html:48:1 (comprehend_stop_pii_entities_detection_job.Rd:10): Warning: missing </ul> before </div> comprehend_stop_sentiment_detection_job.html:48:1 (comprehend_stop_sentiment_detection_job.Rd:10): Warning: missing </ul> before </div> comprehend_stop_targeted_sentiment_detection_job.html:48:1 (comprehend_stop_targeted_sentiment_detection_job.Rd:10): Warning: missing </ul> before </div> comprehend_stop_training_document_classifier.html:49:1 (comprehend_stop_training_document_classifier.Rd:11): Warning: missing </ul> before </div> comprehend_stop_training_entity_recognizer.html:49:1 (comprehend_stop_training_entity_recognizer.Rd:11): Warning: missing </ul> before </div> comprehend_tag_resource.html:55:1 (comprehend_tag_resource.Rd:15): Warning: missing </ul> before </div> comprehend_untag_resource.html:56:1 (comprehend_untag_resource.Rd:16): Warning: missing </ul> before </div> comprehend_update_endpoint.html:73:1 (comprehend_update_endpoint.Rd:27): Warning: missing </ul> before </div> comprehend_update_flywheel.html:66:1 (comprehend_update_flywheel.Rd:22): Warning: missing </ul> before </div> comprehendmedical_describe_entities_detection_v2_job.html:50:1 (comprehendmedical_describe_entities_detection_v2_job.Rd:12): Warning: missing </ul> before </div> comprehendmedical_describe_icd10cm_inference_job.html:50:1 (comprehendmedical_describe_icd10cm_inference_job.Rd:12): Warning: missing </ul> before </div> comprehendmedical_describe_phi_detection_job.html:51:1 (comprehendmedical_describe_phi_detection_job.Rd:13): Warning: missing </ul> before </div> comprehendmedical_describe_rx_norm_inference_job.html:50:1 (comprehendmedical_describe_rx_norm_inference_job.Rd:12): Warning: missing </ul> before </div> comprehendmedical_describe_snomedct_inference_job.html:50:1 (comprehendmedical_describe_snomedct_inference_job.Rd:12): Warning: missing </ul> before </div> comprehendmedical_detect_entities.html:49:1 (comprehendmedical_detect_entities.Rd:11): Warning: missing </ul> before </div> comprehendmedical_detect_entities_v2.html:51:1 (comprehendmedical_detect_entities_v2.Rd:13): Warning: missing </ul> before </div> comprehendmedical_detect_phi.html:51:1 (comprehendmedical_detect_phi.Rd:13): Warning: missing </ul> before </div> comprehendmedical_infer_icd10cm.html:50:1 (comprehendmedical_infer_icd10cm.Rd:12): Warning: missing </ul> before </div> comprehendmedical_infer_rx_norm.html:50:1 (comprehendmedical_infer_rx_norm.Rd:12): Warning: missing </ul> before </div> comprehendmedical_infer_snomedct.html:50:1 (comprehendmedical_infer_snomedct.Rd:12): Warning: missing </ul> before </div> comprehendmedical_list_entities_detection_v2_jobs.html:63:1 (comprehendmedical_list_entities_detection_v2_jobs.Rd:21): Warning: missing </ul> before </div> comprehendmedical_list_icd10cm_inference_jobs.html:63:1 (comprehendmedical_list_icd10cm_inference_jobs.Rd:21): Warning: missing </ul> before </div> comprehendmedical_list_phi_detection_jobs.html:64:1 (comprehendmedical_list_phi_detection_jobs.Rd:22): Warning: missing </ul> before </div> comprehendmedical_list_rx_norm_inference_jobs.html:62:1 (comprehendmedical_list_rx_norm_inference_jobs.Rd:20): Warning: missing </ul> before </div> comprehendmedical_list_snomedct_inference_jobs.html:60:1 (comprehendmedical_list_snomedct_inference_jobs.Rd:19): Warning: missing </ul> before </div> comprehendmedical_start_entities_detection_v2_job.html:87:1 (comprehendmedical_start_entities_detection_v2_job.Rd:37): Warning: missing </ul> before </div> comprehendmedical_start_icd10cm_inference_job.html:86:1 (comprehendmedical_start_icd10cm_inference_job.Rd:36): Warning: missing </ul> before </div> comprehendmedical_start_phi_detection_job.html:85:1 (comprehendmedical_start_phi_detection_job.Rd:35): Warning: missing </ul> before </div> comprehendmedical_start_rx_norm_inference_job.html:86:1 (comprehendmedical_start_rx_norm_inference_job.Rd:36): Warning: missing </ul> before </div> comprehendmedical_start_snomedct_inference_job.html:86:1 (comprehendmedical_start_snomedct_inference_job.Rd:36): Warning: missing </ul> before </div> comprehendmedical_stop_entities_detection_v2_job.html:48:1 (comprehendmedical_stop_entities_detection_v2_job.Rd:10): Warning: missing </ul> before </div> comprehendmedical_stop_icd10cm_inference_job.html:48:1 (comprehendmedical_stop_icd10cm_inference_job.Rd:10): Warning: missing </ul> before </div> comprehendmedical_stop_phi_detection_job.html:48:1 (comprehendmedical_stop_phi_detection_job.Rd:10): Warning: missing </ul> before </div> comprehendmedical_stop_rx_norm_inference_job.html:48:1 (comprehendmedical_stop_rx_norm_inference_job.Rd:10): Warning: missing </ul> before </div> comprehendmedical_stop_snomedct_inference_job.html:48:1 (comprehendmedical_stop_snomedct_inference_job.Rd:10): Warning: missing </ul> before </div> forecastqueryservice_query_forecast.html:85:1 (forecastqueryservice_query_forecast.Rd:39): Warning: missing </ul> before </div> forecastqueryservice_query_what_if_forecast.html:84:1 (forecastqueryservice_query_what_if_forecast.Rd:38): Warning: missing </ul> before </div> forecastservice_create_auto_predictor.html:215:1 (forecastservice_create_auto_predictor.Rd:128): Warning: missing </ul> before </div> forecastservice_create_dataset.html:168:1 (forecastservice_create_dataset.Rd:90): Warning: missing </ul> before </div> forecastservice_create_dataset_group.html:115:1 (forecastservice_create_dataset_group.Rd:56): Warning: missing </ul> before </div> forecastservice_create_dataset_import_job.html:187:1 (forecastservice_create_dataset_import_job.Rd:106): Warning: missing </ul> before </div> forecastservice_create_explainability.html:134:1 (forecastservice_create_explainability.Rd:69): Warning: missing </ul> before </div> forecastservice_create_explainability_export.html:105:1 (forecastservice_create_explainability_export.Rd:46): Warning: missing </ul> before </div> forecastservice_create_forecast.html:134:1 (forecastservice_create_forecast.Rd:66): Warning: missing </ul> before </div> forecastservice_create_forecast_export_job.html:117:1 (forecastservice_create_forecast_export_job.Rd:56): Warning: missing </ul> before </div> forecastservice_create_monitor.html:58:1 (forecastservice_create_monitor.Rd:16): Warning: missing </ul> before </div> forecastservice_create_predictor.html:252:1 (forecastservice_create_predictor.Rd:153): Warning: missing </ul> before </div> forecastservice_create_predictor_backtest_export_job.html:106:1 (forecastservice_create_predictor_backtest_export_job.Rd:47): Warning: missing </ul> before </div> forecastservice_create_what_if_analysis.html:85:1 (forecastservice_create_what_if_analysis.Rd:34): Warning: missing </ul> before </div> forecastservice_create_what_if_forecast.html:92:1 (forecastservice_create_what_if_forecast.Rd:46): Warning: missing </ul> before </div> forecastservice_create_what_if_forecast_export.html:79:1 (forecastservice_create_what_if_forecast_export.Rd:33): Warning: missing </ul> before </div> forecastservice_delete_dataset.html:49:1 (forecastservice_delete_dataset.Rd:11): Warning: missing </ul> before </div> forecastservice_delete_dataset_group.html:48:1 (forecastservice_delete_dataset_group.Rd:10): Warning: missing </ul> before </div> forecastservice_delete_dataset_import_job.html:49:1 (forecastservice_delete_dataset_import_job.Rd:11): Warning: missing </ul> before </div> forecastservice_delete_explainability.html:48:1 (forecastservice_delete_explainability.Rd:10): Warning: missing </ul> before </div> forecastservice_delete_explainability_export.html:48:1 (forecastservice_delete_explainability_export.Rd:10): Warning: missing </ul> before </div> forecastservice_delete_forecast.html:48:1 (forecastservice_delete_forecast.Rd:10): Warning: missing </ul> before </div> forecastservice_delete_forecast_export_job.html:49:1 (forecastservice_delete_forecast_export_job.Rd:11): Warning: missing </ul> before </div> forecastservice_delete_monitor.html:48:1 (forecastservice_delete_monitor.Rd:10): Warning: missing </ul> before </div> forecastservice_delete_predictor.html:49:1 (forecastservice_delete_predictor.Rd:11): Warning: missing </ul> before </div> forecastservice_delete_predictor_backtest_export_job.html:51:1 (forecastservice_delete_predictor_backtest_export_job.Rd:13): Warning: missing </ul> before </div> forecastservice_delete_resource_tree.html:49:1 (forecastservice_delete_resource_tree.Rd:11): Warning: missing </ul> before </div> forecastservice_delete_what_if_analysis.html:50:1 (forecastservice_delete_what_if_analysis.Rd:12): Warning: missing </ul> before </div> forecastservice_delete_what_if_forecast.html:50:1 (forecastservice_delete_what_if_forecast.Rd:12): Warning: missing </ul> before </div> forecastservice_delete_what_if_forecast_export.html:50:1 (forecastservice_delete_what_if_forecast_export.Rd:12): Warning: missing </ul> before </div> forecastservice_describe_auto_predictor.html:48:1 (forecastservice_describe_auto_predictor.Rd:10): Warning: missing </ul> before </div> forecastservice_describe_dataset.html:49:1 (forecastservice_describe_dataset.Rd:11): Warning: missing </ul> before </div> forecastservice_describe_dataset_group.html:48:1 (forecastservice_describe_dataset_group.Rd:10): Warning: missing </ul> before </div> forecastservice_describe_dataset_import_job.html:49:1 (forecastservice_describe_dataset_import_job.Rd:11): Warning: missing </ul> before </div> forecastservice_describe_explainability.html:49:1 (forecastservice_describe_explainability.Rd:11): Warning: missing </ul> before </div> forecastservice_describe_explainability_export.html:49:1 (forecastservice_describe_explainability_export.Rd:11): Warning: missing </ul> before </div> forecastservice_describe_forecast.html:48:1 (forecastservice_describe_forecast.Rd:10): Warning: missing </ul> before </div> forecastservice_describe_forecast_export_job.html:49:1 (forecastservice_describe_forecast_export_job.Rd:11): Warning: missing </ul> before </div> forecastservice_describe_monitor.html:48:1 (forecastservice_describe_monitor.Rd:10): Warning: missing </ul> before </div> forecastservice_describe_predictor.html:50:1 (forecastservice_describe_predictor.Rd:12): Warning: missing </ul> before </div> forecastservice_describe_predictor_backtest_export_job.html:51:1 (forecastservice_describe_predictor_backtest_export_job.Rd:13): Warning: missing </ul> before </div> forecastservice_describe_what_if_analysis.html:50:1 (forecastservice_describe_what_if_analysis.Rd:12): Warning: missing </ul> before </div> forecastservice_describe_what_if_forecast.html:50:1 (forecastservice_describe_what_if_forecast.Rd:12): Warning: missing </ul> before </div> forecastservice_describe_what_if_forecast_export.html:50:1 (forecastservice_describe_what_if_forecast_export.Rd:12): Warning: missing </ul> before </div> forecastservice_get_accuracy_metrics.html:49:1 (forecastservice_get_accuracy_metrics.Rd:11): Warning: missing </ul> before </div> forecastservice_list_dataset_groups.html:55:1 (forecastservice_list_dataset_groups.Rd:15): Warning: missing </ul> before </div> forecastservice_list_dataset_import_jobs.html:89:1 (forecastservice_list_dataset_import_jobs.Rd:40): Warning: missing </ul> before </div> forecastservice_list_datasets.html:54:1 (forecastservice_list_datasets.Rd:14): Warning: missing </ul> before </div> forecastservice_list_explainabilities.html:82:1 (forecastservice_list_explainabilities.Rd:33): Warning: missing </ul> before </div> forecastservice_list_explainability_exports.html:82:1 (forecastservice_list_explainability_exports.Rd:33): Warning: missing </ul> before </div> forecastservice_list_forecast_export_jobs.html:90:1 (forecastservice_list_forecast_export_jobs.Rd:41): Warning: missing </ul> before </div> forecastservice_list_forecasts.html:88:1 (forecastservice_list_forecasts.Rd:39): Warning: missing </ul> before </div> forecastservice_list_monitor_evaluations.html:94:1 (forecastservice_list_monitor_evaluations.Rd:43): Warning: missing </ul> before </div> forecastservice_list_monitors.html:87:1 (forecastservice_list_monitors.Rd:38): Warning: missing </ul> before </div> forecastservice_list_predictor_backtest_export_jobs.html:85:1 (forecastservice_list_predictor_backtest_export_jobs.Rd:36): Warning: missing </ul> before </div> forecastservice_list_predictors.html:89:1 (forecastservice_list_predictors.Rd:40): Warning: missing </ul> before </div> forecastservice_list_tags_for_resource.html:49:1 (forecastservice_list_tags_for_resource.Rd:11): Warning: missing </ul> before </div> forecastservice_list_what_if_analyses.html:90:1 (forecastservice_list_what_if_analyses.Rd:41): Warning: missing </ul> before </div> forecastservice_list_what_if_forecast_exports.html:90:1 (forecastservice_list_what_if_forecast_exports.Rd:41): Warning: missing </ul> before </div> forecastservice_list_what_if_forecasts.html:90:1 (forecastservice_list_what_if_forecasts.Rd:41): Warning: missing </ul> before </div> forecastservice_resume_resource.html:48:1 (forecastservice_resume_resource.Rd:10): Warning: missing </ul> before </div> forecastservice_stop_resource.html:51:1 (forecastservice_stop_resource.Rd:13): Warning: missing </ul> before </div> forecastservice_tag_resource.html:91:1 (forecastservice_tag_resource.Rd:36): Warning: missing </ul> before </div> forecastservice_untag_resource.html:53:1 (forecastservice_untag_resource.Rd:13): Warning: missing </ul> before </div> forecastservice_update_dataset_group.html:53:1 (forecastservice_update_dataset_group.Rd:13): Warning: missing </ul> before </div> frauddetector_batch_create_variable.html:52:1 (frauddetector_batch_create_variable.Rd:12): Warning: missing </ul> before </div> frauddetector_batch_get_variable.html:48:1 (frauddetector_batch_get_variable.Rd:10): Warning: missing </ul> before </div> frauddetector_cancel_batch_import_job.html:51:1 (frauddetector_cancel_batch_import_job.Rd:13): Warning: missing </ul> before </div> frauddetector_cancel_batch_prediction_job.html:48:1 (frauddetector_cancel_batch_prediction_job.Rd:10): Warning: missing </ul> before </div> frauddetector_create_batch_import_job.html:82:1 (frauddetector_create_batch_import_job.Rd:34): Warning: missing </ul> before </div> frauddetector_create_batch_prediction_job.html:90:1 (frauddetector_create_batch_prediction_job.Rd:38): Warning: missing </ul> before </div> frauddetector_create_detector_version.html:92:1 (frauddetector_create_detector_version.Rd:42): Warning: missing </ul> before </div> frauddetector_create_list.html:73:1 (frauddetector_create_list.Rd:27): Warning: missing </ul> before </div> frauddetector_create_model.html:70:1 (frauddetector_create_model.Rd:24): Warning: missing </ul> before </div> frauddetector_create_model_version.html:83:1 (frauddetector_create_model_version.Rd:33): Warning: missing </ul> before </div> frauddetector_create_rule.html:80:1 (frauddetector_create_rule.Rd:30): Warning: missing </ul> before </div> frauddetector_create_variable.html:83:1 (frauddetector_create_variable.Rd:33): Warning: missing </ul> before </div> frauddetector_delete_batch_import_job.html:48:1 (frauddetector_delete_batch_import_job.Rd:10): Warning: missing </ul> before </div> frauddetector_delete_batch_prediction_job.html:48:1 (frauddetector_delete_batch_prediction_job.Rd:10): Warning: missing </ul> before </div> frauddetector_delete_detector.html:48:1 (frauddetector_delete_detector.Rd:10): Warning: missing </ul> before </div> frauddetector_delete_detector_version.html:52:1 (frauddetector_delete_detector_version.Rd:12): Warning: missing </ul> before </div> frauddetector_delete_entity_type.html:48:1 (frauddetector_delete_entity_type.Rd:10): Warning: missing </ul> before </div> frauddetector_delete_event.html:57:1 (frauddetector_delete_event.Rd:15): Warning: missing </ul> before </div> frauddetector_delete_event_type.html:48:1 (frauddetector_delete_event_type.Rd:10): Warning: missing </ul> before </div> frauddetector_delete_events_by_event_type.html:48:1 (frauddetector_delete_events_by_event_type.Rd:10): Warning: missing </ul> before </div> frauddetector_delete_external_model.html:48:1 (frauddetector_delete_external_model.Rd:10): Warning: missing </ul> before </div> frauddetector_delete_label.html:48:1 (frauddetector_delete_label.Rd:10): Warning: missing </ul> before </div> frauddetector_delete_list.html:48:1 (frauddetector_delete_list.Rd:10): Warning: missing </ul> before </div> frauddetector_delete_model.html:52:1 (frauddetector_delete_model.Rd:12): Warning: missing </ul> before </div> frauddetector_delete_model_version.html:56:1 (frauddetector_delete_model_version.Rd:14): Warning: missing </ul> before </div> frauddetector_delete_outcome.html:48:1 (frauddetector_delete_outcome.Rd:10): Warning: missing </ul> before </div> frauddetector_delete_rule.html:48:1 (frauddetector_delete_rule.Rd:10): Warning: missing </ul> before </div> frauddetector_delete_variable.html:48:1 (frauddetector_delete_variable.Rd:10): Warning: missing </ul> before </div> frauddetector_describe_detector.html:60:1 (frauddetector_describe_detector.Rd:18): Warning: missing </ul> before </div> frauddetector_describe_model_versions.html:71:1 (frauddetector_describe_model_versions.Rd:25): Warning: missing </ul> before </div> frauddetector_get_batch_import_jobs.html:60:1 (frauddetector_get_batch_import_jobs.Rd:18): Warning: missing </ul> before </div> frauddetector_get_batch_prediction_jobs.html:60:1 (frauddetector_get_batch_prediction_jobs.Rd:18): Warning: missing </ul> before </div> frauddetector_get_delete_events_by_event_type_status.html:48:1 (frauddetector_get_delete_events_by_event_type_status.Rd:10): Warning: missing </ul> before </div> frauddetector_get_detector_version.html:52:1 (frauddetector_get_detector_version.Rd:12): Warning: missing </ul> before </div> frauddetector_get_detectors.html:60:1 (frauddetector_get_detectors.Rd:18): Warning: missing </ul> before </div> frauddetector_get_entity_types.html:60:1 (frauddetector_get_entity_types.Rd:18): Warning: missing </ul> before </div> frauddetector_get_event.html:52:1 (frauddetector_get_event.Rd:12): Warning: missing </ul> before </div> frauddetector_get_event_prediction.html:112:1 (frauddetector_get_event_prediction.Rd:60): Warning: missing </ul> before </div> frauddetector_get_event_prediction_metadata.html:79:1 (frauddetector_get_event_prediction_metadata.Rd:33): Warning: missing </ul> before </div> frauddetector_get_event_types.html:56:1 (frauddetector_get_event_types.Rd:14): Warning: missing </ul> before </div> frauddetector_get_external_models.html:61:1 (frauddetector_get_external_models.Rd:19): Warning: missing </ul> before </div> frauddetector_get_labels.html:56:1 (frauddetector_get_labels.Rd:14): Warning: missing </ul> before </div> frauddetector_get_list_elements.html:56:1 (frauddetector_get_list_elements.Rd:14): Warning: missing </ul> before </div> frauddetector_get_lists_metadata.html:61:1 (frauddetector_get_lists_metadata.Rd:19): Warning: missing </ul> before </div> frauddetector_get_model_version.html:56:1 (frauddetector_get_model_version.Rd:14): Warning: missing </ul> before </div> frauddetector_get_models.html:65:1 (frauddetector_get_models.Rd:21): Warning: missing </ul> before </div> frauddetector_get_outcomes.html:56:1 (frauddetector_get_outcomes.Rd:14): Warning: missing </ul> before </div> frauddetector_get_rules.html:71:1 (frauddetector_get_rules.Rd:25): Warning: missing </ul> before </div> frauddetector_get_variables.html:56:1 (frauddetector_get_variables.Rd:14): Warning: missing </ul> before </div> frauddetector_list_event_predictions.html:82:1 (frauddetector_list_event_predictions.Rd:32): Warning: missing </ul> before </div> frauddetector_list_tags_for_resource.html:60:1 (frauddetector_list_tags_for_resource.Rd:18): Warning: missing </ul> before </div> frauddetector_put_detector.html:65:1 (frauddetector_put_detector.Rd:21): Warning: missing </ul> before </div> frauddetector_put_entity_type.html:56:1 (frauddetector_put_entity_type.Rd:14): Warning: missing </ul> before </div> frauddetector_put_event_type.html:88:1 (frauddetector_put_event_type.Rd:36): Warning: missing </ul> before </div> frauddetector_put_external_model.html:80:1 (frauddetector_put_external_model.Rd:30): Warning: missing </ul> before </div> frauddetector_put_kms_encryption_key.html:52:1 (frauddetector_put_kms_encryption_key.Rd:14): Warning: missing </ul> before </div> frauddetector_put_label.html:56:1 (frauddetector_put_label.Rd:14): Warning: missing </ul> before </div> frauddetector_put_outcome.html:56:1 (frauddetector_put_outcome.Rd:14): Warning: missing </ul> before </div> frauddetector_send_event.html:86:1 (frauddetector_send_event.Rd:36): Warning: missing </ul> before </div> frauddetector_tag_resource.html:52:1 (frauddetector_tag_resource.Rd:12): Warning: missing </ul> before </div> frauddetector_untag_resource.html:52:1 (frauddetector_untag_resource.Rd:12): Warning: missing </ul> before </div> frauddetector_update_detector_version.html:90:1 (frauddetector_update_detector_version.Rd:40): Warning: missing </ul> before </div> frauddetector_update_detector_version_metadata.html:60:1 (frauddetector_update_detector_version_metadata.Rd:18): Warning: missing </ul> before </div> frauddetector_update_detector_version_status.html:62:1 (frauddetector_update_detector_version_status.Rd:20): Warning: missing </ul> before </div> frauddetector_update_event_label.html:66:1 (frauddetector_update_event_label.Rd:22): Warning: missing </ul> before </div> frauddetector_update_list.html:90:1 (frauddetector_update_list.Rd:37): Warning: missing </ul> before </div> frauddetector_update_model.html:56:1 (frauddetector_update_model.Rd:14): Warning: missing </ul> before </div> frauddetector_update_model_version.html:77:1 (frauddetector_update_model_version.Rd:29): Warning: missing </ul> before </div> frauddetector_update_model_version_status.html:65:1 (frauddetector_update_model_version_status.Rd:21): Warning: missing </ul> before </div> frauddetector_update_rule_metadata.html:52:1 (frauddetector_update_rule_metadata.Rd:12): Warning: missing </ul> before </div> frauddetector_update_rule_version.html:75:1 (frauddetector_update_rule_version.Rd:27): Warning: missing </ul> before </div> frauddetector_update_variable.html:65:1 (frauddetector_update_variable.Rd:21): Warning: missing </ul> before </div> lexmodelbuildingservice_create_bot_version.html:57:1 (lexmodelbuildingservice_create_bot_version.Rd:17): Warning: missing </ul> before </div> lexmodelbuildingservice_create_intent_version.html:59:1 (lexmodelbuildingservice_create_intent_version.Rd:19): Warning: missing </ul> before </div> lexmodelbuildingservice_create_slot_type_version.html:59:1 (lexmodelbuildingservice_create_slot_type_version.Rd:19): Warning: missing </ul> before </div> lexmodelbuildingservice_delete_bot.html:48:1 (lexmodelbuildingservice_delete_bot.Rd:10): Warning: missing </ul> before </div> lexmodelbuildingservice_delete_bot_alias.html:52:1 (lexmodelbuildingservice_delete_bot_alias.Rd:12): Warning: missing </ul> before </div> lexmodelbuildingservice_delete_bot_channel_association.html:58:1 (lexmodelbuildingservice_delete_bot_channel_association.Rd:16): Warning: missing </ul> before </div> lexmodelbuildingservice_delete_bot_version.html:54:1 (lexmodelbuildingservice_delete_bot_version.Rd:14): Warning: missing </ul> before </div> lexmodelbuildingservice_delete_intent.html:48:1 (lexmodelbuildingservice_delete_intent.Rd:10): Warning: missing </ul> before </div> lexmodelbuildingservice_delete_intent_version.html:54:1 (lexmodelbuildingservice_delete_intent_version.Rd:14): Warning: missing </ul> before </div> lexmodelbuildingservice_delete_slot_type.html:48:1 (lexmodelbuildingservice_delete_slot_type.Rd:10): Warning: missing </ul> before </div> lexmodelbuildingservice_delete_slot_type_version.html:55:1 (lexmodelbuildingservice_delete_slot_type_version.Rd:15): Warning: missing </ul> before </div> lexmodelbuildingservice_delete_utterances.html:57:1 (lexmodelbuildingservice_delete_utterances.Rd:17): Warning: missing </ul> before </div> lexmodelbuildingservice_get_bot.html:52:1 (lexmodelbuildingservice_get_bot.Rd:12): Warning: missing </ul> before </div> lexmodelbuildingservice_get_bot_alias.html:52:1 (lexmodelbuildingservice_get_bot_alias.Rd:12): Warning: missing </ul> before </div> lexmodelbuildingservice_get_bot_aliases.html:71:1 (lexmodelbuildingservice_get_bot_aliases.Rd:27): Warning: missing </ul> before </div> lexmodelbuildingservice_get_bot_channel_association.html:59:1 (lexmodelbuildingservice_get_bot_channel_association.Rd:17): Warning: missing </ul> before </div> lexmodelbuildingservice_get_bot_channel_associations.html:78:1 (lexmodelbuildingservice_get_bot_channel_associations.Rd:32): Warning: missing </ul> before </div> lexmodelbuildingservice_get_bot_versions.html:64:1 (lexmodelbuildingservice_get_bot_versions.Rd:22): Warning: missing </ul> before </div> lexmodelbuildingservice_get_bots.html:66:1 (lexmodelbuildingservice_get_bots.Rd:24): Warning: missing </ul> before </div> lexmodelbuildingservice_get_builtin_intent.html:50:1 (lexmodelbuildingservice_get_builtin_intent.Rd:12): Warning: missing </ul> before </div> lexmodelbuildingservice_get_builtin_intents.html:73:1 (lexmodelbuildingservice_get_builtin_intents.Rd:29): Warning: missing </ul> before </div> lexmodelbuildingservice_get_builtin_slot_types.html:71:1 (lexmodelbuildingservice_get_builtin_slot_types.Rd:27): Warning: missing </ul> before </div> lexmodelbuildingservice_get_export.html:60:1 (lexmodelbuildingservice_get_export.Rd:16): Warning: missing </ul> before </div> lexmodelbuildingservice_get_import.html:49:1 (lexmodelbuildingservice_get_import.Rd:11): Warning: missing </ul> before </div> lexmodelbuildingservice_get_intent.html:52:1 (lexmodelbuildingservice_get_intent.Rd:12): Warning: missing </ul> before </div> lexmodelbuildingservice_get_intent_versions.html:64:1 (lexmodelbuildingservice_get_intent_versions.Rd:22): Warning: missing </ul> before </div> lexmodelbuildingservice_get_intents.html:66:1 (lexmodelbuildingservice_get_intents.Rd:24): Warning: missing </ul> before </div> lexmodelbuildingservice_get_migration.html:50:1 (lexmodelbuildingservice_get_migration.Rd:12): Warning: missing </ul> before </div> lexmodelbuildingservice_get_migrations.html:81:1 (lexmodelbuildingservice_get_migrations.Rd:33): Warning: missing </ul> before </div> lexmodelbuildingservice_get_slot_type.html:52:1 (lexmodelbuildingservice_get_slot_type.Rd:12): Warning: missing </ul> before </div> lexmodelbuildingservice_get_slot_type_versions.html:64:1 (lexmodelbuildingservice_get_slot_type_versions.Rd:22): Warning: missing </ul> before </div> lexmodelbuildingservice_get_slot_types.html:66:1 (lexmodelbuildingservice_get_slot_types.Rd:24): Warning: missing </ul> before </div> lexmodelbuildingservice_get_utterances_view.html:59:1 (lexmodelbuildingservice_get_utterances_view.Rd:17): Warning: missing </ul> before </div> lexmodelbuildingservice_list_tags_for_resource.html:49:1 (lexmodelbuildingservice_list_tags_for_resource.Rd:11): Warning: missing </ul> before </div> lexmodelbuildingservice_put_bot.html:332:1 (lexmodelbuildingservice_put_bot.Rd:230): Warning: missing </ul> before </div> lexmodelbuildingservice_put_bot_alias.html:94:1 (lexmodelbuildingservice_put_bot_alias.Rd:44): Warning: missing </ul> before </div> lexmodelbuildingservice_put_intent.html:226:1 (lexmodelbuildingservice_put_intent.Rd:149): Warning: missing </ul> before </div> lexmodelbuildingservice_put_slot_type.html:141:1 (lexmodelbuildingservice_put_slot_type.Rd:84): Warning: missing </ul> before </div> lexmodelbuildingservice_start_import.html:94:1 (lexmodelbuildingservice_start_import.Rd:42): Warning: missing </ul> before </div> lexmodelbuildingservice_start_migration.html:97:1 (lexmodelbuildingservice_start_migration.Rd:41): Warning: missing </ul> before </div> lexmodelbuildingservice_tag_resource.html:54:1 (lexmodelbuildingservice_tag_resource.Rd:14): Warning: missing </ul> before </div> lexmodelbuildingservice_untag_resource.html:53:1 (lexmodelbuildingservice_untag_resource.Rd:13): Warning: missing </ul> before </div> lexmodelsv2_batch_create_custom_vocabulary_item.html:71:1 (lexmodelsv2_batch_create_custom_vocabulary_item.Rd:27): Warning: missing </ul> before </div> lexmodelsv2_batch_delete_custom_vocabulary_item.html:71:1 (lexmodelsv2_batch_delete_custom_vocabulary_item.Rd:27): Warning: missing </ul> before </div> lexmodelsv2_batch_update_custom_vocabulary_item.html:71:1 (lexmodelsv2_batch_update_custom_vocabulary_item.Rd:27): Warning: missing </ul> before </div> lexmodelsv2_build_bot_locale.html:61:1 (lexmodelsv2_build_bot_locale.Rd:19): Warning: missing </ul> before </div> lexmodelsv2_create_bot.html:107:1 (lexmodelsv2_create_bot.Rd:53): Warning: missing </ul> before </div> lexmodelsv2_create_bot_alias.html:96:1 (lexmodelsv2_create_bot_alias.Rd:45): Warning: missing </ul> before </div> lexmodelsv2_create_bot_locale.html:110:1 (lexmodelsv2_create_bot_locale.Rd:52): Warning: missing </ul> before </div> lexmodelsv2_create_bot_replica.html:54:1 (lexmodelsv2_create_bot_replica.Rd:14): Warning: missing </ul> before </div> lexmodelsv2_create_bot_version.html:64:1 (lexmodelsv2_create_bot_version.Rd:22): Warning: missing </ul> before </div> lexmodelsv2_create_export.html:63:1 (lexmodelsv2_create_export.Rd:21): Warning: missing </ul> before </div> lexmodelsv2_create_intent.html:185:1 (lexmodelsv2_create_intent.Rd:117): Warning: missing </ul> before </div> lexmodelsv2_create_resource_policy.html:59:1 (lexmodelsv2_create_resource_policy.Rd:19): Warning: missing </ul> before </div> lexmodelsv2_create_resource_policy_statement.html:99:1 (lexmodelsv2_create_resource_policy_statement.Rd:49): Warning: missing </ul> before </div> lexmodelsv2_create_slot.html:117:1 (lexmodelsv2_create_slot.Rd:59): Warning: missing </ul> before </div> lexmodelsv2_create_slot_type.html:124:1 (lexmodelsv2_create_slot_type.Rd:63): Warning: missing </ul> before </div> lexmodelsv2_create_test_set_discrepancy_report.html:53:1 (lexmodelsv2_create_test_set_discrepancy_report.Rd:13): Warning: missing </ul> before </div> lexmodelsv2_delete_bot.html:56:1 (lexmodelsv2_delete_bot.Rd:16): Warning: missing </ul> before </div> lexmodelsv2_delete_bot_alias.html:60:1 (lexmodelsv2_delete_bot_alias.Rd:18): Warning: missing </ul> before </div> lexmodelsv2_delete_bot_locale.html:58:1 (lexmodelsv2_delete_bot_locale.Rd:16): Warning: missing </ul> before </div> lexmodelsv2_delete_bot_replica.html:53:1 (lexmodelsv2_delete_bot_replica.Rd:13): Warning: missing </ul> before </div> lexmodelsv2_delete_bot_version.html:64:1 (lexmodelsv2_delete_bot_version.Rd:22): Warning: missing </ul> before </div> lexmodelsv2_delete_custom_vocabulary.html:58:1 (lexmodelsv2_delete_custom_vocabulary.Rd:16): Warning: missing </ul> before </div> lexmodelsv2_delete_export.html:49:1 (lexmodelsv2_delete_export.Rd:11): Warning: missing </ul> before </div> lexmodelsv2_delete_import.html:48:1 (lexmodelsv2_delete_import.Rd:10): Warning: missing </ul> before </div> lexmodelsv2_delete_intent.html:62:1 (lexmodelsv2_delete_intent.Rd:18): Warning: missing </ul> before </div> lexmodelsv2_delete_resource_policy.html:57:1 (lexmodelsv2_delete_resource_policy.Rd:17): Warning: missing </ul> before </div> lexmodelsv2_delete_resource_policy_statement.html:66:1 (lexmodelsv2_delete_resource_policy_statement.Rd:24): Warning: missing </ul> before </div> lexmodelsv2_delete_slot.html:66:1 (lexmodelsv2_delete_slot.Rd:20): Warning: missing </ul> before </div> lexmodelsv2_delete_slot_type.html:76:1 (lexmodelsv2_delete_slot_type.Rd:30): Warning: missing </ul> before </div> lexmodelsv2_delete_test_set.html:48:1 (lexmodelsv2_delete_test_set.Rd:10): Warning: missing </ul> before </div> lexmodelsv2_delete_utterances.html:63:1 (lexmodelsv2_delete_utterances.Rd:21): Warning: missing </ul> before </div> lexmodelsv2_describe_bot.html:48:1 (lexmodelsv2_describe_bot.Rd:10): Warning: missing </ul> before </div> lexmodelsv2_describe_bot_alias.html:52:1 (lexmodelsv2_describe_bot_alias.Rd:12): Warning: missing </ul> before </div> lexmodelsv2_describe_bot_locale.html:57:1 (lexmodelsv2_describe_bot_locale.Rd:15): Warning: missing </ul> before </div> lexmodelsv2_describe_bot_recommendation.html:67:1 (lexmodelsv2_describe_bot_recommendation.Rd:23): Warning: missing </ul> before </div> lexmodelsv2_describe_bot_replica.html:52:1 (lexmodelsv2_describe_bot_replica.Rd:12): Warning: missing </ul> before </div> lexmodelsv2_describe_bot_resource_generation.html:68:1 (lexmodelsv2_describe_bot_resource_generation.Rd:24): Warning: missing </ul> before </div> lexmodelsv2_describe_bot_version.html:52:1 (lexmodelsv2_describe_bot_version.Rd:12): Warning: missing </ul> before </div> lexmodelsv2_describe_custom_vocabulary_metadata.html:57:1 (lexmodelsv2_describe_custom_vocabulary_metadata.Rd:15): Warning: missing </ul> before </div> lexmodelsv2_describe_export.html:48:1 (lexmodelsv2_describe_export.Rd:10): Warning: missing </ul> before </div> lexmodelsv2_describe_import.html:48:1 (lexmodelsv2_describe_import.Rd:10): Warning: missing </ul> before </div> lexmodelsv2_describe_intent.html:62:1 (lexmodelsv2_describe_intent.Rd:18): Warning: missing </ul> before </div> lexmodelsv2_describe_resource_policy.html:49:1 (lexmodelsv2_describe_resource_policy.Rd:11): Warning: missing </ul> before </div> lexmodelsv2_describe_slot.html:66:1 (lexmodelsv2_describe_slot.Rd:20): Warning: missing </ul> before </div> lexmodelsv2_describe_slot_type.html:62:1 (lexmodelsv2_describe_slot_type.Rd:18): Warning: missing </ul> before </div> lexmodelsv2_describe_test_execution.html:48:1 (lexmodelsv2_describe_test_execution.Rd:10): Warning: missing </ul> before </div> lexmodelsv2_describe_test_set.html:48:1 (lexmodelsv2_describe_test_set.Rd:10): Warning: missing </ul> before </div> lexmodelsv2_describe_test_set_discrepancy_report.html:48:1 (lexmodelsv2_describe_test_set_discrepancy_report.Rd:10): Warning: missing </ul> before </div> lexmodelsv2_describe_test_set_generation.html:48:1 (lexmodelsv2_describe_test_set_generation.Rd:10): Warning: missing </ul> before </div> lexmodelsv2_generate_bot_element.html:60:1 (lexmodelsv2_generate_bot_element.Rd:16): Warning: missing </ul> before </div> lexmodelsv2_get_test_execution_artifacts_url.html:49:1 (lexmodelsv2_get_test_execution_artifacts_url.Rd:11): Warning: missing </ul> before </div> lexmodelsv2_list_aggregated_utterances.html:105:1 (lexmodelsv2_list_aggregated_utterances.Rd:51): Warning: missing </ul> before </div> lexmodelsv2_list_bot_alias_replicas.html:69:1 (lexmodelsv2_list_bot_alias_replicas.Rd:25): Warning: missing </ul> before </div> lexmodelsv2_list_bot_aliases.html:62:1 (lexmodelsv2_list_bot_aliases.Rd:20): Warning: missing </ul> before </div> lexmodelsv2_list_bot_locales.html:84:1 (lexmodelsv2_list_bot_locales.Rd:36): Warning: missing </ul> before </div> lexmodelsv2_list_bot_recommendations.html:77:1 (lexmodelsv2_list_bot_recommendations.Rd:31): Warning: missing </ul> before </div> lexmodelsv2_list_bot_replicas.html:48:1 (lexmodelsv2_list_bot_replicas.Rd:10): Warning: missing </ul> before </div> lexmodelsv2_list_bot_resource_generations.html:80:1 (lexmodelsv2_list_bot_resource_generations.Rd:32): Warning: missing </ul> before </div> lexmodelsv2_list_bot_version_replicas.html:71:1 (lexmodelsv2_list_bot_version_replicas.Rd:25): Warning: missing </ul> before </div> lexmodelsv2_list_bot_versions.html:72:1 (lexmodelsv2_list_bot_versions.Rd:28): Warning: missing </ul> before </div> lexmodelsv2_list_bots.html:78:1 (lexmodelsv2_list_bots.Rd:34): Warning: missing </ul> before </div> lexmodelsv2_list_built_in_intents.html:76:1 (lexmodelsv2_list_built_in_intents.Rd:32): Warning: missing </ul> before </div> lexmodelsv2_list_built_in_slot_types.html:76:1 (lexmodelsv2_list_built_in_slot_types.Rd:32): Warning: missing </ul> before </div> lexmodelsv2_list_custom_vocabulary_items.html:75:1 (lexmodelsv2_list_custom_vocabulary_items.Rd:29): Warning: missing </ul> before </div> lexmodelsv2_list_exports.html:95:1 (lexmodelsv2_list_exports.Rd:45): Warning: missing </ul> before </div> lexmodelsv2_list_imports.html:95:1 (lexmodelsv2_list_imports.Rd:45): Warning: missing </ul> before </div> lexmodelsv2_list_intent_metrics.html:117:1 (lexmodelsv2_list_intent_metrics.Rd:58): Warning: missing </ul> before </div> lexmodelsv2_list_intent_paths.html:88:1 (lexmodelsv2_list_intent_paths.Rd:35): Warning: missing </ul> before </div> lexmodelsv2_list_intent_stage_metrics.html:117:1 (lexmodelsv2_list_intent_stage_metrics.Rd:58): Warning: missing </ul> before </div> lexmodelsv2_list_intents.html:97:1 (lexmodelsv2_list_intents.Rd:47): Warning: missing </ul> before </div> lexmodelsv2_list_recommended_intents.html:83:1 (lexmodelsv2_list_recommended_intents.Rd:35): Warning: missing </ul> before </div> lexmodelsv2_list_session_analytics_data.html:94:1 (lexmodelsv2_list_session_analytics_data.Rd:44): Warning: missing </ul> before </div> lexmodelsv2_list_session_metrics.html:118:1 (lexmodelsv2_list_session_metrics.Rd:59): Warning: missing </ul> before </div> lexmodelsv2_list_slot_types.html:93:1 (lexmodelsv2_list_slot_types.Rd:43): Warning: missing </ul> before </div> lexmodelsv2_list_slots.html:97:1 (lexmodelsv2_list_slots.Rd:45): Warning: missing </ul> before </div> lexmodelsv2_list_tags_for_resource.html:49:1 (lexmodelsv2_list_tags_for_resource.Rd:11): Warning: missing </ul> before </div> lexmodelsv2_list_test_execution_result_items.html:71:1 (lexmodelsv2_list_test_execution_result_items.Rd:27): Warning: missing </ul> before </div> lexmodelsv2_list_test_executions.html:65:1 (lexmodelsv2_list_test_executions.Rd:23): Warning: missing </ul> before </div> lexmodelsv2_list_test_set_records.html:65:1 (lexmodelsv2_list_test_set_records.Rd:23): Warning: missing </ul> before </div> lexmodelsv2_list_test_sets.html:61:1 (lexmodelsv2_list_test_sets.Rd:19): Warning: missing </ul> before </div> lexmodelsv2_list_utterance_analytics_data.html:96:1 (lexmodelsv2_list_utterance_analytics_data.Rd:46): Warning: missing </ul> before </div> lexmodelsv2_list_utterance_metrics.html:132:1 (lexmodelsv2_list_utterance_metrics.Rd:68): Warning: missing </ul> before </div> lexmodelsv2_search_associated_transcripts.html:96:1 (lexmodelsv2_search_associated_transcripts.Rd:44): Warning: missing </ul> before </div> lexmodelsv2_start_bot_recommendation.html:76:1 (lexmodelsv2_start_bot_recommendation.Rd:30): Warning: missing </ul> before </div> lexmodelsv2_start_bot_resource_generation.html:70:1 (lexmodelsv2_start_bot_resource_generation.Rd:26): Warning: missing </ul> before </div> lexmodelsv2_start_import.html:72:1 (lexmodelsv2_start_import.Rd:28): Warning: missing </ul> before </div> lexmodelsv2_start_test_execution.html:68:1 (lexmodelsv2_start_test_execution.Rd:24): Warning: missing </ul> before </div> lexmodelsv2_start_test_set_generation.html:80:1 (lexmodelsv2_start_test_set_generation.Rd:32): Warning: missing </ul> before </div> lexmodelsv2_stop_bot_recommendation.html:68:1 (lexmodelsv2_stop_bot_recommendation.Rd:24): Warning: missing </ul> before </div> lexmodelsv2_tag_resource.html:54:1 (lexmodelsv2_tag_resource.Rd:14): Warning: missing </ul> before </div> lexmodelsv2_untag_resource.html:53:1 (lexmodelsv2_untag_resource.Rd:13): Warning: missing </ul> before </div> lexmodelsv2_update_bot.html:97:1 (lexmodelsv2_update_bot.Rd:45): Warning: missing </ul> before </div> lexmodelsv2_update_bot_alias.html:85:1 (lexmodelsv2_update_bot_alias.Rd:34): Warning: missing </ul> before </div> lexmodelsv2_update_bot_locale.html:88:1 (lexmodelsv2_update_bot_locale.Rd:38): Warning: missing </ul> before </div> lexmodelsv2_update_bot_recommendation.html:75:1 (lexmodelsv2_update_bot_recommendation.Rd:29): Warning: missing </ul> before </div> lexmodelsv2_update_export.html:52:1 (lexmodelsv2_update_export.Rd:12): Warning: missing </ul> before </div> lexmodelsv2_update_intent.html:149:1 (lexmodelsv2_update_intent.Rd:77): Warning: missing </ul> before </div> lexmodelsv2_update_resource_policy.html:73:1 (lexmodelsv2_update_resource_policy.Rd:31): Warning: missing </ul> before </div> lexmodelsv2_update_slot.html:115:1 (lexmodelsv2_update_slot.Rd:55): Warning: missing </ul> before </div> lexmodelsv2_update_slot_type.html:104:1 (lexmodelsv2_update_slot_type.Rd:47): Warning: missing </ul> before </div> lexmodelsv2_update_test_set.html:56:1 (lexmodelsv2_update_test_set.Rd:14): Warning: missing </ul> before </div> lexruntimeservice_delete_session.html:56:1 (lexruntimeservice_delete_session.Rd:14): Warning: missing </ul> before </div> lexruntimeservice_get_session.html:70:1 (lexruntimeservice_get_session.Rd:26): Warning: missing </ul> before </div> lexruntimeservice_post_content.html:232:1 (lexruntimeservice_post_content.Rd:129): Warning: missing </ul> before </div> lexruntimeservice_post_text.html:125:1 (lexruntimeservice_post_text.Rd:66): Warning: missing </ul> before </div> lexruntimeservice_put_session.html:165:1 (lexruntimeservice_put_session.Rd:86): Warning: missing </ul> before </div> lexruntimev2_delete_session.html:60:1 (lexruntimev2_delete_session.Rd:16): Warning: missing </ul> before </div> lexruntimev2_get_session.html:60:1 (lexruntimev2_get_session.Rd:16): Warning: missing </ul> before </div> lexruntimev2_put_session.html:102:1 (lexruntimev2_put_session.Rd:47): Warning: missing </ul> before </div> lexruntimev2_recognize_text.html:84:1 (lexruntimev2_recognize_text.Rd:34): Warning: missing </ul> before </div> lexruntimev2_recognize_utterance.html:183:1 (lexruntimev2_recognize_utterance.Rd:89): Warning: missing </ul> before </div> lexruntimev2_start_conversation.html:79:1 (lexruntimev2_start_conversation.Rd:31): Warning: missing </ul> before </div> lookoutequipment_create_dataset.html:73:1 (lookoutequipment_create_dataset.Rd:27): Warning: missing </ul> before </div> lookoutequipment_create_inference_scheduler.html:118:1 (lookoutequipment_create_inference_scheduler.Rd:62): Warning: missing </ul> before </div> lookoutequipment_create_label.html:99:1 (lookoutequipment_create_label.Rd:47): Warning: missing </ul> before </div> lookoutequipment_create_label_group.html:76:1 (lookoutequipment_create_label_group.Rd:32): Warning: missing </ul> before </div> lookoutequipment_create_model.html:141:1 (lookoutequipment_create_model.Rd:75): Warning: missing </ul> before </div> lookoutequipment_create_retraining_scheduler.html:96:1 (lookoutequipment_create_retraining_scheduler.Rd:41): Warning: missing </ul> before </div> lookoutequipment_delete_dataset.html:48:1 (lookoutequipment_delete_dataset.Rd:10): Warning: missing </ul> before </div> lookoutequipment_delete_inference_scheduler.html:48:1 (lookoutequipment_delete_inference_scheduler.Rd:10): Warning: missing </ul> before </div> lookoutequipment_delete_label.html:54:1 (lookoutequipment_delete_label.Rd:14): Warning: missing </ul> before </div> lookoutequipment_delete_label_group.html:50:1 (lookoutequipment_delete_label_group.Rd:12): Warning: missing </ul> before </div> lookoutequipment_delete_model.html:49:1 (lookoutequipment_delete_model.Rd:11): Warning: missing </ul> before </div> lookoutequipment_delete_resource_policy.html:49:1 (lookoutequipment_delete_resource_policy.Rd:11): Warning: missing </ul> before </div> lookoutequipment_delete_retraining_scheduler.html:48:1 (lookoutequipment_delete_retraining_scheduler.Rd:10): Warning: missing </ul> before </div> lookoutequipment_describe_data_ingestion_job.html:49:1 (lookoutequipment_describe_data_ingestion_job.Rd:11): Warning: missing </ul> before </div> lookoutequipment_describe_dataset.html:49:1 (lookoutequipment_describe_dataset.Rd:11): Warning: missing </ul> before </div> lookoutequipment_describe_inference_scheduler.html:49:1 (lookoutequipment_describe_inference_scheduler.Rd:11): Warning: missing </ul> before </div> lookoutequipment_describe_label.html:52:1 (lookoutequipment_describe_label.Rd:12): Warning: missing </ul> before </div> lookoutequipment_describe_label_group.html:48:1 (lookoutequipment_describe_label_group.Rd:10): Warning: missing </ul> before </div> lookoutequipment_describe_model.html:50:1 (lookoutequipment_describe_model.Rd:12): Warning: missing </ul> before </div> lookoutequipment_describe_model_version.html:52:1 (lookoutequipment_describe_model_version.Rd:12): Warning: missing </ul> before </div> lookoutequipment_describe_resource_policy.html:49:1 (lookoutequipment_describe_resource_policy.Rd:11): Warning: missing </ul> before </div> lookoutequipment_describe_retraining_scheduler.html:49:1 (lookoutequipment_describe_retraining_scheduler.Rd:11): Warning: missing </ul> before </div> lookoutequipment_import_dataset.html:75:1 (lookoutequipment_import_dataset.Rd:29): Warning: missing </ul> before </div> lookoutequipment_import_model_version.html:110:1 (lookoutequipment_import_model_version.Rd:50): Warning: missing </ul> before </div> lookoutequipment_list_data_ingestion_jobs.html:67:1 (lookoutequipment_list_data_ingestion_jobs.Rd:23): Warning: missing </ul> before </div> lookoutequipment_list_datasets.html:62:1 (lookoutequipment_list_datasets.Rd:20): Warning: missing </ul> before </div> lookoutequipment_list_inference_events.html:74:1 (lookoutequipment_list_inference_events.Rd:28): Warning: missing </ul> before </div> lookoutequipment_list_inference_executions.html:79:1 (lookoutequipment_list_inference_executions.Rd:31): Warning: missing </ul> before </div> lookoutequipment_list_inference_schedulers.html:73:1 (lookoutequipment_list_inference_schedulers.Rd:27): Warning: missing </ul> before </div> lookoutequipment_list_label_groups.html:61:1 (lookoutequipment_list_label_groups.Rd:19): Warning: missing </ul> before </div> lookoutequipment_list_labels.html:82:1 (lookoutequipment_list_labels.Rd:32): Warning: missing </ul> before </div> lookoutequipment_list_model_versions.html:97:1 (lookoutequipment_list_model_versions.Rd:43): Warning: missing </ul> before </div> lookoutequipment_list_models.html:73:1 (lookoutequipment_list_models.Rd:27): Warning: missing </ul> before </div> lookoutequipment_list_retraining_schedulers.html:70:1 (lookoutequipment_list_retraining_schedulers.Rd:26): Warning: missing </ul> before </div> lookoutequipment_list_sensor_statistics.html:70:1 (lookoutequipment_list_sensor_statistics.Rd:26): Warning: missing </ul> before </div> lookoutequipment_list_tags_for_resource.html:51:1 (lookoutequipment_list_tags_for_resource.Rd:13): Warning: missing </ul> before </div> lookoutequipment_put_resource_policy.html:67:1 (lookoutequipment_put_resource_policy.Rd:23): Warning: missing </ul> before </div> lookoutequipment_start_data_ingestion_job.html:68:1 (lookoutequipment_start_data_ingestion_job.Rd:24): Warning: missing </ul> before </div> lookoutequipment_start_inference_scheduler.html:48:1 (lookoutequipment_start_inference_scheduler.Rd:10): Warning: missing </ul> before </div> lookoutequipment_start_retraining_scheduler.html:48:1 (lookoutequipment_start_retraining_scheduler.Rd:10): Warning: missing </ul> before </div> lookoutequipment_stop_inference_scheduler.html:48:1 (lookoutequipment_stop_inference_scheduler.Rd:10): Warning: missing </ul> before </div> lookoutequipment_stop_retraining_scheduler.html:48:1 (lookoutequipment_stop_retraining_scheduler.Rd:10): Warning: missing </ul> before </div> lookoutequipment_tag_resource.html:54:1 (lookoutequipment_tag_resource.Rd:14): Warning: missing </ul> before </div> lookoutequipment_untag_resource.html:53:1 (lookoutequipment_untag_resource.Rd:13): Warning: missing </ul> before </div> lookoutequipment_update_active_model_version.html:54:1 (lookoutequipment_update_active_model_version.Rd:14): Warning: missing </ul> before </div> lookoutequipment_update_inference_scheduler.html:92:1 (lookoutequipment_update_inference_scheduler.Rd:44): Warning: missing </ul> before </div> lookoutequipment_update_label_group.html:56:1 (lookoutequipment_update_label_group.Rd:16): Warning: missing </ul> before </div> lookoutequipment_update_model.html:66:1 (lookoutequipment_update_model.Rd:23): Warning: missing </ul> before </div> lookoutequipment_update_retraining_scheduler.html:90:1 (lookoutequipment_update_retraining_scheduler.Rd:37): Warning: missing </ul> before </div> lookoutmetrics_activate_anomaly_detector.html:48:1 (lookoutmetrics_activate_anomaly_detector.Rd:10): Warning: missing </ul> before </div> lookoutmetrics_back_test_anomaly_detector.html:48:1 (lookoutmetrics_back_test_anomaly_detector.Rd:10): Warning: missing </ul> before </div> lookoutmetrics_create_alert.html:83:1 (lookoutmetrics_create_alert.Rd:33): Warning: missing </ul> before </div> lookoutmetrics_create_anomaly_detector.html:72:1 (lookoutmetrics_create_anomaly_detector.Rd:26): Warning: missing </ul> before </div> lookoutmetrics_create_metric_set.html:110:1 (lookoutmetrics_create_metric_set.Rd:50): Warning: missing </ul> before </div> lookoutmetrics_deactivate_anomaly_detector.html:48:1 (lookoutmetrics_deactivate_anomaly_detector.Rd:10): Warning: missing </ul> before </div> lookoutmetrics_delete_alert.html:48:1 (lookoutmetrics_delete_alert.Rd:10): Warning: missing </ul> before </div> lookoutmetrics_delete_anomaly_detector.html:48:1 (lookoutmetrics_delete_anomaly_detector.Rd:10): Warning: missing </ul> before </div> lookoutmetrics_describe_alert.html:48:1 (lookoutmetrics_describe_alert.Rd:10): Warning: missing </ul> before </div> lookoutmetrics_describe_anomaly_detection_executions.html:67:1 (lookoutmetrics_describe_anomaly_detection_executions.Rd:23): Warning: missing </ul> before </div> lookoutmetrics_describe_anomaly_detector.html:48:1 (lookoutmetrics_describe_anomaly_detector.Rd:10): Warning: missing </ul> before </div> lookoutmetrics_describe_metric_set.html:48:1 (lookoutmetrics_describe_metric_set.Rd:10): Warning: missing </ul> before </div> lookoutmetrics_detect_metric_set_config.html:55:1 (lookoutmetrics_detect_metric_set_config.Rd:15): Warning: missing </ul> before </div> lookoutmetrics_get_anomaly_group.html:52:1 (lookoutmetrics_get_anomaly_group.Rd:12): Warning: missing </ul> before </div> lookoutmetrics_get_data_quality_metrics.html:56:1 (lookoutmetrics_get_data_quality_metrics.Rd:16): Warning: missing </ul> before </div> lookoutmetrics_get_feedback.html:66:1 (lookoutmetrics_get_feedback.Rd:22): Warning: missing </ul> before </div> lookoutmetrics_get_sample_data.html:48:1 (lookoutmetrics_get_sample_data.Rd:10): Warning: missing </ul> before </div> lookoutmetrics_list_alerts.html:62:1 (lookoutmetrics_list_alerts.Rd:20): Warning: missing </ul> before </div> lookoutmetrics_list_anomaly_detectors.html:54:1 (lookoutmetrics_list_anomaly_detectors.Rd:14): Warning: missing </ul> before </div> lookoutmetrics_list_anomaly_group_related_metrics.html:74:1 (lookoutmetrics_list_anomaly_group_related_metrics.Rd:28): Warning: missing </ul> before </div> lookoutmetrics_list_anomaly_group_summaries.html:66:1 (lookoutmetrics_list_anomaly_group_summaries.Rd:22): Warning: missing </ul> before </div> lookoutmetrics_list_anomaly_group_time_series.html:71:1 (lookoutmetrics_list_anomaly_group_time_series.Rd:25): Warning: missing </ul> before </div> lookoutmetrics_list_metric_sets.html:62:1 (lookoutmetrics_list_metric_sets.Rd:20): Warning: missing </ul> before </div> lookoutmetrics_list_tags_for_resource.html:48:1 (lookoutmetrics_list_tags_for_resource.Rd:10): Warning: missing </ul> before </div> lookoutmetrics_put_feedback.html:52:1 (lookoutmetrics_put_feedback.Rd:12): Warning: missing </ul> before </div> lookoutmetrics_tag_resource.html:53:1 (lookoutmetrics_tag_resource.Rd:13): Warning: missing </ul> before </div> lookoutmetrics_untag_resource.html:52:1 (lookoutmetrics_untag_resource.Rd:12): Warning: missing </ul> before </div> lookoutmetrics_update_alert.html:71:1 (lookoutmetrics_update_alert.Rd:25): Warning: missing </ul> before </div> lookoutmetrics_update_anomaly_detector.html:66:1 (lookoutmetrics_update_anomaly_detector.Rd:22): Warning: missing </ul> before </div> lookoutmetrics_update_metric_set.html:95:1 (lookoutmetrics_update_metric_set.Rd:42): Warning: missing </ul> before </div> machinelearning_add_tags.html:58:1 (machinelearning_add_tags.Rd:16): Warning: missing </ul> before </div> machinelearning_create_batch_prediction.html:79:1 (machinelearning_create_batch_prediction.Rd:33): Warning: missing </ul> before </div> machinelearning_create_data_source_from_rds.html:140:1 (machinelearning_create_data_source_from_rds.Rd:68): Warning: missing </ul> before </div> machinelearning_create_data_source_from_redshift.html:132:1 (machinelearning_create_data_source_from_redshift.Rd:61): Warning: missing </ul> before </div> machinelearning_create_data_source_from_s3.html:89:1 (machinelearning_create_data_source_from_s3.Rd:36): Warning: missing </ul> before </div> machinelearning_create_evaluation.html:69:1 (machinelearning_create_evaluation.Rd:25): Warning: missing </ul> before </div> machinelearning_create_ml_model.html:151:1 (machinelearning_create_ml_model.Rd:83): Warning: missing </ul> before </div> machinelearning_create_realtime_endpoint.html:48:1 (machinelearning_create_realtime_endpoint.Rd:10): Warning: missing </ul> before </div> machinelearning_delete_batch_prediction.html:48:1 (machinelearning_delete_batch_prediction.Rd:10): Warning: missing </ul> before </div> machinelearning_delete_data_source.html:48:1 (machinelearning_delete_data_source.Rd:10): Warning: missing </ul> before </div> machinelearning_delete_evaluation.html:48:1 (machinelearning_delete_evaluation.Rd:10): Warning: missing </ul> before </div> machinelearning_delete_ml_model.html:48:1 (machinelearning_delete_ml_model.Rd:10): Warning: missing </ul> before </div> machinelearning_delete_realtime_endpoint.html:48:1 (machinelearning_delete_realtime_endpoint.Rd:10): Warning: missing </ul> before </div> machinelearning_delete_tags.html:56:1 (machinelearning_delete_tags.Rd:14): Warning: missing </ul> before </div> machinelearning_describe_batch_predictions.html:175:1 (machinelearning_describe_batch_predictions.Rd:90): Warning: missing </ul> before </div> machinelearning_describe_data_sources.html:165:1 (machinelearning_describe_data_sources.Rd:84): Warning: missing </ul> before </div> machinelearning_describe_evaluations.html:174:1 (machinelearning_describe_evaluations.Rd:89): Warning: missing </ul> before </div> machinelearning_describe_ml_models.html:178:1 (machinelearning_describe_ml_models.Rd:89): Warning: missing </ul> before </div> machinelearning_describe_tags.html:52:1 (machinelearning_describe_tags.Rd:12): Warning: missing </ul> before </div> machinelearning_get_batch_prediction.html:49:1 (machinelearning_get_batch_prediction.Rd:11): Warning: missing </ul> before </div> machinelearning_get_data_source.html:59:1 (machinelearning_get_data_source.Rd:19): Warning: missing </ul> before </div> machinelearning_get_evaluation.html:51:1 (machinelearning_get_evaluation.Rd:13): Warning: missing </ul> before </div> machinelearning_get_ml_model.html:58:1 (machinelearning_get_ml_model.Rd:18): Warning: missing </ul> before </div> machinelearning_predict.html:56:1 (machinelearning_predict.Rd:14): Warning: missing </ul> before </div> machinelearning_update_batch_prediction.html:52:1 (machinelearning_update_batch_prediction.Rd:12): Warning: missing </ul> before </div> machinelearning_update_data_source.html:53:1 (machinelearning_update_data_source.Rd:13): Warning: missing </ul> before </div> machinelearning_update_evaluation.html:53:1 (machinelearning_update_evaluation.Rd:13): Warning: missing </ul> before </div> machinelearning_update_ml_model.html:66:1 (machinelearning_update_ml_model.Rd:24): Warning: missing </ul> before </div> panorama_create_application_instance.html:85:1 (panorama_create_application_instance.Rd:33): Warning: missing </ul> before </div> panorama_create_job_for_devices.html:56:1 (panorama_create_job_for_devices.Rd:14): Warning: missing </ul> before </div> panorama_create_node_from_template_job.html:80:1 (panorama_create_node_from_template_job.Rd:30): Warning: missing </ul> before </div> panorama_create_package.html:52:1 (panorama_create_package.Rd:12): Warning: missing </ul> before </div> panorama_create_package_import_job.html:70:1 (panorama_create_package_import_job.Rd:24): Warning: missing </ul> before </div> panorama_delete_device.html:48:1 (panorama_delete_device.Rd:10): Warning: missing </ul> before </div> panorama_delete_package.html:53:1 (panorama_delete_package.Rd:13): Warning: missing </ul> before </div> panorama_deregister_package_version.html:70:1 (panorama_deregister_package_version.Rd:24): Warning: missing </ul> before </div> panorama_describe_application_instance.html:48:1 (panorama_describe_application_instance.Rd:10): Warning: missing </ul> before </div> panorama_describe_application_instance_details.html:49:1 (panorama_describe_application_instance_details.Rd:11): Warning: missing </ul> before </div> panorama_describe_device.html:48:1 (panorama_describe_device.Rd:10): Warning: missing </ul> before </div> panorama_describe_device_job.html:48:1 (panorama_describe_device_job.Rd:10): Warning: missing </ul> before </div> panorama_describe_node.html:52:1 (panorama_describe_node.Rd:12): Warning: missing </ul> before </div> panorama_describe_node_from_template_job.html:48:1 (panorama_describe_node_from_template_job.Rd:10): Warning: missing </ul> before </div> panorama_describe_package.html:48:1 (panorama_describe_package.Rd:10): Warning: missing </ul> before </div> panorama_describe_package_import_job.html:48:1 (panorama_describe_package_import_job.Rd:10): Warning: missing </ul> before </div> panorama_describe_package_version.html:65:1 (panorama_describe_package_version.Rd:21): Warning: missing </ul> before </div> panorama_list_application_instance_dependencies.html:62:1 (panorama_list_application_instance_dependencies.Rd:20): Warning: missing </ul> before </div> panorama_list_application_instance_node_instances.html:61:1 (panorama_list_application_instance_node_instances.Rd:19): Warning: missing </ul> before </div> panorama_list_application_instances.html:67:1 (panorama_list_application_instances.Rd:23): Warning: missing </ul> before </div> panorama_list_devices.html:77:1 (panorama_list_devices.Rd:29): Warning: missing </ul> before </div> panorama_list_devices_jobs.html:61:1 (panorama_list_devices_jobs.Rd:19): Warning: missing </ul> before </div> panorama_list_node_from_template_jobs.html:54:1 (panorama_list_node_from_template_jobs.Rd:14): Warning: missing </ul> before </div> panorama_list_nodes.html:81:1 (panorama_list_nodes.Rd:31): Warning: missing </ul> before </div> panorama_list_package_import_jobs.html:54:1 (panorama_list_package_import_jobs.Rd:14): Warning: missing </ul> before </div> panorama_list_packages.html:53:1 (panorama_list_packages.Rd:13): Warning: missing </ul> before </div> panorama_list_tags_for_resource.html:48:1 (panorama_list_tags_for_resource.Rd:10): Warning: missing </ul> before </div> panorama_provision_device.html:65:1 (panorama_provision_device.Rd:21): Warning: missing </ul> before </div> panorama_register_package_version.html:70:1 (panorama_register_package_version.Rd:24): Warning: missing </ul> before </div> panorama_remove_application_instance.html:48:1 (panorama_remove_application_instance.Rd:10): Warning: missing </ul> before </div> panorama_signal_application_instance_node_instances.html:55:1 (panorama_signal_application_instance_node_instances.Rd:15): Warning: missing </ul> before </div> panorama_tag_resource.html:52:1 (panorama_tag_resource.Rd:12): Warning: missing </ul> before </div> panorama_untag_resource.html:52:1 (panorama_untag_resource.Rd:12): Warning: missing </ul> before </div> panorama_update_device_metadata.html:52:1 (panorama_update_device_metadata.Rd:12): Warning: missing </ul> before </div> personalize_create_batch_inference_job.html:114:1 (personalize_create_batch_inference_job.Rd:56): Warning: missing </ul> before </div> personalize_create_batch_segment_job.html:94:1 (personalize_create_batch_segment_job.Rd:42): Warning: missing </ul> before </div> personalize_create_campaign.html:88:1 (personalize_create_campaign.Rd:42): Warning: missing </ul> before </div> personalize_create_data_deletion_job.html:76:1 (personalize_create_data_deletion_job.Rd:30): Warning: missing </ul> before </div> personalize_create_dataset.html:94:1 (personalize_create_dataset.Rd:37): Warning: missing </ul> before </div> personalize_create_dataset_export_job.html:83:1 (personalize_create_dataset_export_job.Rd:35): Warning: missing </ul> before </div> personalize_create_dataset_group.html:79:1 (personalize_create_dataset_group.Rd:33): Warning: missing </ul> before </div> personalize_create_dataset_import_job.html:99:1 (personalize_create_dataset_import_job.Rd:44): Warning: missing </ul> before </div> personalize_create_event_tracker.html:60:1 (personalize_create_event_tracker.Rd:18): Warning: missing </ul> before </div> personalize_create_filter.html:65:1 (personalize_create_filter.Rd:21): Warning: missing </ul> before </div> personalize_create_metric_attribution.html:70:1 (personalize_create_metric_attribution.Rd:26): Warning: missing </ul> before </div> personalize_create_recommender.html:77:1 (personalize_create_recommender.Rd:31): Warning: missing </ul> before </div> personalize_create_schema.html:58:1 (personalize_create_schema.Rd:16): Warning: missing </ul> before </div> personalize_create_solution.html:136:1 (personalize_create_solution.Rd:82): Warning: missing </ul> before </div> personalize_create_solution_version.html:89:1 (personalize_create_solution_version.Rd:45): Warning: missing </ul> before </div> personalize_delete_campaign.html:48:1 (personalize_delete_campaign.Rd:10): Warning: missing </ul> before </div> personalize_delete_dataset.html:48:1 (personalize_delete_dataset.Rd:10): Warning: missing </ul> before </div> personalize_delete_dataset_group.html:48:1 (personalize_delete_dataset_group.Rd:10): Warning: missing </ul> before </div> personalize_delete_event_tracker.html:48:1 (personalize_delete_event_tracker.Rd:10): Warning: missing </ul> before </div> personalize_delete_filter.html:48:1 (personalize_delete_filter.Rd:10): Warning: missing </ul> before </div> personalize_delete_metric_attribution.html:48:1 (personalize_delete_metric_attribution.Rd:10): Warning: missing </ul> before </div> personalize_delete_recommender.html:48:1 (personalize_delete_recommender.Rd:10): Warning: missing </ul> before </div> personalize_delete_schema.html:48:1 (personalize_delete_schema.Rd:10): Warning: missing </ul> before </div> personalize_delete_solution.html:48:1 (personalize_delete_solution.Rd:10): Warning: missing </ul> before </div> personalize_describe_algorithm.html:48:1 (personalize_describe_algorithm.Rd:10): Warning: missing </ul> before </div> personalize_describe_batch_inference_job.html:50:1 (personalize_describe_batch_inference_job.Rd:12): Warning: missing </ul> before </div> personalize_describe_batch_segment_job.html:50:1 (personalize_describe_batch_segment_job.Rd:12): Warning: missing </ul> before </div> personalize_describe_campaign.html:48:1 (personalize_describe_campaign.Rd:10): Warning: missing </ul> before </div> personalize_describe_data_deletion_job.html:49:1 (personalize_describe_data_deletion_job.Rd:11): Warning: missing </ul> before </div> personalize_describe_dataset.html:48:1 (personalize_describe_dataset.Rd:10): Warning: missing </ul> before </div> personalize_describe_dataset_export_job.html:49:1 (personalize_describe_dataset_export_job.Rd:11): Warning: missing </ul> before </div> personalize_describe_dataset_group.html:48:1 (personalize_describe_dataset_group.Rd:10): Warning: missing </ul> before </div> personalize_describe_dataset_import_job.html:49:1 (personalize_describe_dataset_import_job.Rd:11): Warning: missing </ul> before </div> personalize_describe_event_tracker.html:48:1 (personalize_describe_event_tracker.Rd:10): Warning: missing </ul> before </div> personalize_describe_feature_transformation.html:49:1 (personalize_describe_feature_transformation.Rd:11): Warning: missing </ul> before </div> personalize_describe_filter.html:48:1 (personalize_describe_filter.Rd:10): Warning: missing </ul> before </div> personalize_describe_metric_attribution.html:48:1 (personalize_describe_metric_attribution.Rd:10): Warning: missing </ul> before </div> personalize_describe_recipe.html:48:1 (personalize_describe_recipe.Rd:10): Warning: missing </ul> before </div> personalize_describe_recommender.html:48:1 (personalize_describe_recommender.Rd:10): Warning: missing </ul> before </div> personalize_describe_schema.html:48:1 (personalize_describe_schema.Rd:10): Warning: missing </ul> before </div> personalize_describe_solution.html:48:1 (personalize_describe_solution.Rd:10): Warning: missing </ul> before </div> personalize_describe_solution_version.html:48:1 (personalize_describe_solution_version.Rd:10): Warning: missing </ul> before </div> personalize_get_solution_metrics.html:49:1 (personalize_get_solution_metrics.Rd:11): Warning: missing </ul> before </div> personalize_list_batch_inference_jobs.html:63:1 (personalize_list_batch_inference_jobs.Rd:21): Warning: missing </ul> before </div> personalize_list_batch_segment_jobs.html:63:1 (personalize_list_batch_segment_jobs.Rd:21): Warning: missing </ul> before </div> personalize_list_campaigns.html:64:1 (personalize_list_campaigns.Rd:22): Warning: missing </ul> before </div> personalize_list_data_deletion_jobs.html:64:1 (personalize_list_data_deletion_jobs.Rd:22): Warning: missing </ul> before </div> personalize_list_dataset_export_jobs.html:63:1 (personalize_list_dataset_export_jobs.Rd:21): Warning: missing </ul> before </div> personalize_list_dataset_groups.html:54:1 (personalize_list_dataset_groups.Rd:14): Warning: missing </ul> before </div> personalize_list_dataset_import_jobs.html:63:1 (personalize_list_dataset_import_jobs.Rd:21): Warning: missing </ul> before </div> personalize_list_datasets.html:63:1 (personalize_list_datasets.Rd:21): Warning: missing </ul> before </div> personalize_list_event_trackers.html:62:1 (personalize_list_event_trackers.Rd:20): Warning: missing </ul> before </div> personalize_list_filters.html:62:1 (personalize_list_filters.Rd:20): Warning: missing </ul> before </div> personalize_list_metric_attribution_metrics.html:62:1 (personalize_list_metric_attribution_metrics.Rd:20): Warning: missing </ul> before </div> personalize_list_metric_attributions.html:62:1 (personalize_list_metric_attributions.Rd:20): Warning: missing </ul> before </div> personalize_list_recipes.html:69:1 (personalize_list_recipes.Rd:25): Warning: missing </ul> before </div> personalize_list_recommenders.html:64:1 (personalize_list_recommenders.Rd:22): Warning: missing </ul> before </div> personalize_list_schemas.html:54:1 (personalize_list_schemas.Rd:14): Warning: missing </ul> before </div> personalize_list_solution_versions.html:62:1 (personalize_list_solution_versions.Rd:20): Warning: missing </ul> before </div> personalize_list_solutions.html:62:1 (personalize_list_solutions.Rd:20): Warning: missing </ul> before </div> personalize_list_tags_for_resource.html:48:1 (personalize_list_tags_for_resource.Rd:10): Warning: missing </ul> before </div> personalize_start_recommender.html:48:1 (personalize_start_recommender.Rd:10): Warning: missing </ul> before </div> personalize_stop_recommender.html:48:1 (personalize_stop_recommender.Rd:10): Warning: missing </ul> before </div> personalize_stop_solution_version_creation.html:50:1 (personalize_stop_solution_version_creation.Rd:12): Warning: missing </ul> before </div> personalize_tag_resource.html:52:1 (personalize_tag_resource.Rd:12): Warning: missing </ul> before </div> personalize_untag_resource.html:52:1 (personalize_untag_resource.Rd:12): Warning: missing </ul> before </div> personalize_update_campaign.html:81:1 (personalize_update_campaign.Rd:37): Warning: missing </ul> before </div> personalize_update_dataset.html:52:1 (personalize_update_dataset.Rd:12): Warning: missing </ul> before </div> personalize_update_metric_attribution.html:65:1 (personalize_update_metric_attribution.Rd:21): Warning: missing </ul> before </div> personalize_update_recommender.html:52:1 (personalize_update_recommender.Rd:12): Warning: missing </ul> before </div> personalize_update_solution.html:76:1 (personalize_update_solution.Rd:34): Warning: missing </ul> before </div> personalizeevents_put_action_interactions.html:54:1 (personalizeevents_put_action_interactions.Rd:14): Warning: missing </ul> before </div> personalizeevents_put_actions.html:53:1 (personalizeevents_put_actions.Rd:13): Warning: missing </ul> before </div> personalizeevents_put_events.html:66:1 (personalizeevents_put_events.Rd:22): Warning: missing </ul> before </div> personalizeevents_put_items.html:53:1 (personalizeevents_put_items.Rd:13): Warning: missing </ul> before </div> personalizeevents_put_users.html:53:1 (personalizeevents_put_users.Rd:13): Warning: missing </ul> before </div> personalizeruntime_get_action_recommendations.html:88:1 (personalizeruntime_get_action_recommendations.Rd:42): Warning: missing </ul> before </div> personalizeruntime_get_personalized_ranking.html:108:1 (personalizeruntime_get_personalized_ranking.Rd:58): Warning: missing </ul> before </div> personalizeruntime_get_recommendations.html:131:1 (personalizeruntime_get_recommendations.Rd:75): Warning: missing </ul> before </div> polly_delete_lexicon.html:50:1 (polly_delete_lexicon.Rd:12): Warning: missing </ul> before </div> polly_describe_voices.html:76:1 (polly_describe_voices.Rd:32): Warning: missing </ul> before </div> polly_get_lexicon.html:49:1 (polly_get_lexicon.Rd:11): Warning: missing </ul> before </div> polly_get_speech_synthesis_task.html:48:1 (polly_get_speech_synthesis_task.Rd:10): Warning: missing </ul> before </div> polly_list_lexicons.html:51:1 (polly_list_lexicons.Rd:13): Warning: missing </ul> before </div> polly_list_speech_synthesis_tasks.html:62:1 (polly_list_speech_synthesis_tasks.Rd:20): Warning: missing </ul> before </div> polly_put_lexicon.html:54:1 (polly_put_lexicon.Rd:14): Warning: missing </ul> before </div> polly_start_speech_synthesis_task.html:134:1 (polly_start_speech_synthesis_task.Rd:74): Warning: missing </ul> before </div> polly_synthesize_speech.html:131:1 (polly_synthesize_speech.Rd:77): Warning: missing </ul> before </div> rekognition_associate_faces.html:75:1 (rekognition_associate_faces.Rd:29): Warning: missing </ul> before </div> rekognition_compare_faces.html:90:1 (rekognition_compare_faces.Rd:46): Warning: missing </ul> before </div> rekognition_copy_project_version.html:109:1 (rekognition_copy_project_version.Rd:50): Warning: missing </ul> before </div> rekognition_create_collection.html:53:1 (rekognition_create_collection.Rd:13): Warning: missing </ul> before </div> rekognition_create_dataset.html:72:1 (rekognition_create_dataset.Rd:28): Warning: missing </ul> before </div> rekognition_create_face_liveness_session.html:67:1 (rekognition_create_face_liveness_session.Rd:25): Warning: missing </ul> before </div> rekognition_create_project.html:68:1 (rekognition_create_project.Rd:24): Warning: missing </ul> before </div> rekognition_create_project_version.html:129:1 (rekognition_create_project_version.Rd:66): Warning: missing </ul> before </div> rekognition_create_stream_processor.html:130:1 (rekognition_create_stream_processor.Rd:75): Warning: missing </ul> before </div> rekognition_create_user.html:62:1 (rekognition_create_user.Rd:20): Warning: missing </ul> before </div> rekognition_delete_collection.html:48:1 (rekognition_delete_collection.Rd:10): Warning: missing </ul> before </div> rekognition_delete_dataset.html:49:1 (rekognition_delete_dataset.Rd:11): Warning: missing </ul> before </div> rekognition_delete_faces.html:52:1 (rekognition_delete_faces.Rd:12): Warning: missing </ul> before </div> rekognition_delete_project.html:48:1 (rekognition_delete_project.Rd:10): Warning: missing </ul> before </div> rekognition_delete_project_policy.html:61:1 (rekognition_delete_project_policy.Rd:19): Warning: missing </ul> before </div> rekognition_delete_project_version.html:50:1 (rekognition_delete_project_version.Rd:12): Warning: missing </ul> before </div> rekognition_delete_stream_processor.html:48:1 (rekognition_delete_stream_processor.Rd:10): Warning: missing </ul> before </div> rekognition_delete_user.html:61:1 (rekognition_delete_user.Rd:19): Warning: missing </ul> before </div> rekognition_describe_collection.html:48:1 (rekognition_describe_collection.Rd:10): Warning: missing </ul> before </div> rekognition_describe_dataset.html:48:1 (rekognition_describe_dataset.Rd:10): Warning: missing </ul> before </div> rekognition_describe_project_versions.html:76:1 (rekognition_describe_project_versions.Rd:32): Warning: missing </ul> before </div> rekognition_describe_projects.html:72:1 (rekognition_describe_projects.Rd:28): Warning: missing </ul> before </div> rekognition_describe_stream_processor.html:49:1 (rekognition_describe_stream_processor.Rd:11): Warning: missing </ul> before </div> rekognition_detect_custom_labels.html:78:1 (rekognition_detect_custom_labels.Rd:34): Warning: missing </ul> before </div> rekognition_detect_faces.html:74:1 (rekognition_detect_faces.Rd:34): Warning: missing </ul> before </div> rekognition_detect_labels.html:95:1 (rekognition_detect_labels.Rd:49): Warning: missing </ul> before </div> rekognition_detect_moderation_labels.html:79:1 (rekognition_detect_moderation_labels.Rd:35): Warning: missing </ul> before </div> rekognition_detect_protective_equipment.html:55:1 (rekognition_detect_protective_equipment.Rd:15): Warning: missing </ul> before </div> rekognition_detect_text.html:60:1 (rekognition_detect_text.Rd:20): Warning: missing </ul> before </div> rekognition_disassociate_faces.html:71:1 (rekognition_disassociate_faces.Rd:27): Warning: missing </ul> before </div> rekognition_distribute_dataset_entries.html:50:1 (rekognition_distribute_dataset_entries.Rd:12): Warning: missing </ul> before </div> rekognition_get_celebrity_info.html:51:1 (rekognition_get_celebrity_info.Rd:13): Warning: missing </ul> before </div> rekognition_get_celebrity_recognition.html:75:1 (rekognition_get_celebrity_recognition.Rd:31): Warning: missing </ul> before </div> rekognition_get_content_moderation.html:85:1 (rekognition_get_content_moderation.Rd:39): Warning: missing </ul> before </div> rekognition_get_face_detection.html:63:1 (rekognition_get_face_detection.Rd:21): Warning: missing </ul> before </div> rekognition_get_face_liveness_session_results.html:50:1 (rekognition_get_face_liveness_session_results.Rd:12): Warning: missing </ul> before </div> rekognition_get_face_search.html:75:1 (rekognition_get_face_search.Rd:31): Warning: missing </ul> before </div> rekognition_get_label_detection.html:83:1 (rekognition_get_label_detection.Rd:37): Warning: missing </ul> before </div> rekognition_get_media_analysis_job.html:49:1 (rekognition_get_media_analysis_job.Rd:11): Warning: missing </ul> before </div> rekognition_get_person_tracking.html:77:1 (rekognition_get_person_tracking.Rd:33): Warning: missing </ul> before </div> rekognition_get_segment_detection.html:62:1 (rekognition_get_segment_detection.Rd:20): Warning: missing </ul> before </div> rekognition_get_text_detection.html:63:1 (rekognition_get_text_detection.Rd:21): Warning: missing </ul> before </div> rekognition_index_faces.html:122:1 (rekognition_index_faces.Rd:74): Warning: missing </ul> before </div> rekognition_list_collections.html:52:1 (rekognition_list_collections.Rd:12): Warning: missing </ul> before </div> rekognition_list_dataset_entries.html:97:1 (rekognition_list_dataset_entries.Rd:47): Warning: missing </ul> before </div> rekognition_list_dataset_labels.html:65:1 (rekognition_list_dataset_labels.Rd:23): Warning: missing </ul> before </div> rekognition_list_faces.html:75:1 (rekognition_list_faces.Rd:29): Warning: missing </ul> before </div> rekognition_list_media_analysis_jobs.html:55:1 (rekognition_list_media_analysis_jobs.Rd:15): Warning: missing </ul> before </div> rekognition_list_project_policies.html:65:1 (rekognition_list_project_policies.Rd:23): Warning: missing </ul> before </div> rekognition_list_stream_processors.html:57:1 (rekognition_list_stream_processors.Rd:17): Warning: missing </ul> before </div> rekognition_list_tags_for_resource.html:50:1 (rekognition_list_tags_for_resource.Rd:12): Warning: missing </ul> before </div> rekognition_list_users.html:56:1 (rekognition_list_users.Rd:14): Warning: missing </ul> before </div> rekognition_put_project_policy.html:71:1 (rekognition_put_project_policy.Rd:27): Warning: missing </ul> before </div> rekognition_recognize_celebrities.html:54:1 (rekognition_recognize_celebrities.Rd:16): Warning: missing </ul> before </div> rekognition_search_faces.html:69:1 (rekognition_search_faces.Rd:25): Warning: missing </ul> before </div> rekognition_search_faces_by_image.html:92:1 (rekognition_search_faces_by_image.Rd:46): Warning: missing </ul> before </div> rekognition_search_users.html:73:1 (rekognition_search_users.Rd:27): Warning: missing </ul> before </div> rekognition_search_users_by_image.html:73:1 (rekognition_search_users_by_image.Rd:27): Warning: missing </ul> before </div> rekognition_start_celebrity_recognition.html:77:1 (rekognition_start_celebrity_recognition.Rd:33): Warning: missing </ul> before </div> rekognition_start_content_moderation.html:91:1 (rekognition_start_content_moderation.Rd:45): Warning: missing </ul> before </div> rekognition_start_face_detection.html:87:1 (rekognition_start_face_detection.Rd:41): Warning: missing </ul> before </div> rekognition_start_face_search.html:89:1 (rekognition_start_face_search.Rd:41): Warning: missing </ul> before </div> rekognition_start_label_detection.html:103:1 (rekognition_start_label_detection.Rd:53): Warning: missing </ul> before </div> rekognition_start_media_analysis_job.html:82:1 (rekognition_start_media_analysis_job.Rd:34): Warning: missing </ul> before </div> rekognition_start_person_tracking.html:76:1 (rekognition_start_person_tracking.Rd:32): Warning: missing </ul> before </div> rekognition_start_project_version.html:67:1 (rekognition_start_project_version.Rd:25): Warning: missing </ul> before </div> rekognition_start_segment_detection.html:87:1 (rekognition_start_segment_detection.Rd:39): Warning: missing </ul> before </div> rekognition_start_stream_processor.html:71:1 (rekognition_start_stream_processor.Rd:29): Warning: missing </ul> before </div> rekognition_start_text_detection.html:76:1 (rekognition_start_text_detection.Rd:31): Warning: missing </ul> before </div> rekognition_stop_project_version.html:52:1 (rekognition_stop_project_version.Rd:14): Warning: missing </ul> before </div> rekognition_stop_stream_processor.html:50:1 (rekognition_stop_stream_processor.Rd:12): Warning: missing </ul> before </div> rekognition_tag_resource.html:54:1 (rekognition_tag_resource.Rd:14): Warning: missing </ul> before </div> rekognition_untag_resource.html:54:1 (rekognition_untag_resource.Rd:14): Warning: missing </ul> before </div> rekognition_update_dataset_entries.html:52:1 (rekognition_update_dataset_entries.Rd:12): Warning: missing </ul> before </div> rekognition_update_stream_processor.html:77:1 (rekognition_update_stream_processor.Rd:31): Warning: missing </ul> before </div> sagemaker_add_association.html:78:1 (sagemaker_add_association.Rd:27): Warning: missing </ul> before </div> sagemaker_add_tags.html:54:1 (sagemaker_add_tags.Rd:14): Warning: missing </ul> before </div> sagemaker_associate_trial_component.html:52:1 (sagemaker_associate_trial_component.Rd:12): Warning: missing </ul> before </div> sagemaker_batch_delete_cluster_nodes.html:56:1 (sagemaker_batch_delete_cluster_nodes.Rd:16): Warning: missing </ul> before </div> sagemaker_batch_describe_model_package.html:48:1 (sagemaker_batch_describe_model_package.Rd:10): Warning: missing </ul> before </div> sagemaker_create_action.html:85:1 (sagemaker_create_action.Rd:34): Warning: missing </ul> before </div> sagemaker_create_algorithm.html:132:1 (sagemaker_create_algorithm.Rd:60): Warning: missing </ul> before </div> sagemaker_create_app.html:92:1 (sagemaker_create_app.Rd:42): Warning: missing </ul> before </div> sagemaker_create_app_image_config.html:78:1 (sagemaker_create_app_image_config.Rd:32): Warning: missing </ul> before </div> sagemaker_create_artifact.html:75:1 (sagemaker_create_artifact.Rd:28): Warning: missing </ul> before </div> sagemaker_create_auto_ml_job.html:115:1 (sagemaker_create_auto_ml_job.Rd:59): Warning: missing </ul> before </div> sagemaker_create_auto_ml_job_v2.html:165:1 (sagemaker_create_auto_ml_job_v2.Rd:91): Warning: missing </ul> before </div> sagemaker_create_cluster.html:121:1 (sagemaker_create_cluster.Rd:61): Warning: missing </ul> before </div> sagemaker_create_cluster_scheduler_config.html:70:1 (sagemaker_create_cluster_scheduler_config.Rd:24): Warning: missing </ul> before </div> sagemaker_create_code_repository.html:61:1 (sagemaker_create_code_repository.Rd:19): Warning: missing </ul> before </div> sagemaker_create_compilation_job.html:123:1 (sagemaker_create_compilation_job.Rd:62): Warning: missing </ul> before </div> sagemaker_create_compute_quota.html:84:1 (sagemaker_create_compute_quota.Rd:34): Warning: missing </ul> before </div> sagemaker_create_context.html:76:1 (sagemaker_create_context.Rd:28): Warning: missing </ul> before </div> sagemaker_create_data_quality_job_definition.html:97:1 (sagemaker_create_data_quality_job_definition.Rd:42): Warning: missing </ul> before </div> sagemaker_create_device_fleet.html:81:1 (sagemaker_create_device_fleet.Rd:33): Warning: missing </ul> before </div> sagemaker_create_domain.html:142:1 (sagemaker_create_domain.Rd:75): Warning: missing </ul> before </div> sagemaker_create_edge_deployment_plan.html:71:1 (sagemaker_create_edge_deployment_plan.Rd:25): Warning: missing </ul> before </div> sagemaker_create_edge_deployment_stage.html:52:1 (sagemaker_create_edge_deployment_stage.Rd:12): Warning: missing </ul> before </div> sagemaker_create_edge_packaging_job.html:89:1 (sagemaker_create_edge_packaging_job.Rd:37): Warning: missing </ul> before </div> sagemaker_create_endpoint.html:72:1 (sagemaker_create_endpoint.Rd:29): Warning: missing </ul> before </div> sagemaker_create_endpoint_config.html:160:1 (sagemaker_create_endpoint_config.Rd:95): Warning: missing </ul> before </div> sagemaker_create_experiment.html:69:1 (sagemaker_create_experiment.Rd:25): Warning: missing </ul> before </div> sagemaker_create_feature_group.html:191:1 (sagemaker_create_feature_group.Rd:112): Warning: missing </ul> before </div> sagemaker_create_flow_definition.html:89:1 (sagemaker_create_flow_definition.Rd:39): Warning: missing </ul> before </div> sagemaker_create_hub.html:75:1 (sagemaker_create_hub.Rd:27): Warning: missing </ul> before </div> sagemaker_create_hub_content_reference.html:71:1 (sagemaker_create_hub_content_reference.Rd:25): Warning: missing </ul> before </div> sagemaker_create_human_task_ui.html:59:1 (sagemaker_create_human_task_ui.Rd:17): Warning: missing </ul> before </div> sagemaker_create_hyper_parameter_tuning_job.html:150:1 (sagemaker_create_hyper_parameter_tuning_job.Rd:87): Warning: missing </ul> before </div> sagemaker_create_image.html:72:1 (sagemaker_create_image.Rd:26): Warning: missing </ul> before </div> sagemaker_create_image_version.html:148:1 (sagemaker_create_image_version.Rd:69): Warning: missing </ul> before </div> sagemaker_create_inference_component.html:81:1 (sagemaker_create_inference_component.Rd:33): Warning: missing </ul> before </div> sagemaker_create_inference_experiment.html:170:1 (sagemaker_create_inference_experiment.Rd:100): Warning: missing </ul> before </div> sagemaker_create_inference_recommendations_job.html:100:1 (sagemaker_create_inference_recommendations_job.Rd:48): Warning: missing </ul> before </div> sagemaker_create_labeling_job.html:236:1 (sagemaker_create_labeling_job.Rd:152): Warning: missing </ul> before </div> sagemaker_create_mlflow_tracking_server.html:107:1 (sagemaker_create_mlflow_tracking_server.Rd:55): Warning: missing </ul> before </div> sagemaker_create_model.html:103:1 (sagemaker_create_model.Rd:51): Warning: missing </ul> before </div> sagemaker_create_model_bias_job_definition.html:97:1 (sagemaker_create_model_bias_job_definition.Rd:42): Warning: missing </ul> before </div> sagemaker_create_model_card.html:91:1 (sagemaker_create_model_card.Rd:36): Warning: missing </ul> before </div> sagemaker_create_model_card_export_job.html:67:1 (sagemaker_create_model_card_export_job.Rd:23): Warning: missing </ul> before </div> sagemaker_create_model_explainability_job_definition.html:99:1 (sagemaker_create_model_explainability_job_definition.Rd:44): Warning: missing </ul> before </div> sagemaker_create_model_package.html:234:1 (sagemaker_create_model_package.Rd:146): Warning: missing </ul> before </div> sagemaker_create_model_package_group.html:62:1 (sagemaker_create_model_package_group.Rd:20): Warning: missing </ul> before </div> sagemaker_create_model_quality_job_definition.html:97:1 (sagemaker_create_model_quality_job_definition.Rd:42): Warning: missing </ul> before </div> sagemaker_create_monitoring_schedule.html:65:1 (sagemaker_create_monitoring_schedule.Rd:23): Warning: missing </ul> before </div> sagemaker_create_notebook_instance.html:171:1 (sagemaker_create_notebook_instance.Rd:103): Warning: missing </ul> before </div> sagemaker_create_notebook_instance_lifecycle_config.html:64:1 (sagemaker_create_notebook_instance_lifecycle_config.Rd:22): Warning: missing </ul> before </div> sagemaker_create_optimization_job.html:121:1 (sagemaker_create_optimization_job.Rd:56): Warning: missing </ul> before </div> sagemaker_create_partner_app.html:102:1 (sagemaker_create_partner_app.Rd:46): Warning: missing </ul> before </div> sagemaker_create_partner_app_presigned_url.html:61:1 (sagemaker_create_partner_app_presigned_url.Rd:19): Warning: missing </ul> before </div> sagemaker_create_pipeline.html:97:1 (sagemaker_create_pipeline.Rd:43): Warning: missing </ul> before </div> sagemaker_create_presigned_domain_url.html:108:1 (sagemaker_create_presigned_domain_url.Rd:47): Warning: missing </ul> before </div> sagemaker_create_presigned_mlflow_tracking_server_url.html:62:1 (sagemaker_create_presigned_mlflow_tracking_server_url.Rd:20): Warning: missing </ul> before </div> sagemaker_create_presigned_notebook_instance_url.html:56:1 (sagemaker_create_presigned_notebook_instance_url.Rd:16): Warning: missing </ul> before </div> sagemaker_create_processing_job.html:109:1 (sagemaker_create_processing_job.Rd:52): Warning: missing </ul> before </div> sagemaker_create_project.html:73:1 (sagemaker_create_project.Rd:29): Warning: missing </ul> before </div> sagemaker_create_space.html:83:1 (sagemaker_create_space.Rd:33): Warning: missing </ul> before </div> sagemaker_create_studio_lifecycle_config.html:69:1 (sagemaker_create_studio_lifecycle_config.Rd:25): Warning: missing </ul> before </div> sagemaker_create_training_job.html:262:1 (sagemaker_create_training_job.Rd:180): Warning: missing </ul> before </div> sagemaker_create_training_plan.html:61:1 (sagemaker_create_training_plan.Rd:19): Warning: missing </ul> before </div> sagemaker_create_transform_job.html:164:1 (sagemaker_create_transform_job.Rd:101): Warning: missing </ul> before </div> sagemaker_create_trial.html:72:1 (sagemaker_create_trial.Rd:27): Warning: missing </ul> before </div> sagemaker_create_trial_component.html:112:1 (sagemaker_create_trial_component.Rd:50): Warning: missing </ul> before </div> sagemaker_create_user_profile.html:86:1 (sagemaker_create_user_profile.Rd:38): Warning: missing </ul> before </div> sagemaker_create_workforce.html:83:1 (sagemaker_create_workforce.Rd:36): Warning: missing </ul> before </div> sagemaker_create_workteam.html:107:1 (sagemaker_create_workteam.Rd:57): Warning: missing </ul> before </div> sagemaker_delete_action.html:48:1 (sagemaker_delete_action.Rd:10): Warning: missing </ul> before </div> sagemaker_delete_algorithm.html:48:1 (sagemaker_delete_algorithm.Rd:10): Warning: missing </ul> before </div> sagemaker_delete_app.html:72:1 (sagemaker_delete_app.Rd:26): Warning: missing </ul> before </div> sagemaker_delete_app_image_config.html:48:1 (sagemaker_delete_app_image_config.Rd:10): Warning: missing </ul> before </div> sagemaker_delete_artifact.html:52:1 (sagemaker_delete_artifact.Rd:12): Warning: missing </ul> before </div> sagemaker_delete_association.html:52:1 (sagemaker_delete_association.Rd:12): Warning: missing </ul> before </div> sagemaker_delete_cluster.html:49:1 (sagemaker_delete_cluster.Rd:11): Warning: missing </ul> before </div> sagemaker_delete_cluster_scheduler_config.html:48:1 (sagemaker_delete_cluster_scheduler_config.Rd:10): Warning: missing </ul> before </div> sagemaker_delete_code_repository.html:48:1 (sagemaker_delete_code_repository.Rd:10): Warning: missing </ul> before </div> sagemaker_delete_compilation_job.html:48:1 (sagemaker_delete_compilation_job.Rd:10): Warning: missing </ul> before </div> sagemaker_delete_compute_quota.html:48:1 (sagemaker_delete_compute_quota.Rd:10): Warning: missing </ul> before </div> sagemaker_delete_context.html:48:1 (sagemaker_delete_context.Rd:10): Warning: missing </ul> before </div> sagemaker_delete_data_quality_job_definition.html:48:1 (sagemaker_delete_data_quality_job_definition.Rd:10): Warning: missing </ul> before </div> sagemaker_delete_device_fleet.html:48:1 (sagemaker_delete_device_fleet.Rd:10): Warning: missing </ul> before </div> sagemaker_delete_domain.html:54:1 (sagemaker_delete_domain.Rd:14): Warning: missing </ul> before </div> sagemaker_delete_edge_deployment_plan.html:49:1 (sagemaker_delete_edge_deployment_plan.Rd:11): Warning: missing </ul> before </div> sagemaker_delete_edge_deployment_stage.html:54:1 (sagemaker_delete_edge_deployment_stage.Rd:14): Warning: missing </ul> before </div> sagemaker_delete_endpoint.html:48:1 (sagemaker_delete_endpoint.Rd:10): Warning: missing </ul> before </div> sagemaker_delete_endpoint_config.html:48:1 (sagemaker_delete_endpoint_config.Rd:10): Warning: missing </ul> before </div> sagemaker_delete_experiment.html:48:1 (sagemaker_delete_experiment.Rd:10): Warning: missing </ul> before </div> sagemaker_delete_feature_group.html:51:1 (sagemaker_delete_feature_group.Rd:13): Warning: missing </ul> before </div> sagemaker_delete_flow_definition.html:48:1 (sagemaker_delete_flow_definition.Rd:10): Warning: missing </ul> before </div> sagemaker_delete_hub.html:48:1 (sagemaker_delete_hub.Rd:10): Warning: missing </ul> before </div> sagemaker_delete_hub_content.html:65:1 (sagemaker_delete_hub_content.Rd:21): Warning: missing </ul> before </div> sagemaker_delete_hub_content_reference.html:58:1 (sagemaker_delete_hub_content_reference.Rd:16): Warning: missing </ul> before </div> sagemaker_delete_human_task_ui.html:50:1 (sagemaker_delete_human_task_ui.Rd:12): Warning: missing </ul> before </div> sagemaker_delete_hyper_parameter_tuning_job.html:48:1 (sagemaker_delete_hyper_parameter_tuning_job.Rd:10): Warning: missing </ul> before </div> sagemaker_delete_image.html:48:1 (sagemaker_delete_image.Rd:10): Warning: missing </ul> before </div> sagemaker_delete_image_version.html:56:1 (sagemaker_delete_image_version.Rd:14): Warning: missing </ul> before </div> sagemaker_delete_inference_component.html:48:1 (sagemaker_delete_inference_component.Rd:10): Warning: missing </ul> before </div> sagemaker_delete_inference_experiment.html:48:1 (sagemaker_delete_inference_experiment.Rd:10): Warning: missing </ul> before </div> sagemaker_delete_mlflow_tracking_server.html:48:1 (sagemaker_delete_mlflow_tracking_server.Rd:10): Warning: missing </ul> before </div> sagemaker_delete_model.html:48:1 (sagemaker_delete_model.Rd:10): Warning: missing </ul> before </div> sagemaker_delete_model_bias_job_definition.html:48:1 (sagemaker_delete_model_bias_job_definition.Rd:10): Warning: missing </ul> before </div> sagemaker_delete_model_card.html:48:1 (sagemaker_delete_model_card.Rd:10): Warning: missing </ul> before </div> sagemaker_delete_model_explainability_job_definition.html:48:1 (sagemaker_delete_model_explainability_job_definition.Rd:10): Warning: missing </ul> before </div> sagemaker_delete_model_package.html:51:1 (sagemaker_delete_model_package.Rd:13): Warning: missing </ul> before </div> sagemaker_delete_model_package_group.html:48:1 (sagemaker_delete_model_package_group.Rd:10): Warning: missing </ul> before </div> sagemaker_delete_model_package_group_policy.html:48:1 (sagemaker_delete_model_package_group_policy.Rd:10): Warning: missing </ul> before </div> sagemaker_delete_model_quality_job_definition.html:48:1 (sagemaker_delete_model_quality_job_definition.Rd:10): Warning: missing </ul> before </div> sagemaker_delete_monitoring_schedule.html:48:1 (sagemaker_delete_monitoring_schedule.Rd:10): Warning: missing </ul> before </div> sagemaker_delete_notebook_instance.html:48:1 (sagemaker_delete_notebook_instance.Rd:10): Warning: missing </ul> before </div> sagemaker_delete_notebook_instance_lifecycle_config.html:50:1 (sagemaker_delete_notebook_instance_lifecycle_config.Rd:12): Warning: missing </ul> before </div> sagemaker_delete_optimization_job.html:48:1 (sagemaker_delete_optimization_job.Rd:10): Warning: missing </ul> before </div> sagemaker_delete_partner_app.html:52:1 (sagemaker_delete_partner_app.Rd:12): Warning: missing </ul> before </div> sagemaker_delete_pipeline.html:54:1 (sagemaker_delete_pipeline.Rd:14): Warning: missing </ul> before </div> sagemaker_delete_project.html:48:1 (sagemaker_delete_project.Rd:10): Warning: missing </ul> before </div> sagemaker_delete_space.html:52:1 (sagemaker_delete_space.Rd:12): Warning: missing </ul> before </div> sagemaker_delete_studio_lifecycle_config.html:49:1 (sagemaker_delete_studio_lifecycle_config.Rd:11): Warning: missing </ul> before </div> sagemaker_delete_tags.html:53:1 (sagemaker_delete_tags.Rd:13): Warning: missing </ul> before </div> sagemaker_delete_trial.html:48:1 (sagemaker_delete_trial.Rd:10): Warning: missing </ul> before </div> sagemaker_delete_trial_component.html:48:1 (sagemaker_delete_trial_component.Rd:10): Warning: missing </ul> before </div> sagemaker_delete_user_profile.html:52:1 (sagemaker_delete_user_profile.Rd:12): Warning: missing </ul> before </div> sagemaker_delete_workforce.html:48:1 (sagemaker_delete_workforce.Rd:10): Warning: missing </ul> before </div> sagemaker_delete_workteam.html:48:1 (sagemaker_delete_workteam.Rd:10): Warning: missing </ul> before </div> sagemaker_deregister_devices.html:52:1 (sagemaker_deregister_devices.Rd:12): Warning: missing </ul> before </div> sagemaker_describe_action.html:48:1 (sagemaker_describe_action.Rd:10): Warning: missing </ul> before </div> sagemaker_describe_algorithm.html:48:1 (sagemaker_describe_algorithm.Rd:10): Warning: missing </ul> before </div> sagemaker_describe_app.html:71:1 (sagemaker_describe_app.Rd:25): Warning: missing </ul> before </div> sagemaker_describe_app_image_config.html:48:1 (sagemaker_describe_app_image_config.Rd:10): Warning: missing </ul> before </div> sagemaker_describe_artifact.html:48:1 (sagemaker_describe_artifact.Rd:10): Warning: missing </ul> before </div> sagemaker_describe_auto_ml_job.html:49:1 (sagemaker_describe_auto_ml_job.Rd:11): Warning: missing </ul> before </div> sagemaker_describe_auto_ml_job_v2.html:49:1 (sagemaker_describe_auto_ml_job_v2.Rd:11): Warning: missing </ul> before </div> sagemaker_describe_cluster.html:49:1 (sagemaker_describe_cluster.Rd:11): Warning: missing </ul> before </div> sagemaker_describe_cluster_node.html:54:1 (sagemaker_describe_cluster_node.Rd:14): Warning: missing </ul> before </div> sagemaker_describe_cluster_scheduler_config.html:55:1 (sagemaker_describe_cluster_scheduler_config.Rd:15): Warning: missing </ul> before </div> sagemaker_describe_code_repository.html:48:1 (sagemaker_describe_code_repository.Rd:10): Warning: missing </ul> before </div> sagemaker_describe_compilation_job.html:48:1 (sagemaker_describe_compilation_job.Rd:10): Warning: missing </ul> before </div> sagemaker_describe_compute_quota.html:52:1 (sagemaker_describe_compute_quota.Rd:12): Warning: missing </ul> before </div> sagemaker_describe_context.html:48:1 (sagemaker_describe_context.Rd:10): Warning: missing </ul> before </div> sagemaker_describe_data_quality_job_definition.html:48:1 (sagemaker_describe_data_quality_job_definition.Rd:10): Warning: missing </ul> before </div> sagemaker_describe_device.html:56:1 (sagemaker_describe_device.Rd:14): Warning: missing </ul> before </div> sagemaker_describe_device_fleet.html:48:1 (sagemaker_describe_device_fleet.Rd:10): Warning: missing </ul> before </div> sagemaker_describe_domain.html:48:1 (sagemaker_describe_domain.Rd:10): Warning: missing </ul> before </div> sagemaker_describe_edge_deployment_plan.html:61:1 (sagemaker_describe_edge_deployment_plan.Rd:19): Warning: missing </ul> before </div> sagemaker_describe_edge_packaging_job.html:48:1 (sagemaker_describe_edge_packaging_job.Rd:10): Warning: missing </ul> before </div> sagemaker_describe_endpoint.html:48:1 (sagemaker_describe_endpoint.Rd:10): Warning: missing </ul> before </div> sagemaker_describe_endpoint_config.html:49:1 (sagemaker_describe_endpoint_config.Rd:11): Warning: missing </ul> before </div> sagemaker_describe_experiment.html:48:1 (sagemaker_describe_experiment.Rd:10): Warning: missing </ul> before </div> sagemaker_describe_feature_group.html:54:1 (sagemaker_describe_feature_group.Rd:14): Warning: missing </ul> before </div> sagemaker_describe_feature_metadata.html:53:1 (sagemaker_describe_feature_metadata.Rd:13): Warning: missing </ul> before </div> sagemaker_describe_flow_definition.html:48:1 (sagemaker_describe_flow_definition.Rd:10): Warning: missing </ul> before </div> sagemaker_describe_hub.html:48:1 (sagemaker_describe_hub.Rd:10): Warning: missing </ul> before </div> sagemaker_describe_hub_content.html:65:1 (sagemaker_describe_hub_content.Rd:21): Warning: missing </ul> before </div> sagemaker_describe_human_task_ui.html:50:1 (sagemaker_describe_human_task_ui.Rd:12): Warning: missing </ul> before </div> sagemaker_describe_hyper_parameter_tuning_job.html:49:1 (sagemaker_describe_hyper_parameter_tuning_job.Rd:11): Warning: missing </ul> before </div> sagemaker_describe_image.html:48:1 (sagemaker_describe_image.Rd:10): Warning: missing </ul> before </div> sagemaker_describe_image_version.html:57:1 (sagemaker_describe_image_version.Rd:15): Warning: missing </ul> before </div> sagemaker_describe_inference_component.html:48:1 (sagemaker_describe_inference_component.Rd:10): Warning: missing </ul> before </div> sagemaker_describe_inference_experiment.html:48:1 (sagemaker_describe_inference_experiment.Rd:10): Warning: missing </ul> before </div> sagemaker_describe_inference_recommendations_job.html:49:1 (sagemaker_describe_inference_recommendations_job.Rd:11): Warning: missing </ul> before </div> sagemaker_describe_labeling_job.html:48:1 (sagemaker_describe_labeling_job.Rd:10): Warning: missing </ul> before </div> sagemaker_describe_lineage_group.html:48:1 (sagemaker_describe_lineage_group.Rd:10): Warning: missing </ul> before </div> sagemaker_describe_mlflow_tracking_server.html:48:1 (sagemaker_describe_mlflow_tracking_server.Rd:10): Warning: missing </ul> before </div> sagemaker_describe_model.html:48:1 (sagemaker_describe_model.Rd:10): Warning: missing </ul> before </div> sagemaker_describe_model_bias_job_definition.html:49:1 (sagemaker_describe_model_bias_job_definition.Rd:11): Warning: missing </ul> before </div> sagemaker_describe_model_card.html:54:1 (sagemaker_describe_model_card.Rd:14): Warning: missing </ul> before </div> sagemaker_describe_model_card_export_job.html:48:1 (sagemaker_describe_model_card_export_job.Rd:10): Warning: missing </ul> before </div> sagemaker_describe_model_explainability_job_definition.html:50:1 (sagemaker_describe_model_explainability_job_definition.Rd:12): Warning: missing </ul> before </div> sagemaker_describe_model_package.html:52:1 (sagemaker_describe_model_package.Rd:14): Warning: missing </ul> before </div> sagemaker_describe_model_package_group.html:48:1 (sagemaker_describe_model_package_group.Rd:10): Warning: missing </ul> before </div> sagemaker_describe_model_quality_job_definition.html:49:1 (sagemaker_describe_model_quality_job_definition.Rd:11): Warning: missing </ul> before </div> sagemaker_describe_monitoring_schedule.html:48:1 (sagemaker_describe_monitoring_schedule.Rd:10): Warning: missing </ul> before </div> sagemaker_describe_notebook_instance.html:48:1 (sagemaker_describe_notebook_instance.Rd:10): Warning: missing </ul> before </div> sagemaker_describe_notebook_instance_lifecycle_config.html:50:1 (sagemaker_describe_notebook_instance_lifecycle_config.Rd:12): Warning: missing </ul> before </div> sagemaker_describe_optimization_job.html:48:1 (sagemaker_describe_optimization_job.Rd:10): Warning: missing </ul> before </div> sagemaker_describe_partner_app.html:48:1 (sagemaker_describe_partner_app.Rd:10): Warning: missing </ul> before </div> sagemaker_describe_pipeline.html:48:1 (sagemaker_describe_pipeline.Rd:10): Warning: missing </ul> before </div> sagemaker_describe_pipeline_definition_for_execution.html:48:1 (sagemaker_describe_pipeline_definition_for_execution.Rd:10): Warning: missing </ul> before </div> sagemaker_describe_pipeline_execution.html:48:1 (sagemaker_describe_pipeline_execution.Rd:10): Warning: missing </ul> before </div> sagemaker_describe_processing_job.html:49:1 (sagemaker_describe_processing_job.Rd:11): Warning: missing </ul> before </div> sagemaker_describe_project.html:48:1 (sagemaker_describe_project.Rd:10): Warning: missing </ul> before </div> sagemaker_describe_space.html:52:1 (sagemaker_describe_space.Rd:12): Warning: missing </ul> before </div> sagemaker_describe_studio_lifecycle_config.html:49:1 (sagemaker_describe_studio_lifecycle_config.Rd:11): Warning: missing </ul> before </div> sagemaker_describe_subscribed_workteam.html:48:1 (sagemaker_describe_subscribed_workteam.Rd:10): Warning: missing </ul> before </div> sagemaker_describe_training_job.html:48:1 (sagemaker_describe_training_job.Rd:10): Warning: missing </ul> before </div> sagemaker_describe_training_plan.html:48:1 (sagemaker_describe_training_plan.Rd:10): Warning: missing </ul> before </div> sagemaker_describe_transform_job.html:48:1 (sagemaker_describe_transform_job.Rd:10): Warning: missing </ul> before </div> sagemaker_describe_trial.html:48:1 (sagemaker_describe_trial.Rd:10): Warning: missing </ul> before </div> sagemaker_describe_trial_component.html:48:1 (sagemaker_describe_trial_component.Rd:10): Warning: missing </ul> before </div> sagemaker_describe_user_profile.html:52:1 (sagemaker_describe_user_profile.Rd:12): Warning: missing </ul> before </div> sagemaker_describe_workforce.html:52:1 (sagemaker_describe_workforce.Rd:14): Warning: missing </ul> before </div> sagemaker_describe_workteam.html:48:1 (sagemaker_describe_workteam.Rd:10): Warning: missing </ul> before </div> sagemaker_disassociate_trial_component.html:52:1 (sagemaker_disassociate_trial_component.Rd:12): Warning: missing </ul> before </div> sagemaker_get_device_fleet_report.html:48:1 (sagemaker_get_device_fleet_report.Rd:10): Warning: missing </ul> before </div> sagemaker_get_lineage_group_policy.html:48:1 (sagemaker_get_lineage_group_policy.Rd:10): Warning: missing </ul> before </div> sagemaker_get_model_package_group_policy.html:48:1 (sagemaker_get_model_package_group_policy.Rd:10): Warning: missing </ul> before </div> sagemaker_get_scaling_configuration_recommendation.html:83:1 (sagemaker_get_scaling_configuration_recommendation.Rd:37): Warning: missing </ul> before </div> sagemaker_get_search_suggestions.html:53:1 (sagemaker_get_search_suggestions.Rd:13): Warning: missing </ul> before </div> sagemaker_import_hub_content.html:102:1 (sagemaker_import_hub_content.Rd:44): Warning: missing </ul> before </div> sagemaker_list_actions.html:90:1 (sagemaker_list_actions.Rd:38): Warning: missing </ul> before </div> sagemaker_list_algorithms.html:87:1 (sagemaker_list_algorithms.Rd:37): Warning: missing </ul> before </div> sagemaker_list_aliases.html:73:1 (sagemaker_list_aliases.Rd:27): Warning: missing </ul> before </div> sagemaker_list_app_image_configs.html:100:1 (sagemaker_list_app_image_configs.Rd:46): Warning: missing </ul> before </div> sagemaker_list_apps.html:89:1 (sagemaker_list_apps.Rd:39): Warning: missing </ul> before </div> sagemaker_list_artifacts.html:90:1 (sagemaker_list_artifacts.Rd:38): Warning: missing </ul> before </div> sagemaker_list_associations.html:108:1 (sagemaker_list_associations.Rd:50): Warning: missing </ul> before </div> sagemaker_list_auto_ml_jobs.html:96:1 (sagemaker_list_auto_ml_jobs.Rd:40): Warning: missing </ul> before </div> sagemaker_list_candidates_for_auto_ml_job.html:81:1 (sagemaker_list_candidates_for_auto_ml_job.Rd:31): Warning: missing </ul> before </div> sagemaker_list_cluster_nodes.html:124:1 (sagemaker_list_cluster_nodes.Rd:63): Warning: missing </ul> before </div> sagemaker_list_cluster_scheduler_configs.html:98:1 (sagemaker_list_cluster_scheduler_configs.Rd:44): Warning: missing </ul> before </div> sagemaker_list_clusters.html:122:1 (sagemaker_list_clusters.Rd:61): Warning: missing </ul> before </div> sagemaker_list_code_repositories.html:97:1 (sagemaker_list_code_repositories.Rd:43): Warning: missing </ul> before </div> sagemaker_list_compilation_jobs.html:104:1 (sagemaker_list_compilation_jobs.Rd:48): Warning: missing </ul> before </div> sagemaker_list_compute_quotas.html:98:1 (sagemaker_list_compute_quotas.Rd:44): Warning: missing </ul> before </div> sagemaker_list_contexts.html:90:1 (sagemaker_list_contexts.Rd:38): Warning: missing </ul> before </div> sagemaker_list_data_quality_job_definitions.html:95:1 (sagemaker_list_data_quality_job_definitions.Rd:43): Warning: missing </ul> before </div> sagemaker_list_device_fleets.html:92:1 (sagemaker_list_device_fleets.Rd:38): Warning: missing </ul> before </div> sagemaker_list_devices.html:72:1 (sagemaker_list_devices.Rd:26): Warning: missing </ul> before </div> sagemaker_list_domains.html:59:1 (sagemaker_list_domains.Rd:19): Warning: missing </ul> before </div> sagemaker_list_edge_deployment_plans.html:98:1 (sagemaker_list_edge_deployment_plans.Rd:42): Warning: missing </ul> before </div> sagemaker_list_edge_packaging_jobs.html:101:1 (sagemaker_list_edge_packaging_jobs.Rd:43): Warning: missing </ul> before </div> sagemaker_list_endpoint_configs.html:85:1 (sagemaker_list_endpoint_configs.Rd:35): Warning: missing </ul> before </div> sagemaker_list_endpoints.html:103:1 (sagemaker_list_endpoints.Rd:47): Warning: missing </ul> before </div> sagemaker_list_experiments.html:79:1 (sagemaker_list_experiments.Rd:31): Warning: missing </ul> before </div> sagemaker_list_feature_groups.html:95:1 (sagemaker_list_feature_groups.Rd:41): Warning: missing </ul> before </div> sagemaker_list_flow_definitions.html:76:1 (sagemaker_list_flow_definitions.Rd:30): Warning: missing </ul> before </div> sagemaker_list_hub_content_versions.html:105:1 (sagemaker_list_hub_content_versions.Rd:47): Warning: missing </ul> before </div> sagemaker_list_hub_contents.html:98:1 (sagemaker_list_hub_contents.Rd:42): Warning: missing </ul> before </div> sagemaker_list_hubs.html:92:1 (sagemaker_list_hubs.Rd:38): Warning: missing </ul> before </div> sagemaker_list_human_task_uis.html:76:1 (sagemaker_list_human_task_uis.Rd:30): Warning: missing </ul> before </div> sagemaker_list_hyper_parameter_tuning_jobs.html:104:1 (sagemaker_list_hyper_parameter_tuning_jobs.Rd:48): Warning: missing </ul> before </div> sagemaker_list_image_versions.html:98:1 (sagemaker_list_image_versions.Rd:44): Warning: missing </ul> before </div> sagemaker_list_images.html:98:1 (sagemaker_list_images.Rd:44): Warning: missing </ul> before </div> sagemaker_list_inference_components.html:119:1 (sagemaker_list_inference_components.Rd:59): Warning: missing </ul> before </div> sagemaker_list_inference_experiments.html:107:1 (sagemaker_list_inference_experiments.Rd:49): Warning: missing </ul> before </div> sagemaker_list_inference_recommendations_job_steps.html:76:1 (sagemaker_list_inference_recommendations_job_steps.Rd:30): Warning: missing </ul> before </div> sagemaker_list_inference_recommendations_jobs.html:114:1 (sagemaker_list_inference_recommendations_jobs.Rd:54): Warning: missing </ul> before </div> sagemaker_list_labeling_jobs.html:104:1 (sagemaker_list_labeling_jobs.Rd:48): Warning: missing </ul> before </div> sagemaker_list_labeling_jobs_for_workteam.html:93:1 (sagemaker_list_labeling_jobs_for_workteam.Rd:41): Warning: missing </ul> before </div> sagemaker_list_lineage_groups.html:80:1 (sagemaker_list_lineage_groups.Rd:32): Warning: missing </ul> before </div> sagemaker_list_mlflow_tracking_servers.html:98:1 (sagemaker_list_mlflow_tracking_servers.Rd:46): Warning: missing </ul> before </div> sagemaker_list_model_bias_job_definitions.html:91:1 (sagemaker_list_model_bias_job_definitions.Rd:39): Warning: missing </ul> before </div> sagemaker_list_model_card_export_jobs.html:103:1 (sagemaker_list_model_card_export_jobs.Rd:47): Warning: missing </ul> before </div> sagemaker_list_model_card_versions.html:91:1 (sagemaker_list_model_card_versions.Rd:39): Warning: missing </ul> before </div> sagemaker_list_model_cards.html:89:1 (sagemaker_list_model_cards.Rd:37): Warning: missing </ul> before </div> sagemaker_list_model_explainability_job_definitions.html:92:1 (sagemaker_list_model_explainability_job_definitions.Rd:40): Warning: missing </ul> before </div> sagemaker_list_model_metadata.html:67:1 (sagemaker_list_model_metadata.Rd:25): Warning: missing </ul> before </div> sagemaker_list_model_package_groups.html:95:1 (sagemaker_list_model_package_groups.Rd:43): Warning: missing </ul> before </div> sagemaker_list_model_packages.html:118:1 (sagemaker_list_model_packages.Rd:55): Warning: missing </ul> before </div> sagemaker_list_model_quality_job_definitions.html:96:1 (sagemaker_list_model_quality_job_definitions.Rd:44): Warning: missing </ul> before </div> sagemaker_list_models.html:85:1 (sagemaker_list_models.Rd:35): Warning: missing </ul> before </div> sagemaker_list_monitoring_alert_history.html:97:1 (sagemaker_list_monitoring_alert_history.Rd:43): Warning: missing </ul> before </div> sagemaker_list_monitoring_alerts.html:63:1 (sagemaker_list_monitoring_alerts.Rd:21): Warning: missing </ul> before </div> sagemaker_list_monitoring_executions.html:126:1 (sagemaker_list_monitoring_executions.Rd:60): Warning: missing </ul> before </div> sagemaker_list_monitoring_schedules.html:121:1 (sagemaker_list_monitoring_schedules.Rd:59): Warning: missing </ul> before </div> sagemaker_list_notebook_instance_lifecycle_configs.html:100:1 (sagemaker_list_notebook_instance_lifecycle_configs.Rd:46): Warning: missing </ul> before </div> sagemaker_list_notebook_instances.html:132:1 (sagemaker_list_notebook_instances.Rd:70): Warning: missing </ul> before </div> sagemaker_list_optimization_jobs.html:112:1 (sagemaker_list_optimization_jobs.Rd:54): Warning: missing </ul> before </div> sagemaker_list_partner_apps.html:59:1 (sagemaker_list_partner_apps.Rd:19): Warning: missing </ul> before </div> sagemaker_list_pipeline_execution_steps.html:70:1 (sagemaker_list_pipeline_execution_steps.Rd:26): Warning: missing </ul> before </div> sagemaker_list_pipeline_executions.html:85:1 (sagemaker_list_pipeline_executions.Rd:35): Warning: missing </ul> before </div> sagemaker_list_pipeline_parameters_for_execution.html:63:1 (sagemaker_list_pipeline_parameters_for_execution.Rd:21): Warning: missing </ul> before </div> sagemaker_list_pipelines.html:85:1 (sagemaker_list_pipelines.Rd:35): Warning: missing </ul> before </div> sagemaker_list_processing_jobs.html:103:1 (sagemaker_list_processing_jobs.Rd:47): Warning: missing </ul> before </div> sagemaker_list_projects.html:85:1 (sagemaker_list_projects.Rd:35): Warning: missing </ul> before </div> sagemaker_list_resource_catalogs.html:85:1 (sagemaker_list_resource_catalogs.Rd:35): Warning: missing </ul> before </div> sagemaker_list_spaces.html:83:1 (sagemaker_list_spaces.Rd:35): Warning: missing </ul> before </div> sagemaker_list_stage_devices.html:72:1 (sagemaker_list_stage_devices.Rd:26): Warning: missing </ul> before </div> sagemaker_list_studio_lifecycle_configs.html:107:1 (sagemaker_list_studio_lifecycle_configs.Rd:51): Warning: missing </ul> before </div> sagemaker_list_subscribed_workteams.html:65:1 (sagemaker_list_subscribed_workteams.Rd:23): Warning: missing </ul> before </div> sagemaker_list_tags.html:59:1 (sagemaker_list_tags.Rd:17): Warning: missing </ul> before </div> sagemaker_list_training_jobs.html:117:1 (sagemaker_list_training_jobs.Rd:57): Warning: missing </ul> before </div> sagemaker_list_training_jobs_for_hyper_parameter_tuning_job.html:82:1 (sagemaker_list_training_jobs_for_hyper_parameter_tuning_job.Rd:34): Warning: missing </ul> before </div> sagemaker_list_training_plans.html:83:1 (sagemaker_list_training_plans.Rd:33): Warning: missing </ul> before </div> sagemaker_list_transform_jobs.html:104:1 (sagemaker_list_transform_jobs.Rd:48): Warning: missing </ul> before </div> sagemaker_list_trial_components.html:100:1 (sagemaker_list_trial_components.Rd:46): Warning: missing </ul> before </div> sagemaker_list_trials.html:90:1 (sagemaker_list_trials.Rd:38): Warning: missing </ul> before </div> sagemaker_list_user_profiles.html:82:1 (sagemaker_list_user_profiles.Rd:34): Warning: missing </ul> before </div> sagemaker_list_workforces.html:72:1 (sagemaker_list_workforces.Rd:26): Warning: missing </ul> before </div> sagemaker_list_workteams.html:74:1 (sagemaker_list_workteams.Rd:28): Warning: missing </ul> before </div> sagemaker_put_model_package_group_policy.html:52:1 (sagemaker_put_model_package_group_policy.Rd:12): Warning: missing </ul> before </div> sagemaker_query_lineage.html:112:1 (sagemaker_query_lineage.Rd:51): Warning: missing </ul> before </div> sagemaker_register_devices.html:56:1 (sagemaker_register_devices.Rd:14): Warning: missing </ul> before </div> sagemaker_render_ui_template.html:70:1 (sagemaker_render_ui_template.Rd:26): Warning: missing </ul> before </div> sagemaker_retry_pipeline_execution.html:63:1 (sagemaker_retry_pipeline_execution.Rd:21): Warning: missing </ul> before </div> sagemaker_search.html:102:1 (sagemaker_search.Rd:50): Warning: missing </ul> before </div> sagemaker_search_training_plan_offerings.html:101:1 (sagemaker_search_training_plan_offerings.Rd:48): Warning: missing </ul> before </div> sagemaker_send_pipeline_execution_step_failure.html:63:1 (sagemaker_send_pipeline_execution_step_failure.Rd:21): Warning: missing </ul> before </div> sagemaker_send_pipeline_execution_step_success.html:63:1 (sagemaker_send_pipeline_execution_step_success.Rd:21): Warning: missing </ul> before </div> sagemaker_start_edge_deployment_stage.html:52:1 (sagemaker_start_edge_deployment_stage.Rd:12): Warning: missing </ul> before </div> sagemaker_start_inference_experiment.html:48:1 (sagemaker_start_inference_experiment.Rd:10): Warning: missing </ul> before </div> sagemaker_start_mlflow_tracking_server.html:48:1 (sagemaker_start_mlflow_tracking_server.Rd:10): Warning: missing </ul> before </div> sagemaker_start_monitoring_schedule.html:48:1 (sagemaker_start_monitoring_schedule.Rd:10): Warning: missing </ul> before </div> sagemaker_start_notebook_instance.html:49:1 (sagemaker_start_notebook_instance.Rd:11): Warning: missing </ul> before </div> sagemaker_start_pipeline_execution.html:83:1 (sagemaker_start_pipeline_execution.Rd:33): Warning: missing </ul> before </div> sagemaker_stop_auto_ml_job.html:48:1 (sagemaker_stop_auto_ml_job.Rd:10): Warning: missing </ul> before </div> sagemaker_stop_compilation_job.html:48:1 (sagemaker_stop_compilation_job.Rd:10): Warning: missing </ul> before </div> sagemaker_stop_edge_deployment_stage.html:52:1 (sagemaker_stop_edge_deployment_stage.Rd:12): Warning: missing </ul> before </div> sagemaker_stop_edge_packaging_job.html:48:1 (sagemaker_stop_edge_packaging_job.Rd:10): Warning: missing </ul> before </div> sagemaker_stop_hyper_parameter_tuning_job.html:49:1 (sagemaker_stop_hyper_parameter_tuning_job.Rd:11): Warning: missing </ul> before </div> sagemaker_stop_inference_experiment.html:96:1 (sagemaker_stop_inference_experiment.Rd:38): Warning: missing </ul> before </div> sagemaker_stop_inference_recommendations_job.html:48:1 (sagemaker_stop_inference_recommendations_job.Rd:10): Warning: missing </ul> before </div> sagemaker_stop_labeling_job.html:48:1 (sagemaker_stop_labeling_job.Rd:10): Warning: missing </ul> before </div> sagemaker_stop_mlflow_tracking_server.html:48:1 (sagemaker_stop_mlflow_tracking_server.Rd:10): Warning: missing </ul> before </div> sagemaker_stop_monitoring_schedule.html:48:1 (sagemaker_stop_monitoring_schedule.Rd:10): Warning: missing </ul> before </div> sagemaker_stop_notebook_instance.html:48:1 (sagemaker_stop_notebook_instance.Rd:10): Warning: missing </ul> before </div> sagemaker_stop_optimization_job.html:48:1 (sagemaker_stop_optimization_job.Rd:10): Warning: missing </ul> before </div> sagemaker_stop_pipeline_execution.html:54:1 (sagemaker_stop_pipeline_execution.Rd:14): Warning: missing </ul> before </div> sagemaker_stop_processing_job.html:48:1 (sagemaker_stop_processing_job.Rd:10): Warning: missing </ul> before </div> sagemaker_stop_training_job.html:48:1 (sagemaker_stop_training_job.Rd:10): Warning: missing </ul> before </div> sagemaker_stop_transform_job.html:48:1 (sagemaker_stop_transform_job.Rd:10): Warning: missing </ul> before </div> sagemaker_update_action.html:70:1 (sagemaker_update_action.Rd:24): Warning: missing </ul> before </div> sagemaker_update_app_image_config.html:65:1 (sagemaker_update_app_image_config.Rd:21): Warning: missing </ul> before </div> sagemaker_update_artifact.html:65:1 (sagemaker_update_artifact.Rd:21): Warning: missing </ul> before </div> sagemaker_update_cluster.html:66:1 (sagemaker_update_cluster.Rd:22): Warning: missing </ul> before </div> sagemaker_update_cluster_scheduler_config.html:65:1 (sagemaker_update_cluster_scheduler_config.Rd:21): Warning: missing </ul> before </div> sagemaker_update_cluster_software.html:50:1 (sagemaker_update_cluster_software.Rd:12): Warning: missing </ul> before </div> sagemaker_update_code_repository.html:58:1 (sagemaker_update_code_repository.Rd:18): Warning: missing </ul> before </div> sagemaker_update_compute_quota.html:79:1 (sagemaker_update_compute_quota.Rd:31): Warning: missing </ul> before </div> sagemaker_update_context.html:65:1 (sagemaker_update_context.Rd:21): Warning: missing </ul> before </div> sagemaker_update_device_fleet.html:75:1 (sagemaker_update_device_fleet.Rd:29): Warning: missing </ul> before </div> sagemaker_update_devices.html:52:1 (sagemaker_update_devices.Rd:12): Warning: missing </ul> before </div> sagemaker_update_domain.html:113:1 (sagemaker_update_domain.Rd:56): Warning: missing </ul> before </div> sagemaker_update_endpoint.html:90:1 (sagemaker_update_endpoint.Rd:42): Warning: missing </ul> before </div> sagemaker_update_endpoint_weights_and_capacities.html:57:1 (sagemaker_update_endpoint_weights_and_capacities.Rd:17): Warning: missing </ul> before </div> sagemaker_update_experiment.html:61:1 (sagemaker_update_experiment.Rd:19): Warning: missing </ul> before </div> sagemaker_update_feature_group.html:69:1 (sagemaker_update_feature_group.Rd:26): Warning: missing </ul> before </div> sagemaker_update_feature_metadata.html:73:1 (sagemaker_update_feature_metadata.Rd:27): Warning: missing </ul> before </div> sagemaker_update_hub.html:65:1 (sagemaker_update_hub.Rd:21): Warning: missing </ul> before </div> sagemaker_update_image.html:72:1 (sagemaker_update_image.Rd:26): Warning: missing </ul> before </div> sagemaker_update_image_version.html:148:1 (sagemaker_update_image_version.Rd:67): Warning: missing </ul> before </div> sagemaker_update_inference_component.html:62:1 (sagemaker_update_inference_component.Rd:20): Warning: missing </ul> before </div> sagemaker_update_inference_component_runtime_config.html:57:1 (sagemaker_update_inference_component_runtime_config.Rd:17): Warning: missing </ul> before </div> sagemaker_update_inference_experiment.html:84:1 (sagemaker_update_inference_experiment.Rd:36): Warning: missing </ul> before </div> sagemaker_update_mlflow_tracking_server.html:77:1 (sagemaker_update_mlflow_tracking_server.Rd:31): Warning: missing </ul> before </div> sagemaker_update_model_card.html:82:1 (sagemaker_update_model_card.Rd:31): Warning: missing </ul> before </div> sagemaker_update_model_package.html:130:1 (sagemaker_update_model_package.Rd:65): Warning: missing </ul> before </div> sagemaker_update_monitoring_alert.html:67:1 (sagemaker_update_monitoring_alert.Rd:23): Warning: missing </ul> before </div> sagemaker_update_monitoring_schedule.html:57:1 (sagemaker_update_monitoring_schedule.Rd:17): Warning: missing </ul> before </div> sagemaker_update_notebook_instance.html:161:1 (sagemaker_update_notebook_instance.Rd:97): Warning: missing </ul> before </div> sagemaker_update_notebook_instance_lifecycle_config.html:64:1 (sagemaker_update_notebook_instance_lifecycle_config.Rd:22): Warning: missing </ul> before </div> sagemaker_update_partner_app.html:84:1 (sagemaker_update_partner_app.Rd:34): Warning: missing </ul> before </div> sagemaker_update_pipeline.html:82:1 (sagemaker_update_pipeline.Rd:32): Warning: missing </ul> before </div> sagemaker_update_pipeline_execution.html:66:1 (sagemaker_update_pipeline_execution.Rd:22): Warning: missing </ul> before </div> sagemaker_update_project.html:74:1 (sagemaker_update_project.Rd:30): Warning: missing </ul> before </div> sagemaker_update_space.html:65:1 (sagemaker_update_space.Rd:21): Warning: missing </ul> before </div> sagemaker_update_training_job.html:77:1 (sagemaker_update_training_job.Rd:31): Warning: missing </ul> before </div> sagemaker_update_trial.html:53:1 (sagemaker_update_trial.Rd:13): Warning: missing </ul> before </div> sagemaker_update_trial_component.html:111:1 (sagemaker_update_trial_component.Rd:53): Warning: missing </ul> before </div> sagemaker_update_user_profile.html:56:1 (sagemaker_update_user_profile.Rd:14): Warning: missing </ul> before </div> sagemaker_update_workforce.html:72:1 (sagemaker_update_workforce.Rd:28): Warning: missing </ul> before </div> sagemaker_update_workteam.html:96:1 (sagemaker_update_workteam.Rd:50): Warning: missing </ul> before </div> sagemakeredgemanager_get_deployments.html:53:1 (sagemakeredgemanager_get_deployments.Rd:13): Warning: missing </ul> before </div> sagemakeredgemanager_get_device_registration.html:53:1 (sagemakeredgemanager_get_device_registration.Rd:13): Warning: missing </ul> before </div> sagemakeredgemanager_send_heartbeat.html:77:1 (sagemakeredgemanager_send_heartbeat.Rd:29): Warning: missing </ul> before </div> sagemakerfeaturestoreruntime_batch_get_record.html:62:1 (sagemakerfeaturestoreruntime_batch_get_record.Rd:22): Warning: missing </ul> before </div> sagemakerfeaturestoreruntime_delete_record.html:76:1 (sagemakerfeaturestoreruntime_delete_record.Rd:30): Warning: missing </ul> before </div> sagemakerfeaturestoreruntime_get_record.html:72:1 (sagemakerfeaturestoreruntime_get_record.Rd:28): Warning: missing </ul> before </div> sagemakerfeaturestoreruntime_put_record.html:89:1 (sagemakerfeaturestoreruntime_put_record.Rd:38): Warning: missing </ul> before </div> sagemakergeospatialcapabilities_delete_earth_observation_job.html:49:1 (sagemakergeospatialcapabilities_delete_earth_observation_job.Rd:11): Warning: missing </ul> before </div> sagemakergeospatialcapabilities_delete_vector_enrichment_job.html:49:1 (sagemakergeospatialcapabilities_delete_vector_enrichment_job.Rd:11): Warning: missing </ul> before </div> sagemakergeospatialcapabilities_export_earth_observation_job.html:74:1 (sagemakergeospatialcapabilities_export_earth_observation_job.Rd:28): Warning: missing </ul> before </div> sagemakergeospatialcapabilities_export_vector_enrichment_job.html:67:1 (sagemakergeospatialcapabilities_export_vector_enrichment_job.Rd:23): Warning: missing </ul> before </div> sagemakergeospatialcapabilities_get_earth_observation_job.html:48:1 (sagemakergeospatialcapabilities_get_earth_observation_job.Rd:10): Warning: missing </ul> before </div> sagemakergeospatialcapabilities_get_raster_data_collection.html:48:1 (sagemakergeospatialcapabilities_get_raster_data_collection.Rd:10): Warning: missing </ul> before </div> sagemakergeospatialcapabilities_get_tile.html:107:1 (sagemakergeospatialcapabilities_get_tile.Rd:47): Warning: missing </ul> before </div> sagemakergeospatialcapabilities_get_vector_enrichment_job.html:49:1 (sagemakergeospatialcapabilities_get_vector_enrichment_job.Rd:11): Warning: missing </ul> before </div> sagemakergeospatialcapabilities_list_earth_observation_jobs.html:73:1 (sagemakergeospatialcapabilities_list_earth_observation_jobs.Rd:27): Warning: missing </ul> before </div> sagemakergeospatialcapabilities_list_raster_data_collections.html:56:1 (sagemakergeospatialcapabilities_list_raster_data_collections.Rd:16): Warning: missing </ul> before </div> sagemakergeospatialcapabilities_list_tags_for_resource.html:48:1 (sagemakergeospatialcapabilities_list_tags_for_resource.Rd:10): Warning: missing </ul> before </div> sagemakergeospatialcapabilities_list_vector_enrichment_jobs.html:72:1 (sagemakergeospatialcapabilities_list_vector_enrichment_jobs.Rd:26): Warning: missing </ul> before </div> sagemakergeospatialcapabilities_sea_ras_dat_col.html:68:1 (sagemakergeospatialcapabilities_sea_ras_dat_col.Rd:26): Warning: missing </ul> before </div> sagemakergeospatialcapabilities_start_earth_observation_job.html:81:1 (sagemakergeospatialcapabilities_start_earth_observation_job.Rd:31): Warning: missing </ul> before </div> sagemakergeospatialcapabilities_start_vector_enrichment_job.html:81:1 (sagemakergeospatialcapabilities_start_vector_enrichment_job.Rd:31): Warning: missing </ul> before </div> sagemakergeospatialcapabilities_stop_earth_observation_job.html:49:1 (sagemakergeospatialcapabilities_stop_earth_observation_job.Rd:11): Warning: missing </ul> before </div> sagemakergeospatialcapabilities_stop_vector_enrichment_job.html:48:1 (sagemakergeospatialcapabilities_stop_vector_enrichment_job.Rd:10): Warning: missing </ul> before </div> sagemakergeospatialcapabilities_tag_resource.html:52:1 (sagemakergeospatialcapabilities_tag_resource.Rd:12): Warning: missing </ul> before </div> sagemakergeospatialcapabilities_untag_resource.html:52:1 (sagemakergeospatialcapabilities_untag_resource.Rd:12): Warning: missing </ul> before </div> sagemakermetrics_batch_get_metrics.html:48:1 (sagemakermetrics_batch_get_metrics.Rd:10): Warning: missing </ul> before </div> sagemakermetrics_batch_put_metrics.html:53:1 (sagemakermetrics_batch_put_metrics.Rd:13): Warning: missing </ul> before </div> sagemakerruntime_invoke_endpoint.html:165:1 (sagemakerruntime_invoke_endpoint.Rd:100): Warning: missing </ul> before </div> sagemakerruntime_invoke_endpoint_async.html:110:1 (sagemakerruntime_invoke_endpoint_async.Rd:58): Warning: missing </ul> before </div> sagemakerruntime_invoke_endpoint_with_response_stream.html:138:1 (sagemakerruntime_invoke_endpoint_with_response_stream.Rd:82): Warning: missing </ul> before </div> textract_analyze_document.html:84:1 (textract_analyze_document.Rd:38): Warning: missing </ul> before </div> textract_analyze_expense.html:49:1 (textract_analyze_expense.Rd:11): Warning: missing </ul> before </div> textract_analyze_id.html:48:1 (textract_analyze_id.Rd:10): Warning: missing </ul> before </div> textract_create_adapter.html:80:1 (textract_create_adapter.Rd:32): Warning: missing </ul> before </div> textract_create_adapter_version.html:82:1 (textract_create_adapter_version.Rd:34): Warning: missing </ul> before </div> textract_delete_adapter.html:48:1 (textract_delete_adapter.Rd:10): Warning: missing </ul> before </div> textract_delete_adapter_version.html:53:1 (textract_delete_adapter_version.Rd:13): Warning: missing </ul> before </div> textract_detect_document_text.html:53:1 (textract_detect_document_text.Rd:15): Warning: missing </ul> before </div> textract_get_adapter.html:50:1 (textract_get_adapter.Rd:12): Warning: missing </ul> before </div> textract_get_adapter_version.html:57:1 (textract_get_adapter_version.Rd:17): Warning: missing </ul> before </div> textract_get_document_analysis.html:65:1 (textract_get_document_analysis.Rd:23): Warning: missing </ul> before </div> textract_get_document_text_detection.html:70:1 (textract_get_document_text_detection.Rd:28): Warning: missing </ul> before </div> textract_get_expense_analysis.html:64:1 (textract_get_expense_analysis.Rd:22): Warning: missing </ul> before </div> textract_get_lending_analysis.html:64:1 (textract_get_lending_analysis.Rd:22): Warning: missing </ul> before </div> textract_get_lending_analysis_summary.html:51:1 (textract_get_lending_analysis_summary.Rd:13): Warning: missing </ul> before </div> textract_list_adapter_versions.html:77:1 (textract_list_adapter_versions.Rd:31): Warning: missing </ul> before </div> textract_list_adapters.html:69:1 (textract_list_adapters.Rd:25): Warning: missing </ul> before </div> textract_list_tags_for_resource.html:49:1 (textract_list_tags_for_resource.Rd:11): Warning: missing </ul> before </div> textract_start_document_analysis.html:111:1 (textract_start_document_analysis.Rd:58): Warning: missing </ul> before </div> textract_start_document_text_detection.html:90:1 (textract_start_document_text_detection.Rd:42): Warning: missing </ul> before </div> textract_start_expense_analysis.html:91:1 (textract_start_expense_analysis.Rd:43): Warning: missing </ul> before </div> textract_start_lending_analysis.html:85:1 (textract_start_lending_analysis.Rd:39): Warning: missing </ul> before </div> textract_tag_resource.html:52:1 (textract_tag_resource.Rd:12): Warning: missing </ul> before </div> textract_untag_resource.html:54:1 (textract_untag_resource.Rd:14): Warning: missing </ul> before </div> textract_update_adapter.html:65:1 (textract_update_adapter.Rd:21): Warning: missing </ul> before </div> transcribeservice_create_call_analytics_category.html:90:1 (transcribeservice_create_call_analytics_category.Rd:46): Warning: missing </ul> before </div> transcribeservice_create_language_model.html:108:1 (transcribeservice_create_language_model.Rd:62): Warning: missing </ul> before </div> transcribeservice_create_medical_vocabulary.html:80:1 (transcribeservice_create_medical_vocabulary.Rd:36): Warning: missing </ul> before </div> transcribeservice_create_vocabulary.html:124:1 (transcribeservice_create_vocabulary.Rd:76): Warning: missing </ul> before </div> transcribeservice_create_vocabulary_filter.html:126:1 (transcribeservice_create_vocabulary_filter.Rd:78): Warning: missing </ul> before </div> transcribeservice_delete_call_analytics_category.html:49:1 (transcribeservice_delete_call_analytics_category.Rd:11): Warning: missing </ul> before </div> transcribeservice_delete_call_analytics_job.html:49:1 (transcribeservice_delete_call_analytics_job.Rd:11): Warning: missing </ul> before </div> transcribeservice_delete_language_model.html:49:1 (transcribeservice_delete_language_model.Rd:11): Warning: missing </ul> before </div> transcribeservice_delete_medical_scribe_job.html:49:1 (transcribeservice_delete_medical_scribe_job.Rd:11): Warning: missing </ul> before </div> transcribeservice_delete_medical_transcription_job.html:49:1 (transcribeservice_delete_medical_transcription_job.Rd:11): Warning: missing </ul> before </div> transcribeservice_delete_medical_vocabulary.html:49:1 (transcribeservice_delete_medical_vocabulary.Rd:11): Warning: missing </ul> before </div> transcribeservice_delete_transcription_job.html:49:1 (transcribeservice_delete_transcription_job.Rd:11): Warning: missing </ul> before </div> transcribeservice_delete_vocabulary.html:49:1 (transcribeservice_delete_vocabulary.Rd:11): Warning: missing </ul> before </div> transcribeservice_delete_vocabulary_filter.html:49:1 (transcribeservice_delete_vocabulary_filter.Rd:11): Warning: missing </ul> before </div> transcribeservice_describe_language_model.html:49:1 (transcribeservice_describe_language_model.Rd:11): Warning: missing </ul> before </div> transcribeservice_get_call_analytics_category.html:49:1 (transcribeservice_get_call_analytics_category.Rd:11): Warning: missing </ul> before </div> transcribeservice_get_call_analytics_job.html:49:1 (transcribeservice_get_call_analytics_job.Rd:11): Warning: missing </ul> before </div> transcribeservice_get_medical_scribe_job.html:49:1 (transcribeservice_get_medical_scribe_job.Rd:11): Warning: missing </ul> before </div> transcribeservice_get_medical_transcription_job.html:49:1 (transcribeservice_get_medical_transcription_job.Rd:11): Warning: missing </ul> before </div> transcribeservice_get_medical_vocabulary.html:49:1 (transcribeservice_get_medical_vocabulary.Rd:11): Warning: missing </ul> before </div> transcribeservice_get_transcription_job.html:49:1 (transcribeservice_get_transcription_job.Rd:11): Warning: missing </ul> before </div> transcribeservice_get_vocabulary.html:49:1 (transcribeservice_get_vocabulary.Rd:11): Warning: missing </ul> before </div> transcribeservice_get_vocabulary_filter.html:49:1 (transcribeservice_get_vocabulary_filter.Rd:11): Warning: missing </ul> before </div> transcribeservice_list_call_analytics_categories.html:65:1 (transcribeservice_list_call_analytics_categories.Rd:25): Warning: missing </ul> before </div> transcribeservice_list_call_analytics_jobs.html:77:1 (transcribeservice_list_call_analytics_jobs.Rd:33): Warning: missing </ul> before </div> transcribeservice_list_language_models.html:77:1 (transcribeservice_list_language_models.Rd:33): Warning: missing </ul> before </div> transcribeservice_list_medical_scribe_jobs.html:77:1 (transcribeservice_list_medical_scribe_jobs.Rd:33): Warning: missing </ul> before </div> transcribeservice_list_medical_transcription_jobs.html:78:1 (transcribeservice_list_medical_transcription_jobs.Rd:34): Warning: missing </ul> before </div> transcribeservice_list_medical_vocabularies.html:79:1 (transcribeservice_list_medical_vocabularies.Rd:35): Warning: missing </ul> before </div> transcribeservice_list_tags_for_resource.html:58:1 (transcribeservice_list_tags_for_resource.Rd:20): Warning: missing </ul> before </div> transcribeservice_list_transcription_jobs.html:77:1 (transcribeservice_list_transcription_jobs.Rd:33): Warning: missing </ul> before </div> transcribeservice_list_vocabularies.html:77:1 (transcribeservice_list_vocabularies.Rd:33): Warning: missing </ul> before </div> transcribeservice_list_vocabulary_filters.html:71:1 (transcribeservice_list_vocabulary_filters.Rd:29): Warning: missing </ul> before </div> transcribeservice_start_call_analytics_job.html:181:1 (transcribeservice_start_call_analytics_job.Rd:108): Warning: missing </ul> before </div> transcribeservice_start_medical_scribe_job.html:174:1 (transcribeservice_start_medical_scribe_job.Rd:106): Warning: missing </ul> before </div> transcribeservice_start_medical_transcription_job.html:252:1 (transcribeservice_start_medical_transcription_job.Rd:165): Warning: missing </ul> before </div> transcribeservice_start_transcription_job.html:401:1 (transcribeservice_start_transcription_job.Rd:302): Warning: missing </ul> before </div> transcribeservice_tag_resource.html:65:1 (transcribeservice_tag_resource.Rd:25): Warning: missing </ul> before </div> transcribeservice_untag_resource.html:62:1 (transcribeservice_untag_resource.Rd:22): Warning: missing </ul> before </div> transcribeservice_update_call_analytics_category.html:67:1 (transcribeservice_update_call_analytics_category.Rd:25): Warning: missing </ul> before </div> transcribeservice_update_medical_vocabulary.html:67:1 (transcribeservice_update_medical_vocabulary.Rd:25): Warning: missing </ul> before </div> transcribeservice_update_vocabulary.html:112:1 (transcribeservice_update_vocabulary.Rd:66): Warning: missing </ul> before </div> transcribeservice_update_vocabulary_filter.html:97:1 (transcribeservice_update_vocabulary_filter.Rd:53): Warning: missing </ul> before </div> translate_create_parallel_data.html:79:1 (translate_create_parallel_data.Rd:32): Warning: missing </ul> before </div> translate_delete_parallel_data.html:48:1 (translate_delete_parallel_data.Rd:10): Warning: missing </ul> before </div> translate_delete_terminology.html:48:1 (translate_delete_terminology.Rd:10): Warning: missing </ul> before </div> translate_describe_text_translation_job.html:52:1 (translate_describe_text_translation_job.Rd:14): Warning: missing </ul> before </div> translate_get_parallel_data.html:48:1 (translate_get_parallel_data.Rd:10): Warning: missing </ul> before </div> translate_get_terminology.html:61:1 (translate_get_terminology.Rd:21): Warning: missing </ul> before </div> translate_import_terminology.html:81:1 (translate_import_terminology.Rd:33): Warning: missing </ul> before </div> translate_list_languages.html:63:1 (translate_list_languages.Rd:21): Warning: missing </ul> before </div> translate_list_parallel_data.html:53:1 (translate_list_parallel_data.Rd:13): Warning: missing </ul> before </div> translate_list_tags_for_resource.html:49:1 (translate_list_tags_for_resource.Rd:11): Warning: missing </ul> before </div> translate_list_terminologies.html:53:1 (translate_list_terminologies.Rd:13): Warning: missing </ul> before </div> translate_list_text_translation_jobs.html:63:1 (translate_list_text_translation_jobs.Rd:21): Warning: missing </ul> before </div> translate_start_text_translation_job.html:152:1 (translate_start_text_translation_job.Rd:89): Warning: missing </ul> before </div> translate_stop_text_translation_job.html:48:1 (translate_stop_text_translation_job.Rd:10): Warning: missing </ul> before </div> translate_tag_resource.html:55:1 (translate_tag_resource.Rd:15): Warning: missing </ul> before </div> translate_translate_document.html:106:1 (translate_translate_document.Rd:53): Warning: missing </ul> before </div> translate_translate_text.html:107:1 (translate_translate_text.Rd:54): Warning: missing </ul> before </div> translate_untag_resource.html:55:1 (translate_untag_resource.Rd:15): Warning: missing </ul> before </div> translate_update_parallel_data.html:67:1 (translate_update_parallel_data.Rd:23): Warning: missing </ul> before </div> voiceid_associate_fraudster.html:58:1 (voiceid_associate_fraudster.Rd:16): Warning: missing </ul> before </div> voiceid_create_domain.html:76:1 (voiceid_create_domain.Rd:30): Warning: missing </ul> before </div> voiceid_create_watchlist.html:68:1 (voiceid_create_watchlist.Rd:24): Warning: missing </ul> before </div> voiceid_delete_domain.html:48:1 (voiceid_delete_domain.Rd:10): Warning: missing </ul> before </div> voiceid_delete_fraudster.html:52:1 (voiceid_delete_fraudster.Rd:12): Warning: missing </ul> before </div> voiceid_delete_speaker.html:52:1 (voiceid_delete_speaker.Rd:12): Warning: missing </ul> before </div> voiceid_delete_watchlist.html:52:1 (voiceid_delete_watchlist.Rd:12): Warning: missing </ul> before </div> voiceid_describe_domain.html:48:1 (voiceid_describe_domain.Rd:10): Warning: missing </ul> before </div> voiceid_describe_fraudster.html:52:1 (voiceid_describe_fraudster.Rd:12): Warning: missing </ul> before </div> voiceid_describe_fraudster_registration_job.html:53:1 (voiceid_describe_fraudster_registration_job.Rd:13): Warning: missing </ul> before </div> voiceid_describe_speaker.html:52:1 (voiceid_describe_speaker.Rd:12): Warning: missing </ul> before </div> voiceid_describe_speaker_enrollment_job.html:52:1 (voiceid_describe_speaker_enrollment_job.Rd:12): Warning: missing </ul> before </div> voiceid_describe_watchlist.html:52:1 (voiceid_describe_watchlist.Rd:12): Warning: missing </ul> before </div> voiceid_disassociate_fraudster.html:57:1 (voiceid_disassociate_fraudster.Rd:15): Warning: missing </ul> before </div> voiceid_evaluate_session.html:54:1 (voiceid_evaluate_session.Rd:14): Warning: missing </ul> before </div> voiceid_list_domains.html:57:1 (voiceid_list_domains.Rd:17): Warning: missing </ul> before </div> voiceid_list_fraudster_registration_jobs.html:72:1 (voiceid_list_fraudster_registration_jobs.Rd:28): Warning: missing </ul> before </div> voiceid_list_fraudsters.html:72:1 (voiceid_list_fraudsters.Rd:28): Warning: missing </ul> before </div> voiceid_list_speaker_enrollment_jobs.html:71:1 (voiceid_list_speaker_enrollment_jobs.Rd:27): Warning: missing </ul> before </div> voiceid_list_speakers.html:61:1 (voiceid_list_speakers.Rd:19): Warning: missing </ul> before </div> voiceid_list_tags_for_resource.html:49:1 (voiceid_list_tags_for_resource.Rd:11): Warning: missing </ul> before </div> voiceid_list_watchlists.html:61:1 (voiceid_list_watchlists.Rd:19): Warning: missing </ul> before </div> voiceid_opt_out_speaker.html:52:1 (voiceid_opt_out_speaker.Rd:12): Warning: missing </ul> before </div> voiceid_start_fraudster_registration_job.html:92:1 (voiceid_start_fraudster_registration_job.Rd:42): Warning: missing </ul> before </div> voiceid_start_speaker_enrollment_job.html:92:1 (voiceid_start_speaker_enrollment_job.Rd:42): Warning: missing </ul> before </div> voiceid_tag_resource.html:52:1 (voiceid_tag_resource.Rd:12): Warning: missing </ul> before </div> voiceid_untag_resource.html:53:1 (voiceid_untag_resource.Rd:13): Warning: missing </ul> before </div> voiceid_update_domain.html:71:1 (voiceid_update_domain.Rd:27): Warning: missing </ul> before </div> voiceid_update_watchlist.html:65:1 (voiceid_update_watchlist.Rd:21): Warning: missing </ul> before </div> Flavor: r-devel-linux-x86_64-debian-gcc

Version: 0.9.0
Check: installed package size
Result: NOTE installed size is 8.0Mb sub-directories of 1Mb or more: R 4.1Mb help 3.8Mb Flavors: r-oldrel-macos-arm64, r-oldrel-macos-x86_64, r-oldrel-windows-x86_64