Last updated on 2025-10-21 09:48:40 CEST.
Flavor | Version | Tinstall | Tcheck | Ttotal | Status | Flags |
---|---|---|---|---|---|---|
r-devel-linux-x86_64-debian-clang | 0.9.0 | 126.77 | 369.48 | 496.25 | OK | |
r-devel-linux-x86_64-debian-gcc | 0.9.0 | 85.91 | 251.96 | 337.87 | NOTE | |
r-devel-linux-x86_64-fedora-clang | 0.9.0 | 729.87 | OK | |||
r-devel-linux-x86_64-fedora-gcc | 0.9.0 | 665.64 | OK | |||
r-devel-windows-x86_64 | 0.9.0 | 132.00 | 614.00 | 746.00 | OK | |
r-patched-linux-x86_64 | 0.9.0 | 150.75 | 345.53 | 496.28 | OK | |
r-release-linux-x86_64 | 0.9.0 | 122.28 | 346.79 | 469.07 | OK | |
r-release-macos-arm64 | 0.9.0 | 228.00 | OK | |||
r-release-macos-x86_64 | 0.9.0 | 406.00 | OK | |||
r-release-windows-x86_64 | 0.9.0 | 135.00 | 605.00 | 740.00 | OK | |
r-oldrel-macos-arm64 | 0.9.0 | 167.00 | NOTE | |||
r-oldrel-macos-x86_64 | 0.9.0 | 417.00 | NOTE | |||
r-oldrel-windows-x86_64 | 0.9.0 | 195.00 | 678.00 | 873.00 | NOTE |
Version: 0.9.0
Check: HTML version of manual
Result: NOTE
Found the following HTML validation problems:
apprunner_associate_custom_domain.html:68:1 (apprunner_associate_custom_domain.Rd:26): Warning: missing </ul> before </div>
apprunner_create_auto_scaling_configuration.html:121:1 (apprunner_create_auto_scaling_configuration.Rd:66): Warning: missing </ul> before </div>
apprunner_create_connection.html:59:1 (apprunner_create_connection.Rd:17): Warning: missing </ul> before </div>
apprunner_create_observability_configuration.html:74:1 (apprunner_create_observability_configuration.Rd:32): Warning: missing </ul> before </div>
apprunner_create_service.html:108:1 (apprunner_create_service.Rd:54): Warning: missing </ul> before </div>
apprunner_create_vpc_connector.html:74:1 (apprunner_create_vpc_connector.Rd:30): Warning: missing </ul> before </div>
apprunner_create_vpc_ingress_connection.html:71:1 (apprunner_create_vpc_ingress_connection.Rd:27): Warning: missing </ul> before </div>
apprunner_delete_auto_scaling_configuration.html:64:1 (apprunner_delete_auto_scaling_configuration.Rd:24): Warning: missing </ul> before </div>
apprunner_delete_connection.html:49:1 (apprunner_delete_connection.Rd:11): Warning: missing </ul> before </div>
apprunner_delete_observability_configuration.html:53:1 (apprunner_delete_observability_configuration.Rd:15): Warning: missing </ul> before </div>
apprunner_delete_service.html:49:1 (apprunner_delete_service.Rd:11): Warning: missing </ul> before </div>
apprunner_delete_vpc_connector.html:51:1 (apprunner_delete_vpc_connector.Rd:13): Warning: missing </ul> before </div>
apprunner_delete_vpc_ingress_connection.html:50:1 (apprunner_delete_vpc_ingress_connection.Rd:12): Warning: missing </ul> before </div>
apprunner_describe_auto_scaling_configuration.html:54:1 (apprunner_describe_auto_scaling_configuration.Rd:16): Warning: missing </ul> before </div>
apprunner_describe_custom_domains.html:71:1 (apprunner_describe_custom_domains.Rd:29): Warning: missing </ul> before </div>
apprunner_describe_observability_configuration.html:54:1 (apprunner_describe_observability_configuration.Rd:16): Warning: missing </ul> before </div>
apprunner_describe_service.html:49:1 (apprunner_describe_service.Rd:11): Warning: missing </ul> before </div>
apprunner_describe_vpc_connector.html:51:1 (apprunner_describe_vpc_connector.Rd:13): Warning: missing </ul> before </div>
apprunner_describe_vpc_ingress_connection.html:50:1 (apprunner_describe_vpc_ingress_connection.Rd:12): Warning: missing </ul> before </div>
apprunner_disassociate_custom_domain.html:54:1 (apprunner_disassociate_custom_domain.Rd:14): Warning: missing </ul> before </div>
apprunner_list_auto_scaling_configurations.html:84:1 (apprunner_list_auto_scaling_configurations.Rd:40): Warning: missing </ul> before </div>
apprunner_list_connections.html:71:1 (apprunner_list_connections.Rd:29): Warning: missing </ul> before </div>
apprunner_list_observability_configurations.html:84:1 (apprunner_list_observability_configurations.Rd:40): Warning: missing </ul> before </div>
apprunner_list_operations.html:66:1 (apprunner_list_operations.Rd:24): Warning: missing </ul> before </div>
apprunner_list_services.html:62:1 (apprunner_list_services.Rd:22): Warning: missing </ul> before </div>
apprunner_list_services_for_auto_scaling_configuration.html:75:1 (apprunner_list_services_for_auto_scaling_configuration.Rd:33): Warning: missing </ul> before </div>
apprunner_list_tags_for_resource.html:51:1 (apprunner_list_tags_for_resource.Rd:13): Warning: missing </ul> before </div>
apprunner_list_vpc_connectors.html:62:1 (apprunner_list_vpc_connectors.Rd:22): Warning: missing </ul> before </div>
apprunner_list_vpc_ingress_connections.html:71:1 (apprunner_list_vpc_ingress_connections.Rd:29): Warning: missing </ul> before </div>
apprunner_pause_service.html:49:1 (apprunner_pause_service.Rd:11): Warning: missing </ul> before </div>
apprunner_resume_service.html:49:1 (apprunner_resume_service.Rd:11): Warning: missing </ul> before </div>
apprunner_start_deployment.html:51:1 (apprunner_start_deployment.Rd:13): Warning: missing </ul> before </div>
apprunner_tag_resource.html:57:1 (apprunner_tag_resource.Rd:17): Warning: missing </ul> before </div>
apprunner_untag_resource.html:55:1 (apprunner_untag_resource.Rd:15): Warning: missing </ul> before </div>
apprunner_update_default_auto_scaling_configuration.html:55:1 (apprunner_update_default_auto_scaling_configuration.Rd:17): Warning: missing </ul> before </div>
apprunner_update_service.html:95:1 (apprunner_update_service.Rd:45): Warning: missing </ul> before </div>
apprunner_update_vpc_ingress_connection.html:58:1 (apprunner_update_vpc_ingress_connection.Rd:18): Warning: missing </ul> before </div>
batch_cancel_job.html:57:1 (batch_cancel_job.Rd:17): Warning: missing </ul> before </div>
batch_create_compute_environment.html:158:1 (batch_create_compute_environment.Rd:104): Warning: missing </ul> before </div>
batch_create_job_queue.html:124:1 (batch_create_job_queue.Rd:74): Warning: missing </ul> before </div>
batch_create_scheduling_policy.html:65:1 (batch_create_scheduling_policy.Rd:23): Warning: missing </ul> before </div>
batch_delete_compute_environment.html:49:1 (batch_delete_compute_environment.Rd:11): Warning: missing </ul> before </div>
batch_delete_job_queue.html:49:1 (batch_delete_job_queue.Rd:11): Warning: missing </ul> before </div>
batch_delete_scheduling_policy.html:48:1 (batch_delete_scheduling_policy.Rd:10): Warning: missing </ul> before </div>
batch_deregister_job_definition.html:49:1 (batch_deregister_job_definition.Rd:11): Warning: missing </ul> before </div>
batch_describe_compute_environments.html:80:1 (batch_describe_compute_environments.Rd:38): Warning: missing </ul> before </div>
batch_describe_job_definitions.html:93:1 (batch_describe_job_definitions.Rd:47): Warning: missing </ul> before </div>
batch_describe_job_queues.html:79:1 (batch_describe_job_queues.Rd:37): Warning: missing </ul> before </div>
batch_describe_jobs.html:48:1 (batch_describe_jobs.Rd:10): Warning: missing </ul> before </div>
batch_describe_scheduling_policies.html:49:1 (batch_describe_scheduling_policies.Rd:11): Warning: missing </ul> before </div>
batch_get_job_queue_snapshot.html:49:1 (batch_get_job_queue_snapshot.Rd:11): Warning: missing </ul> before </div>
batch_list_jobs.html:162:1 (batch_list_jobs.Rd:103): Warning: missing </ul> before </div>
batch_list_scheduling_policies.html:71:1 (batch_list_scheduling_policies.Rd:31): Warning: missing </ul> before </div>
batch_list_tags_for_resource.html:52:1 (batch_list_tags_for_resource.Rd:14): Warning: missing </ul> before </div>
batch_register_job_definition.html:180:1 (batch_register_job_definition.Rd:113): Warning: missing </ul> before </div>
batch_submit_job.html:197:1 (batch_submit_job.Rd:129): Warning: missing </ul> before </div>
batch_tag_resource.html:59:1 (batch_tag_resource.Rd:19): Warning: missing </ul> before </div>
batch_terminate_job.html:57:1 (batch_terminate_job.Rd:17): Warning: missing </ul> before </div>
batch_untag_resource.html:55:1 (batch_untag_resource.Rd:15): Warning: missing </ul> before </div>
batch_update_compute_environment.html:137:1 (batch_update_compute_environment.Rd:87): Warning: missing </ul> before </div>
batch_update_job_queue.html:104:1 (batch_update_job_queue.Rd:56): Warning: missing </ul> before </div>
batch_update_scheduling_policy.html:52:1 (batch_update_scheduling_policy.Rd:12): Warning: missing </ul> before </div>
braket_cancel_job.html:48:1 (braket_cancel_job.Rd:10): Warning: missing </ul> before </div>
braket_cancel_quantum_task.html:52:1 (braket_cancel_quantum_task.Rd:12): Warning: missing </ul> before </div>
braket_create_job.html:123:1 (braket_create_job.Rd:61): Warning: missing </ul> before </div>
braket_create_quantum_task.html:97:1 (braket_create_quantum_task.Rd:41): Warning: missing </ul> before </div>
braket_get_device.html:48:1 (braket_get_device.Rd:10): Warning: missing </ul> before </div>
braket_get_job.html:52:1 (braket_get_job.Rd:12): Warning: missing </ul> before </div>
braket_get_quantum_task.html:52:1 (braket_get_quantum_task.Rd:12): Warning: missing </ul> before </div>
braket_list_tags_for_resource.html:48:1 (braket_list_tags_for_resource.Rd:10): Warning: missing </ul> before </div>
braket_search_devices.html:58:1 (braket_search_devices.Rd:16): Warning: missing </ul> before </div>
braket_search_jobs.html:58:1 (braket_search_jobs.Rd:16): Warning: missing </ul> before </div>
braket_search_quantum_tasks.html:58:1 (braket_search_quantum_tasks.Rd:16): Warning: missing </ul> before </div>
braket_tag_resource.html:52:1 (braket_tag_resource.Rd:12): Warning: missing </ul> before </div>
braket_untag_resource.html:53:1 (braket_untag_resource.Rd:13): Warning: missing </ul> before </div>
computeoptimizer_delete_recommendation_preferences.html:71:1 (computeoptimizer_delete_recommendation_preferences.Rd:29): Warning: missing </ul> before </div>
computeoptimizer_describe_recommendation_export_jobs.html:78:1 (computeoptimizer_describe_recommendation_export_jobs.Rd:34): Warning: missing </ul> before </div>
computeoptimizer_export_auto_scaling_group_recommendations.html:126:1 (computeoptimizer_export_auto_scaling_group_recommendations.Rd:76): Warning: missing </ul> before </div>
computeoptimizer_export_ebs_volume_recommendations.html:109:1 (computeoptimizer_export_ebs_volume_recommendations.Rd:61): Warning: missing </ul> before </div>
computeoptimizer_export_ec2_instance_recommendations.html:123:1 (computeoptimizer_export_ec2_instance_recommendations.Rd:73): Warning: missing </ul> before </div>
computeoptimizer_export_ecs_service_recommendations.html:107:1 (computeoptimizer_export_ecs_service_recommendations.Rd:59): Warning: missing </ul> before </div>
computeoptimizer_export_idle_recommendations.html:106:1 (computeoptimizer_export_idle_recommendations.Rd:58): Warning: missing </ul> before </div>
computeoptimizer_export_lambda_function_recommendations.html:109:1 (computeoptimizer_export_lambda_function_recommendations.Rd:61): Warning: missing </ul> before </div>
computeoptimizer_export_license_recommendations.html:106:1 (computeoptimizer_export_license_recommendations.Rd:58): Warning: missing </ul> before </div>
computeoptimizer_export_rds_database_recommendations.html:112:1 (computeoptimizer_export_rds_database_recommendations.Rd:63): Warning: missing </ul> before </div>
computeoptimizer_get_auto_scaling_group_recommendations.html:90:1 (computeoptimizer_get_auto_scaling_group_recommendations.Rd:42): Warning: missing </ul> before </div>
computeoptimizer_get_ebs_volume_recommendations.html:83:1 (computeoptimizer_get_ebs_volume_recommendations.Rd:37): Warning: missing </ul> before </div>
computeoptimizer_get_ec2_instance_recommendations.html:89:1 (computeoptimizer_get_ec2_instance_recommendations.Rd:41): Warning: missing </ul> before </div>
computeoptimizer_get_ec2_recommendation_projected_metrics.html:78:1 (computeoptimizer_get_ec2_recommendation_projected_metrics.Rd:30): Warning: missing </ul> before </div>
computeoptimizer_get_ecs_servi_recom_proje_metri.html:74:1 (computeoptimizer_get_ecs_servi_recom_proje_metri.Rd:28): Warning: missing </ul> before </div>
computeoptimizer_get_ecs_service_recommendations.html:87:1 (computeoptimizer_get_ecs_service_recommendations.Rd:41): Warning: missing </ul> before </div>
computeoptimizer_get_effective_recommendation_preferences.html:51:1 (computeoptimizer_get_effective_recommendation_preferences.Rd:13): Warning: missing </ul> before </div>
computeoptimizer_get_enrollment_statuses_for_organization.html:67:1 (computeoptimizer_get_enrollment_statuses_for_organization.Rd:25): Warning: missing </ul> before </div>
computeoptimizer_get_idle_recommendations.html:87:1 (computeoptimizer_get_idle_recommendations.Rd:39): Warning: missing </ul> before </div>
computeoptimizer_get_lambda_function_recommendations.html:91:1 (computeoptimizer_get_lambda_function_recommendations.Rd:45): Warning: missing </ul> before </div>
computeoptimizer_get_license_recommendations.html:87:1 (computeoptimizer_get_license_recommendations.Rd:41): Warning: missing </ul> before </div>
computeoptimizer_get_rds_datab_recom_proje_metri.html:78:1 (computeoptimizer_get_rds_datab_recom_proje_metri.Rd:31): Warning: missing </ul> before </div>
computeoptimizer_get_rds_database_recommendations.html:94:1 (computeoptimizer_get_rds_database_recommendations.Rd:47): Warning: missing </ul> before </div>
computeoptimizer_get_recommendation_preferences.html:81:1 (computeoptimizer_get_recommendation_preferences.Rd:37): Warning: missing </ul> before </div>
computeoptimizer_get_recommendation_summaries.html:71:1 (computeoptimizer_get_recommendation_summaries.Rd:29): Warning: missing </ul> before </div>
computeoptimizer_put_recommendation_preferences.html:201:1 (computeoptimizer_put_recommendation_preferences.Rd:130): Warning: missing </ul> before </div>
computeoptimizer_update_enrollment_status.html:75:1 (computeoptimizer_update_enrollment_status.Rd:30): Warning: missing </ul> before </div>
ec2_accept_address_transfer.html:63:1 (ec2_accept_address_transfer.Rd:21): Warning: missing </ul> before </div>
ec2_accept_capacity_reservation_billing_ownership.html:59:1 (ec2_accept_capacity_reservation_billing_ownership.Rd:19): Warning: missing </ul> before </div>
ec2_accept_reserved_instances_exchange_quote.html:66:1 (ec2_accept_reserved_instances_exchange_quote.Rd:24): Warning: missing </ul> before </div>
ec2_accept_transit_gateway_multicast_domain_associations.html:70:1 (ec2_accept_transit_gateway_multicast_domain_associations.Rd:26): Warning: missing </ul> before </div>
ec2_accept_transit_gateway_peering_attachment.html:58:1 (ec2_accept_transit_gateway_peering_attachment.Rd:18): Warning: missing </ul> before </div>
ec2_accept_transit_gateway_vpc_attachment.html:58:1 (ec2_accept_transit_gateway_vpc_attachment.Rd:18): Warning: missing </ul> before </div>
ec2_accept_vpc_endpoint_connections.html:59:1 (ec2_accept_vpc_endpoint_connections.Rd:17): Warning: missing </ul> before </div>
ec2_accept_vpc_peering_connection.html:56:1 (ec2_accept_vpc_peering_connection.Rd:16): Warning: missing </ul> before </div>
ec2_advertise_byoip_cidr.html:94:1 (ec2_advertise_byoip_cidr.Rd:43): Warning: missing </ul> before </div>
ec2_allocate_address.html:98:1 (ec2_allocate_address.Rd:46): Warning: missing </ul> before </div>
ec2_allocate_hosts.html:155:1 (ec2_allocate_hosts.Rd:92): Warning: missing </ul> before </div>
ec2_allocate_ipam_pool_cidr.html:128:1 (ec2_allocate_ipam_pool_cidr.Rd:64): Warning: missing </ul> before </div>
ec2_apply_security_groups_to_client_vpn_target_network.html:71:1 (ec2_apply_security_groups_to_client_vpn_target_network.Rd:27): Warning: missing </ul> before </div>
ec2_assign_ipv_6_addresses.html:79:1 (ec2_assign_ipv_6_addresses.Rd:33): Warning: missing </ul> before </div>
ec2_assign_private_ip_addresses.html:88:1 (ec2_assign_private_ip_addresses.Rd:40): Warning: missing </ul> before </div>
ec2_assign_private_nat_gateway_address.html:70:1 (ec2_assign_private_nat_gateway_address.Rd:26): Warning: missing </ul> before </div>
ec2_associate_address.html:95:1 (ec2_associate_address.Rd:45): Warning: missing </ul> before </div>
ec2_associate_capacity_reservation_billing_owner.html:65:1 (ec2_associate_capacity_reservation_billing_owner.Rd:23): Warning: missing </ul> before </div>
ec2_associate_client_vpn_target_network.html:69:1 (ec2_associate_client_vpn_target_network.Rd:25): Warning: missing </ul> before </div>
ec2_associate_dhcp_options.html:61:1 (ec2_associate_dhcp_options.Rd:19): Warning: missing </ul> before </div>
ec2_associate_enclave_certificate_iam_role.html:65:1 (ec2_associate_enclave_certificate_iam_role.Rd:23): Warning: missing </ul> before </div>
ec2_associate_iam_instance_profile.html:52:1 (ec2_associate_iam_instance_profile.Rd:12): Warning: missing </ul> before </div>
ec2_associate_instance_event_window.html:63:1 (ec2_associate_instance_event_window.Rd:21): Warning: missing </ul> before </div>
ec2_associate_ipam_byoasn.html:60:1 (ec2_associate_ipam_byoasn.Rd:18): Warning: missing </ul> before </div>
ec2_associate_ipam_resource_discovery.html:73:1 (ec2_associate_ipam_resource_discovery.Rd:27): Warning: missing </ul> before </div>
ec2_associate_nat_gateway_address.html:70:1 (ec2_associate_nat_gateway_address.Rd:26): Warning: missing </ul> before </div>
ec2_associate_route_table.html:69:1 (ec2_associate_route_table.Rd:25): Warning: missing </ul> before </div>
ec2_associate_security_group_vpc.html:59:1 (ec2_associate_security_group_vpc.Rd:17): Warning: missing </ul> before </div>
ec2_associate_subnet_cidr_block.html:65:1 (ec2_associate_subnet_cidr_block.Rd:21): Warning: missing </ul> before </div>
ec2_associate_transit_gateway_multicast_domain.html:71:1 (ec2_associate_transit_gateway_multicast_domain.Rd:27): Warning: missing </ul> before </div>
ec2_associate_transit_gateway_policy_table.html:66:1 (ec2_associate_transit_gateway_policy_table.Rd:24): Warning: missing </ul> before </div>
ec2_associate_transit_gateway_route_table.html:64:1 (ec2_associate_transit_gateway_route_table.Rd:22): Warning: missing </ul> before </div>
ec2_associate_trunk_interface.html:79:1 (ec2_associate_trunk_interface.Rd:31): Warning: missing </ul> before </div>
ec2_associate_vpc_cidr_block.html:117:1 (ec2_associate_vpc_cidr_block.Rd:61): Warning: missing </ul> before </div>
ec2_attach_classic_link_vpc.html:64:1 (ec2_attach_classic_link_vpc.Rd:20): Warning: missing </ul> before </div>
ec2_attach_internet_gateway.html:60:1 (ec2_attach_internet_gateway.Rd:18): Warning: missing </ul> before </div>
ec2_attach_network_interface.html:81:1 (ec2_attach_network_interface.Rd:33): Warning: missing </ul> before </div>
ec2_attach_verified_access_trust_provider.html:70:1 (ec2_attach_verified_access_trust_provider.Rd:26): Warning: missing </ul> before </div>
ec2_attach_volume.html:65:1 (ec2_attach_volume.Rd:21): Warning: missing </ul> before </div>
ec2_attach_vpn_gateway.html:59:1 (ec2_attach_vpn_gateway.Rd:17): Warning: missing </ul> before </div>
ec2_authorize_client_vpn_ingress.html:89:1 (ec2_authorize_client_vpn_ingress.Rd:39): Warning: missing </ul> before </div>
ec2_authorize_security_group_egress.html:98:1 (ec2_authorize_security_group_egress.Rd:42): Warning: missing </ul> before </div>
ec2_authorize_security_group_ingress.html:150:1 (ec2_authorize_security_group_ingress.Rd:92): Warning: missing </ul> before </div>
ec2_bundle_instance.html:64:1 (ec2_bundle_instance.Rd:22): Warning: missing </ul> before </div>
ec2_cancel_bundle_task.html:56:1 (ec2_cancel_bundle_task.Rd:16): Warning: missing </ul> before </div>
ec2_cancel_capacity_reservation.html:56:1 (ec2_cancel_capacity_reservation.Rd:16): Warning: missing </ul> before </div>
ec2_cancel_capacity_reservation_fleets.html:58:1 (ec2_cancel_capacity_reservation_fleets.Rd:18): Warning: missing </ul> before </div>
ec2_cancel_conversion_task.html:63:1 (ec2_cancel_conversion_task.Rd:21): Warning: missing </ul> before </div>
ec2_cancel_declarative_policies_report.html:55:1 (ec2_cancel_declarative_policies_report.Rd:15): Warning: missing </ul> before </div>
ec2_cancel_export_task.html:50:1 (ec2_cancel_export_task.Rd:12): Warning: missing </ul> before </div>
ec2_cancel_image_launch_permission.html:56:1 (ec2_cancel_image_launch_permission.Rd:16): Warning: missing </ul> before </div>
ec2_cancel_import_task.html:59:1 (ec2_cancel_import_task.Rd:17): Warning: missing </ul> before </div>
ec2_cancel_reserved_instances_listing.html:49:1 (ec2_cancel_reserved_instances_listing.Rd:11): Warning: missing </ul> before </div>
ec2_cancel_spot_fleet_requests.html:69:1 (ec2_cancel_spot_fleet_requests.Rd:27): Warning: missing </ul> before </div>
ec2_cancel_spot_instance_requests.html:55:1 (ec2_cancel_spot_instance_requests.Rd:15): Warning: missing </ul> before </div>
ec2_confirm_product_instance.html:59:1 (ec2_confirm_product_instance.Rd:17): Warning: missing </ul> before </div>
ec2_copy_fpga_image.html:79:1 (ec2_copy_fpga_image.Rd:31): Warning: missing </ul> before </div>
ec2_copy_image.html:179:1 (ec2_copy_image.Rd:102): Warning: missing </ul> before </div>
ec2_copy_snapshot.html:167:1 (ec2_copy_snapshot.Rd:100): Warning: missing </ul> before </div>
ec2_creat_local_gatew_route_table_virtu_inter_group_assoc.html:70:1 (ec2_creat_local_gatew_route_table_virtu_inter_group_assoc.Rd:26): Warning: missing </ul> before </div>
ec2_create_capacity_reservation.html:256:1 (ec2_create_capacity_reservation.Rd:167): Warning: missing </ul> before </div>
ec2_create_capacity_reservation_by_splitting.html:76:1 (ec2_create_capacity_reservation_by_splitting.Rd:30): Warning: missing </ul> before </div>
ec2_create_capacity_reservation_fleet.html:135:1 (ec2_create_capacity_reservation_fleet.Rd:76): Warning: missing </ul> before </div>
ec2_create_carrier_gateway.html:69:1 (ec2_create_carrier_gateway.Rd:25): Warning: missing </ul> before </div>
ec2_create_client_vpn_endpoint.html:202:1 (ec2_create_client_vpn_endpoint.Rd:119): Warning: missing </ul> before </div>
ec2_create_client_vpn_route.html:102:1 (ec2_create_client_vpn_route.Rd:45): Warning: missing </ul> before </div>
ec2_create_coip_cidr.html:59:1 (ec2_create_coip_cidr.Rd:17): Warning: missing </ul> before </div>
ec2_create_coip_pool.html:63:1 (ec2_create_coip_pool.Rd:21): Warning: missing </ul> before </div>
ec2_create_customer_gateway.html:114:1 (ec2_create_customer_gateway.Rd:60): Warning: missing </ul> before </div>
ec2_create_default_subnet.html:62:1 (ec2_create_default_subnet.Rd:20): Warning: missing </ul> before </div>
ec2_create_default_vpc.html:52:1 (ec2_create_default_vpc.Rd:14): Warning: missing </ul> before </div>
ec2_create_dhcp_options.html:63:1 (ec2_create_dhcp_options.Rd:21): Warning: missing </ul> before </div>
ec2_create_egress_only_internet_gateway.html:69:1 (ec2_create_egress_only_internet_gateway.Rd:25): Warning: missing </ul> before </div>
ec2_create_fleet.html:166:1 (ec2_create_fleet.Rd:95): Warning: missing </ul> before </div>
ec2_create_flow_logs.html:183:1 (ec2_create_flow_logs.Rd:112): Warning: missing </ul> before </div>
ec2_create_fpga_image.html:86:1 (ec2_create_fpga_image.Rd:36): Warning: missing </ul> before </div>
ec2_create_image.html:146:1 (ec2_create_image.Rd:79): Warning: missing </ul> before </div>
ec2_create_instance_connect_endpoint.html:94:1 (ec2_create_instance_connect_endpoint.Rd:41): Warning: missing </ul> before </div>
ec2_create_instance_event_window.html:106:1 (ec2_create_instance_event_window.Rd:47): Warning: missing </ul> before </div>
ec2_create_instance_export_task.html:71:1 (ec2_create_instance_export_task.Rd:25): Warning: missing </ul> before </div>
ec2_create_internet_gateway.html:55:1 (ec2_create_internet_gateway.Rd:15): Warning: missing </ul> before </div>
ec2_create_ipam.html:97:1 (ec2_create_ipam.Rd:47): Warning: missing </ul> before </div>
ec2_create_ipam_external_resource_verification_token.html:69:1 (ec2_create_ipam_external_resource_verification_token.Rd:25): Warning: missing </ul> before </div>
ec2_create_ipam_pool.html:191:1 (ec2_create_ipam_pool.Rd:116): Warning: missing </ul> before </div>
ec2_create_ipam_resource_discovery.html:76:1 (ec2_create_ipam_resource_discovery.Rd:30): Warning: missing </ul> before </div>
ec2_create_ipam_scope.html:78:1 (ec2_create_ipam_scope.Rd:32): Warning: missing </ul> before </div>
ec2_create_key_pair.html:81:1 (ec2_create_key_pair.Rd:35): Warning: missing </ul> before </div>
ec2_create_launch_template.html:92:1 (ec2_create_launch_template.Rd:42): Warning: missing </ul> before </div>
ec2_create_launch_template_version.html:112:1 (ec2_create_launch_template_version.Rd:60): Warning: missing </ul> before </div>
ec2_create_local_gateway_route.html:81:1 (ec2_create_local_gateway_route.Rd:33): Warning: missing </ul> before </div>
ec2_create_local_gateway_route_table.html:68:1 (ec2_create_local_gateway_route_table.Rd:24): Warning: missing </ul> before </div>
ec2_create_local_gateway_route_table_vpc_association.html:69:1 (ec2_create_local_gateway_route_table_vpc_association.Rd:25): Warning: missing </ul> before </div>
ec2_create_managed_prefix_list.html:91:1 (ec2_create_managed_prefix_list.Rd:41): Warning: missing </ul> before </div>
ec2_create_nat_gateway.html:113:1 (ec2_create_nat_gateway.Rd:57): Warning: missing </ul> before </div>
ec2_create_network_acl.html:69:1 (ec2_create_network_acl.Rd:25): Warning: missing </ul> before </div>
ec2_create_network_acl_entry.html:117:1 (ec2_create_network_acl_entry.Rd:61): Warning: missing </ul> before </div>
ec2_create_network_insights_access_scope.html:74:1 (ec2_create_network_insights_access_scope.Rd:28): Warning: missing </ul> before </div>
ec2_create_network_insights_path.html:110:1 (ec2_create_network_insights_path.Rd:52): Warning: missing </ul> before </div>
ec2_create_network_interface.html:210:1 (ec2_create_network_interface.Rd:136): Warning: missing </ul> before </div>
ec2_create_network_interface_permission.html:74:1 (ec2_create_network_interface_permission.Rd:28): Warning: missing </ul> before </div>
ec2_create_placement_group.html:91:1 (ec2_create_placement_group.Rd:38): Warning: missing </ul> before </div>
ec2_create_public_ipv_4_pool.html:71:1 (ec2_create_public_ipv_4_pool.Rd:29): Warning: missing </ul> before </div>
ec2_create_replace_root_volume_task.html:105:1 (ec2_create_replace_root_volume_task.Rd:55): Warning: missing </ul> before </div>
ec2_create_reserved_instances_listing.html:72:1 (ec2_create_reserved_instances_listing.Rd:28): Warning: missing </ul> before </div>
ec2_create_restore_image_task.html:88:1 (ec2_create_restore_image_task.Rd:37): Warning: missing </ul> before </div>
ec2_create_route.html:138:1 (ec2_create_route.Rd:70): Warning: missing </ul> before </div>
ec2_create_route_table.html:69:1 (ec2_create_route_table.Rd:25): Warning: missing </ul> before </div>
ec2_create_security_group.html:83:1 (ec2_create_security_group.Rd:37): Warning: missing </ul> before </div>
ec2_create_snapshot.html:108:1 (ec2_create_snapshot.Rd:50): Warning: missing </ul> before </div>
ec2_create_snapshots.html:115:1 (ec2_create_snapshots.Rd:55): Warning: missing </ul> before </div>
ec2_create_spot_datafeed_subscription.html:62:1 (ec2_create_spot_datafeed_subscription.Rd:20): Warning: missing </ul> before </div>
ec2_create_store_image_task.html:72:1 (ec2_create_store_image_task.Rd:28): Warning: missing </ul> before </div>
ec2_create_subnet.html:131:1 (ec2_create_subnet.Rd:69): Warning: missing </ul> before </div>
ec2_create_subnet_cidr_reservation.html:90:1 (ec2_create_subnet_cidr_reservation.Rd:37): Warning: missing </ul> before </div>
ec2_create_tags.html:65:1 (ec2_create_tags.Rd:23): Warning: missing </ul> before </div>
ec2_create_traffic_mirror_filter.html:69:1 (ec2_create_traffic_mirror_filter.Rd:25): Warning: missing </ul> before </div>
ec2_create_traffic_mirror_filter_rule.html:119:1 (ec2_create_traffic_mirror_filter_rule.Rd:57): Warning: missing </ul> before </div>
ec2_create_traffic_mirror_session.html:119:1 (ec2_create_traffic_mirror_session.Rd:63): Warning: missing </ul> before </div>
ec2_create_traffic_mirror_target.html:85:1 (ec2_create_traffic_mirror_target.Rd:35): Warning: missing </ul> before </div>
ec2_create_transit_gateway.html:68:1 (ec2_create_transit_gateway.Rd:24): Warning: missing </ul> before </div>
ec2_create_transit_gateway_connect.html:69:1 (ec2_create_transit_gateway_connect.Rd:25): Warning: missing </ul> before </div>
ec2_create_transit_gateway_connect_peer.html:92:1 (ec2_create_transit_gateway_connect_peer.Rd:42): Warning: missing </ul> before </div>
ec2_create_transit_gateway_multicast_domain.html:68:1 (ec2_create_transit_gateway_multicast_domain.Rd:24): Warning: missing </ul> before </div>
ec2_create_transit_gateway_peering_attachment.html:86:1 (ec2_create_transit_gateway_peering_attachment.Rd:36): Warning: missing </ul> before </div>
ec2_create_transit_gateway_policy_table.html:64:1 (ec2_create_transit_gateway_policy_table.Rd:22): Warning: missing </ul> before </div>
ec2_create_transit_gateway_prefix_list_reference.html:74:1 (ec2_create_transit_gateway_prefix_list_reference.Rd:28): Warning: missing </ul> before </div>
ec2_create_transit_gateway_route.html:74:1 (ec2_create_transit_gateway_route.Rd:28): Warning: missing </ul> before </div>
ec2_create_transit_gateway_route_table.html:63:1 (ec2_create_transit_gateway_route_table.Rd:21): Warning: missing </ul> before </div>
ec2_create_transit_gateway_route_table_announcement.html:69:1 (ec2_create_transit_gateway_route_table_announcement.Rd:25): Warning: missing </ul> before </div>
ec2_create_transit_gateway_vpc_attachment.html:81:1 (ec2_create_transit_gateway_vpc_attachment.Rd:33): Warning: missing </ul> before </div>
ec2_create_verified_access_endpoint.html:144:1 (ec2_create_verified_access_endpoint.Rd:74): Warning: missing </ul> before </div>
ec2_create_verified_access_group.html:86:1 (ec2_create_verified_access_group.Rd:36): Warning: missing </ul> before </div>
ec2_create_verified_access_instance.html:82:1 (ec2_create_verified_access_instance.Rd:34): Warning: missing </ul> before </div>
ec2_create_verified_access_trust_provider.html:114:1 (ec2_create_verified_access_trust_provider.Rd:54): Warning: missing </ul> before </div>
ec2_create_volume.html:242:1 (ec2_create_volume.Rd:140): Warning: missing </ul> before </div>
ec2_create_vpc.html:145:1 (ec2_create_vpc.Rd:85): Warning: missing </ul> before </div>
ec2_create_vpc_block_public_access_exclusion.html:90:1 (ec2_create_vpc_block_public_access_exclusion.Rd:39): Warning: missing </ul> before </div>
ec2_create_vpc_endpoint.html:160:1 (ec2_create_vpc_endpoint.Rd:90): Warning: missing </ul> before </div>
ec2_create_vpc_endpoint_connection_notification.html:81:1 (ec2_create_vpc_endpoint_connection_notification.Rd:33): Warning: missing </ul> before </div>
ec2_create_vpc_endpoint_service_configuration.html:98:1 (ec2_create_vpc_endpoint_service_configuration.Rd:44): Warning: missing </ul> before </div>
ec2_create_vpc_peering_connection.html:86:1 (ec2_create_vpc_peering_connection.Rd:38): Warning: missing </ul> before </div>
ec2_create_vpn_connection.html:86:1 (ec2_create_vpn_connection.Rd:36): Warning: missing </ul> before </div>
ec2_create_vpn_connection_route.html:53:1 (ec2_create_vpn_connection_route.Rd:13): Warning: missing </ul> before </div>
ec2_create_vpn_gateway.html:78:1 (ec2_create_vpn_gateway.Rd:32): Warning: missing </ul> before </div>
ec2_delet_local_gatew_route_table_virtu_inter_group_assoc.html:59:1 (ec2_delet_local_gatew_route_table_virtu_inter_group_assoc.Rd:19): Warning: missing </ul> before </div>
ec2_delete_carrier_gateway.html:55:1 (ec2_delete_carrier_gateway.Rd:15): Warning: missing </ul> before </div>
ec2_delete_client_vpn_endpoint.html:55:1 (ec2_delete_client_vpn_endpoint.Rd:15): Warning: missing </ul> before </div>
ec2_delete_client_vpn_route.html:68:1 (ec2_delete_client_vpn_route.Rd:24): Warning: missing </ul> before </div>
ec2_delete_coip_cidr.html:59:1 (ec2_delete_coip_cidr.Rd:17): Warning: missing </ul> before </div>
ec2_delete_coip_pool.html:55:1 (ec2_delete_coip_pool.Rd:15): Warning: missing </ul> before </div>
ec2_delete_customer_gateway.html:55:1 (ec2_delete_customer_gateway.Rd:15): Warning: missing </ul> before </div>
ec2_delete_dhcp_options.html:55:1 (ec2_delete_dhcp_options.Rd:15): Warning: missing </ul> before </div>
ec2_delete_egress_only_internet_gateway.html:58:1 (ec2_delete_egress_only_internet_gateway.Rd:18): Warning: missing </ul> before </div>
ec2_delete_fleets.html:70:1 (ec2_delete_fleets.Rd:28): Warning: missing </ul> before </div>
ec2_delete_flow_logs.html:57:1 (ec2_delete_flow_logs.Rd:17): Warning: missing </ul> before </div>
ec2_delete_fpga_image.html:55:1 (ec2_delete_fpga_image.Rd:15): Warning: missing </ul> before </div>
ec2_delete_instance_connect_endpoint.html:55:1 (ec2_delete_instance_connect_endpoint.Rd:15): Warning: missing </ul> before </div>
ec2_delete_instance_event_window.html:64:1 (ec2_delete_instance_event_window.Rd:22): Warning: missing </ul> before </div>
ec2_delete_internet_gateway.html:55:1 (ec2_delete_internet_gateway.Rd:15): Warning: missing </ul> before </div>
ec2_delete_ipam.html:86:1 (ec2_delete_ipam.Rd:33): Warning: missing </ul> before </div>
ec2_delete_ipam_external_resource_verification_token.html:58:1 (ec2_delete_ipam_external_resource_verification_token.Rd:18): Warning: missing </ul> before </div>
ec2_delete_ipam_pool.html:64:1 (ec2_delete_ipam_pool.Rd:22): Warning: missing </ul> before </div>
ec2_delete_ipam_resource_discovery.html:55:1 (ec2_delete_ipam_resource_discovery.Rd:15): Warning: missing </ul> before </div>
ec2_delete_ipam_scope.html:55:1 (ec2_delete_ipam_scope.Rd:15): Warning: missing </ul> before </div>
ec2_delete_key_pair.html:60:1 (ec2_delete_key_pair.Rd:18): Warning: missing </ul> before </div>
ec2_delete_launch_template.html:69:1 (ec2_delete_launch_template.Rd:27): Warning: missing </ul> before </div>
ec2_delete_launch_template_versions.html:75:1 (ec2_delete_launch_template_versions.Rd:31): Warning: missing </ul> before </div>
ec2_delete_local_gateway_route.html:71:1 (ec2_delete_local_gateway_route.Rd:27): Warning: missing </ul> before </div>
ec2_delete_local_gateway_route_table.html:55:1 (ec2_delete_local_gateway_route_table.Rd:15): Warning: missing </ul> before </div>
ec2_delete_local_gateway_route_table_vpc_association.html:59:1 (ec2_delete_local_gateway_route_table_vpc_association.Rd:19): Warning: missing </ul> before </div>
ec2_delete_managed_prefix_list.html:55:1 (ec2_delete_managed_prefix_list.Rd:15): Warning: missing </ul> before </div>
ec2_delete_nat_gateway.html:55:1 (ec2_delete_nat_gateway.Rd:15): Warning: missing </ul> before </div>
ec2_delete_network_acl.html:55:1 (ec2_delete_network_acl.Rd:15): Warning: missing </ul> before </div>
ec2_delete_network_acl_entry.html:64:1 (ec2_delete_network_acl_entry.Rd:20): Warning: missing </ul> before </div>
ec2_delete_network_insights_access_scope.html:58:1 (ec2_delete_network_insights_access_scope.Rd:18): Warning: missing </ul> before </div>
ec2_delete_network_insights_access_scope_analysis.html:58:1 (ec2_delete_network_insights_access_scope_analysis.Rd:18): Warning: missing </ul> before </div>
ec2_delete_network_insights_analysis.html:55:1 (ec2_delete_network_insights_analysis.Rd:15): Warning: missing </ul> before </div>
ec2_delete_network_insights_path.html:55:1 (ec2_delete_network_insights_path.Rd:15): Warning: missing </ul> before </div>
ec2_delete_network_interface.html:55:1 (ec2_delete_network_interface.Rd:15): Warning: missing </ul> before </div>
ec2_delete_network_interface_permission.html:64:1 (ec2_delete_network_interface_permission.Rd:22): Warning: missing </ul> before </div>
ec2_delete_placement_group.html:55:1 (ec2_delete_placement_group.Rd:15): Warning: missing </ul> before </div>
ec2_delete_public_ipv_4_pool.html:63:1 (ec2_delete_public_ipv_4_pool.Rd:21): Warning: missing </ul> before </div>
ec2_delete_queued_reserved_instances.html:55:1 (ec2_delete_queued_reserved_instances.Rd:15): Warning: missing </ul> before </div>
ec2_delete_route.html:75:1 (ec2_delete_route.Rd:29): Warning: missing </ul> before </div>
ec2_delete_route_table.html:55:1 (ec2_delete_route_table.Rd:15): Warning: missing </ul> before </div>
ec2_delete_security_group.html:61:1 (ec2_delete_security_group.Rd:19): Warning: missing </ul> before </div>
ec2_delete_snapshot.html:55:1 (ec2_delete_snapshot.Rd:15): Warning: missing </ul> before </div>
ec2_delete_spot_datafeed_subscription.html:51:1 (ec2_delete_spot_datafeed_subscription.Rd:13): Warning: missing </ul> before </div>
ec2_delete_subnet.html:55:1 (ec2_delete_subnet.Rd:15): Warning: missing </ul> before </div>
ec2_delete_subnet_cidr_reservation.html:55:1 (ec2_delete_subnet_cidr_reservation.Rd:15): Warning: missing </ul> before </div>
ec2_delete_tags.html:72:1 (ec2_delete_tags.Rd:30): Warning: missing </ul> before </div>
ec2_delete_traffic_mirror_filter.html:55:1 (ec2_delete_traffic_mirror_filter.Rd:15): Warning: missing </ul> before </div>
ec2_delete_traffic_mirror_filter_rule.html:55:1 (ec2_delete_traffic_mirror_filter_rule.Rd:15): Warning: missing </ul> before </div>
ec2_delete_traffic_mirror_session.html:55:1 (ec2_delete_traffic_mirror_session.Rd:15): Warning: missing </ul> before </div>
ec2_delete_traffic_mirror_target.html:55:1 (ec2_delete_traffic_mirror_target.Rd:15): Warning: missing </ul> before </div>
ec2_delete_transit_gateway.html:55:1 (ec2_delete_transit_gateway.Rd:15): Warning: missing </ul> before </div>
ec2_delete_transit_gateway_connect.html:55:1 (ec2_delete_transit_gateway_connect.Rd:15): Warning: missing </ul> before </div>
ec2_delete_transit_gateway_connect_peer.html:58:1 (ec2_delete_transit_gateway_connect_peer.Rd:18): Warning: missing </ul> before </div>
ec2_delete_transit_gateway_multicast_domain.html:58:1 (ec2_delete_transit_gateway_multicast_domain.Rd:18): Warning: missing </ul> before </div>
ec2_delete_transit_gateway_peering_attachment.html:58:1 (ec2_delete_transit_gateway_peering_attachment.Rd:18): Warning: missing </ul> before </div>
ec2_delete_transit_gateway_policy_table.html:58:1 (ec2_delete_transit_gateway_policy_table.Rd:18): Warning: missing </ul> before </div>
ec2_delete_transit_gateway_prefix_list_reference.html:64:1 (ec2_delete_transit_gateway_prefix_list_reference.Rd:22): Warning: missing </ul> before </div>
ec2_delete_transit_gateway_route.html:65:1 (ec2_delete_transit_gateway_route.Rd:23): Warning: missing </ul> before </div>
ec2_delete_transit_gateway_route_table.html:58:1 (ec2_delete_transit_gateway_route_table.Rd:18): Warning: missing </ul> before </div>
ec2_delete_transit_gateway_route_table_announcement.html:59:1 (ec2_delete_transit_gateway_route_table_announcement.Rd:19): Warning: missing </ul> before </div>
ec2_delete_transit_gateway_vpc_attachment.html:58:1 (ec2_delete_transit_gateway_vpc_attachment.Rd:18): Warning: missing </ul> before </div>
ec2_delete_verified_access_endpoint.html:64:1 (ec2_delete_verified_access_endpoint.Rd:22): Warning: missing </ul> before </div>
ec2_delete_verified_access_group.html:64:1 (ec2_delete_verified_access_group.Rd:22): Warning: missing </ul> before </div>
ec2_delete_verified_access_instance.html:64:1 (ec2_delete_verified_access_instance.Rd:22): Warning: missing </ul> before </div>
ec2_delete_verified_access_trust_provider.html:64:1 (ec2_delete_verified_access_trust_provider.Rd:22): Warning: missing </ul> before </div>
ec2_delete_volume.html:55:1 (ec2_delete_volume.Rd:15): Warning: missing </ul> before </div>
ec2_delete_vpc.html:55:1 (ec2_delete_vpc.Rd:15): Warning: missing </ul> before </div>
ec2_delete_vpc_block_public_access_exclusion.html:55:1 (ec2_delete_vpc_block_public_access_exclusion.Rd:15): Warning: missing </ul> before </div>
ec2_delete_vpc_endpoint_connection_notifications.html:58:1 (ec2_delete_vpc_endpoint_connection_notifications.Rd:18): Warning: missing </ul> before </div>
ec2_delete_vpc_endpoint_service_configurations.html:55:1 (ec2_delete_vpc_endpoint_service_configurations.Rd:15): Warning: missing </ul> before </div>
ec2_delete_vpc_endpoints.html:55:1 (ec2_delete_vpc_endpoints.Rd:15): Warning: missing </ul> before </div>
ec2_delete_vpc_peering_connection.html:55:1 (ec2_delete_vpc_peering_connection.Rd:15): Warning: missing </ul> before </div>
ec2_delete_vpn_connection.html:55:1 (ec2_delete_vpn_connection.Rd:15): Warning: missing </ul> before </div>
ec2_delete_vpn_connection_route.html:53:1 (ec2_delete_vpn_connection_route.Rd:13): Warning: missing </ul> before </div>
ec2_delete_vpn_gateway.html:55:1 (ec2_delete_vpn_gateway.Rd:15): Warning: missing </ul> before </div>
ec2_deprovision_byoip_cidr.html:58:1 (ec2_deprovision_byoip_cidr.Rd:18): Warning: missing </ul> before </div>
ec2_deprovision_ipam_byoasn.html:60:1 (ec2_deprovision_ipam_byoasn.Rd:18): Warning: missing </ul> before </div>
ec2_deprovision_ipam_pool_cidr.html:59:1 (ec2_deprovision_ipam_pool_cidr.Rd:17): Warning: missing </ul> before </div>
ec2_deprovision_public_ipv_4_pool_cidr.html:63:1 (ec2_deprovision_public_ipv_4_pool_cidr.Rd:21): Warning: missing </ul> before </div>
ec2_deregister_image.html:55:1 (ec2_deregister_image.Rd:15): Warning: missing </ul> before </div>
ec2_deregister_instance_event_notification_attributes.html:60:1 (ec2_deregister_instance_event_notification_attributes.Rd:20): Warning: missing </ul> before </div>
ec2_deregister_transit_gateway_multicast_group_members.html:69:1 (ec2_deregister_transit_gateway_multicast_group_members.Rd:25): Warning: missing </ul> before </div>
ec2_deregister_transit_gateway_multicast_group_sources.html:69:1 (ec2_deregister_transit_gateway_multicast_group_sources.Rd:25): Warning: missing </ul> before </div>
ec2_descr_local_gatew_route_table_virtu_inter_group_assoc.html:105:1 (ec2_descr_local_gatew_route_table_virtu_inter_group_assoc.Rd:44): Warning: missing </ul> before </div>
ec2_describe_account_attributes.html:55:1 (ec2_describe_account_attributes.Rd:15): Warning: missing </ul> before </div>
ec2_describe_address_transfers.html:70:1 (ec2_describe_address_transfers.Rd:26): Warning: missing </ul> before </div>
ec2_describe_addresses.html:116:1 (ec2_describe_addresses.Rd:51): Warning: missing </ul> before </div>
ec2_describe_addresses_attribute.html:75:1 (ec2_describe_addresses_attribute.Rd:29): Warning: missing </ul> before </div>
ec2_describe_aggregate_id_format.html:52:1 (ec2_describe_aggregate_id_format.Rd:14): Warning: missing </ul> before </div>
ec2_describe_availability_zones.html:126:1 (ec2_describe_availability_zones.Rd:59): Warning: missing </ul> before </div>
ec2_describe_aws_network_performance_metric_subscriptions.html:70:1 (ec2_describe_aws_network_performance_metric_subscriptions.Rd:26): Warning: missing </ul> before </div>
ec2_describe_bundle_tasks.html:97:1 (ec2_describe_bundle_tasks.Rd:34): Warning: missing </ul> before </div>
ec2_describe_byoip_cidrs.html:62:1 (ec2_describe_byoip_cidrs.Rd:20): Warning: missing </ul> before </div>
ec2_describe_capacity_block_extension_history.html:101:1 (ec2_describe_capacity_block_extension_history.Rd:42): Warning: missing </ul> before </div>
ec2_describe_capacity_block_extension_offerings.html:77:1 (ec2_describe_capacity_block_extension_offerings.Rd:31): Warning: missing </ul> before </div>
ec2_describe_capacity_block_offerings.html:93:1 (ec2_describe_capacity_block_offerings.Rd:41): Warning: missing </ul> before </div>
ec2_describe_capacity_reservation_billing_requests.html:113:1 (ec2_describe_capacity_reservation_billing_requests.Rd:53): Warning: missing </ul> before </div>
ec2_describe_capacity_reservation_fleets.html:95:1 (ec2_describe_capacity_reservation_fleets.Rd:40): Warning: missing </ul> before </div>
ec2_describe_capacity_reservations.html:197:1 (ec2_describe_capacity_reservations.Rd:100): Warning: missing </ul> before </div>
ec2_describe_carrier_gateways.html:104:1 (ec2_describe_carrier_gateways.Rd:45): Warning: missing </ul> before </div>
ec2_describe_classic_link_instances.html:105:1 (ec2_describe_classic_link_instances.Rd:48): Warning: missing </ul> before </div>
ec2_describe_client_vpn_authorization_rules.html:89:1 (ec2_describe_client_vpn_authorization_rules.Rd:36): Warning: missing </ul> before </div>
ec2_describe_client_vpn_connections.html:87:1 (ec2_describe_client_vpn_connections.Rd:36): Warning: missing </ul> before </div>
ec2_describe_client_vpn_endpoints.html:84:1 (ec2_describe_client_vpn_endpoints.Rd:33): Warning: missing </ul> before </div>
ec2_describe_client_vpn_routes.html:89:1 (ec2_describe_client_vpn_routes.Rd:36): Warning: missing </ul> before </div>
ec2_describe_client_vpn_target_networks.html:94:1 (ec2_describe_client_vpn_target_networks.Rd:39): Warning: missing </ul> before </div>
ec2_describe_coip_pools.html:86:1 (ec2_describe_coip_pools.Rd:35): Warning: missing </ul> before </div>
ec2_describe_conversion_tasks.html:55:1 (ec2_describe_conversion_tasks.Rd:15): Warning: missing </ul> before </div>
ec2_describe_customer_gateways.html:99:1 (ec2_describe_customer_gateways.Rd:42): Warning: missing </ul> before </div>
ec2_describe_declarative_policies_reports.html:73:1 (ec2_describe_declarative_policies_reports.Rd:29): Warning: missing </ul> before </div>
ec2_describe_dhcp_options.html:105:1 (ec2_describe_dhcp_options.Rd:46): Warning: missing </ul> before </div>
ec2_describe_egress_only_internet_gateways.html:92:1 (ec2_describe_egress_only_internet_gateways.Rd:41): Warning: missing </ul> before </div>
ec2_describe_elastic_gpus.html:98:1 (ec2_describe_elastic_gpus.Rd:41): Warning: missing </ul> before </div>
ec2_describe_export_image_tasks.html:75:1 (ec2_describe_export_image_tasks.Rd:29): Warning: missing </ul> before </div>
ec2_describe_export_tasks.html:53:1 (ec2_describe_export_tasks.Rd:13): Warning: missing </ul> before </div>
ec2_describe_fast_launch_images.html:90:1 (ec2_describe_fast_launch_images.Rd:37): Warning: missing </ul> before </div>
ec2_describe_fast_snapshot_restores.html:89:1 (ec2_describe_fast_snapshot_restores.Rd:36): Warning: missing </ul> before </div>
ec2_describe_fleet_history.html:84:1 (ec2_describe_fleet_history.Rd:36): Warning: missing </ul> before </div>
ec2_describe_fleet_instances.html:83:1 (ec2_describe_fleet_instances.Rd:34): Warning: missing </ul> before </div>
ec2_describe_fleets.html:104:1 (ec2_describe_fleets.Rd:47): Warning: missing </ul> before </div>
ec2_describe_flow_logs.html:114:1 (ec2_describe_flow_logs.Rd:51): Warning: missing </ul> before </div>
ec2_describe_fpga_image_attribute.html:60:1 (ec2_describe_fpga_image_attribute.Rd:18): Warning: missing </ul> before </div>
ec2_describe_fpga_images.html:124:1 (ec2_describe_fpga_images.Rd:53): Warning: missing </ul> before </div>
ec2_describe_host_reservation_offerings.html:97:1 (ec2_describe_host_reservation_offerings.Rd:44): Warning: missing </ul> before </div>
ec2_describe_host_reservations.html:95:1 (ec2_describe_host_reservations.Rd:40): Warning: missing </ul> before </div>
ec2_describe_hosts.html:104:1 (ec2_describe_hosts.Rd:45): Warning: missing </ul> before </div>
ec2_describe_iam_instance_profile_associations.html:79:1 (ec2_describe_iam_instance_profile_associations.Rd:30): Warning: missing </ul> before </div>
ec2_describe_id_format.html:59:1 (ec2_describe_id_format.Rd:21): Warning: missing </ul> before </div>
ec2_describe_identity_id_format.html:63:1 (ec2_describe_identity_id_format.Rd:23): Warning: missing </ul> before </div>
ec2_describe_image_attribute.html:64:1 (ec2_describe_image_attribute.Rd:22): Warning: missing </ul> before </div>
ec2_describe_images.html:278:1 (ec2_describe_images.Rd:144): Warning: missing </ul> before </div>
ec2_describe_import_image_tasks.html:75:1 (ec2_describe_import_image_tasks.Rd:29): Warning: missing </ul> before </div>
ec2_describe_import_snapshot_tasks.html:75:1 (ec2_describe_import_snapshot_tasks.Rd:29): Warning: missing </ul> before </div>
ec2_describe_instance_attribute.html:61:1 (ec2_describe_instance_attribute.Rd:19): Warning: missing </ul> before </div>
ec2_describe_instance_connect_endpoints.html:115:1 (ec2_describe_instance_connect_endpoints.Rd:54): Warning: missing </ul> before </div>
ec2_describe_instance_credit_specifications.html:91:1 (ec2_describe_instance_credit_specifications.Rd:42): Warning: missing </ul> before </div>
ec2_describe_instance_event_notification_attributes.html:52:1 (ec2_describe_instance_event_notification_attributes.Rd:14): Warning: missing </ul> before </div>
ec2_describe_instance_event_windows.html:120:1 (ec2_describe_instance_event_windows.Rd:55): Warning: missing </ul> before </div>
ec2_describe_instance_image_metadata.html:142:1 (ec2_describe_instance_image_metadata.Rd:73): Warning: missing </ul> before </div>
ec2_describe_instance_status.html:167:1 (ec2_describe_instance_status.Rd:86): Warning: missing </ul> before </div>
ec2_describe_instance_topology.html:114:1 (ec2_describe_instance_topology.Rd:59): Warning: missing </ul> before </div>
ec2_describe_instance_type_offerings.html:109:1 (ec2_describe_instance_type_offerings.Rd:49): Warning: missing </ul> before </div>
ec2_describe_instance_types.html:293:1 (ec2_describe_instance_types.Rd:144): Warning: missing </ul> before </div>
ec2_describe_instances.html:661:1 (ec2_describe_instances.Rd:344): Warning: missing </ul> before </div>
ec2_describe_internet_gateways.html:109:1 (ec2_describe_internet_gateways.Rd:50): Warning: missing </ul> before </div>
ec2_describe_ipam_byoasn.html:62:1 (ec2_describe_ipam_byoasn.Rd:20): Warning: missing </ul> before </div>
ec2_describe_ipam_external_resource_verification_tokens.html:106:1 (ec2_describe_ipam_external_resource_verification_tokens.Rd:41): Warning: missing </ul> before </div>
ec2_describe_ipam_pools.html:74:1 (ec2_describe_ipam_pools.Rd:28): Warning: missing </ul> before </div>
ec2_describe_ipam_resource_discoveries.html:75:1 (ec2_describe_ipam_resource_discoveries.Rd:29): Warning: missing </ul> before </div>
ec2_describe_ipam_resource_discovery_associations.html:75:1 (ec2_describe_ipam_resource_discovery_associations.Rd:29): Warning: missing </ul> before </div>
ec2_describe_ipam_scopes.html:74:1 (ec2_describe_ipam_scopes.Rd:28): Warning: missing </ul> before </div>
ec2_describe_ipams.html:74:1 (ec2_describe_ipams.Rd:28): Warning: missing </ul> before </div>
ec2_describe_ipv_6_pools.html:90:1 (ec2_describe_ipv_6_pools.Rd:39): Warning: missing </ul> before </div>
ec2_describe_key_pairs.html:101:1 (ec2_describe_key_pairs.Rd:44): Warning: missing </ul> before </div>
ec2_describe_launch_template_versions.html:185:1 (ec2_describe_launch_template_versions.Rd:100): Warning: missing </ul> before </div>
ec2_describe_launch_templates.html:101:1 (ec2_describe_launch_templates.Rd:44): Warning: missing </ul> before </div>
ec2_describe_local_gateway_route_table_vpc_associations.html:104:1 (ec2_describe_local_gateway_route_table_vpc_associations.Rd:43): Warning: missing </ul> before </div>
ec2_describe_local_gateway_route_tables.html:99:1 (ec2_describe_local_gateway_route_tables.Rd:40): Warning: missing </ul> before </div>
ec2_describe_local_gateway_virtual_interface_groups.html:93:1 (ec2_describe_local_gateway_virtual_interface_groups.Rd:38): Warning: missing </ul> before </div>
ec2_describe_local_gateway_virtual_interfaces.html:105:1 (ec2_describe_local_gateway_virtual_interfaces.Rd:42): Warning: missing </ul> before </div>
ec2_describe_local_gateways.html:91:1 (ec2_describe_local_gateways.Rd:36): Warning: missing </ul> before </div>
ec2_describe_locked_snapshots.html:84:1 (ec2_describe_locked_snapshots.Rd:35): Warning: missing </ul> before </div>
ec2_describe_mac_hosts.html:80:1 (ec2_describe_mac_hosts.Rd:31): Warning: missing </ul> before </div>
ec2_describe_managed_prefix_lists.html:88:1 (ec2_describe_managed_prefix_lists.Rd:35): Warning: missing </ul> before </div>
ec2_describe_moving_addresses.html:86:1 (ec2_describe_moving_addresses.Rd:37): Warning: missing </ul> before </div>
ec2_describe_nat_gateways.html:105:1 (ec2_describe_nat_gateways.Rd:46): Warning: missing </ul> before </div>
ec2_describe_network_acls.html:154:1 (ec2_describe_network_acls.Rd:69): Warning: missing </ul> before </div>
ec2_describe_network_insights_access_scope_analyses.html:92:1 (ec2_describe_network_insights_access_scope_analyses.Rd:40): Warning: missing </ul> before </div>
ec2_describe_network_insights_access_scopes.html:75:1 (ec2_describe_network_insights_access_scopes.Rd:29): Warning: missing </ul> before </div>
ec2_describe_network_insights_analyses.html:101:1 (ec2_describe_network_insights_analyses.Rd:44): Warning: missing </ul> before </div>
ec2_describe_network_insights_paths.html:119:1 (ec2_describe_network_insights_paths.Rd:50): Warning: missing </ul> before </div>
ec2_describe_network_interface_attribute.html:63:1 (ec2_describe_network_interface_attribute.Rd:21): Warning: missing </ul> before </div>
ec2_describe_network_interface_permissions.html:93:1 (ec2_describe_network_interface_permissions.Rd:38): Warning: missing </ul> before </div>
ec2_describe_network_interfaces.html:239:1 (ec2_describe_network_interfaces.Rd:120): Warning: missing </ul> before </div>
ec2_describe_placement_groups.html:115:1 (ec2_describe_placement_groups.Rd:51): Warning: missing </ul> before </div>
ec2_describe_prefix_lists.html:86:1 (ec2_describe_prefix_lists.Rd:35): Warning: missing </ul> before </div>
ec2_describe_principal_id_format.html:81:1 (ec2_describe_principal_id_format.Rd:37): Warning: missing </ul> before </div>
ec2_describe_public_ipv_4_pools.html:82:1 (ec2_describe_public_ipv_4_pools.Rd:33): Warning: missing </ul> before </div>
ec2_describe_regions.html:84:1 (ec2_describe_regions.Rd:33): Warning: missing </ul> before </div>
ec2_describe_replace_root_volume_tasks.html:84:1 (ec2_describe_replace_root_volume_tasks.Rd:35): Warning: missing </ul> before </div>
ec2_describe_reserved_instances.html:141:1 (ec2_describe_reserved_instances.Rd:68): Warning: missing </ul> before </div>
ec2_describe_reserved_instances_listings.html:78:1 (ec2_describe_reserved_instances_listings.Rd:27): Warning: missing </ul> before </div>
ec2_describe_reserved_instances_modifications.html:108:1 (ec2_describe_reserved_instances_modifications.Rd:41): Warning: missing </ul> before </div>
ec2_describe_reserved_instances_offerings.html:195:1 (ec2_describe_reserved_instances_offerings.Rd:110): Warning: missing </ul> before </div>
ec2_describe_route_tables.html:173:1 (ec2_describe_route_tables.Rd:84): Warning: missing </ul> before </div>
ec2_describe_scheduled_instance_availability.html:108:1 (ec2_describe_scheduled_instance_availability.Rd:49): Warning: missing </ul> before </div>
ec2_describe_scheduled_instances.html:95:1 (ec2_describe_scheduled_instances.Rd:40): Warning: missing </ul> before </div>
ec2_describe_security_group_references.html:57:1 (ec2_describe_security_group_references.Rd:17): Warning: missing </ul> before </div>
ec2_describe_security_group_rules.html:94:1 (ec2_describe_security_group_rules.Rd:41): Warning: missing </ul> before </div>
ec2_describe_security_group_vpc_associations.html:100:1 (ec2_describe_security_group_vpc_associations.Rd:43): Warning: missing </ul> before </div>
ec2_describe_security_groups.html:197:1 (ec2_describe_security_groups.Rd:98): Warning: missing </ul> before </div>
ec2_describe_snapshot_attribute.html:59:1 (ec2_describe_snapshot_attribute.Rd:17): Warning: missing </ul> before </div>
ec2_describe_snapshot_tier_status.html:89:1 (ec2_describe_snapshot_tier_status.Rd:38): Warning: missing </ul> before </div>
ec2_describe_snapshots.html:154:1 (ec2_describe_snapshots.Rd:75): Warning: missing </ul> before </div>
ec2_describe_spot_datafeed_subscription.html:51:1 (ec2_describe_spot_datafeed_subscription.Rd:13): Warning: missing </ul> before </div>
ec2_describe_spot_fleet_instances.html:72:1 (ec2_describe_spot_fleet_instances.Rd:28): Warning: missing </ul> before </div>
ec2_describe_spot_fleet_request_history.html:84:1 (ec2_describe_spot_fleet_request_history.Rd:36): Warning: missing </ul> before </div>
ec2_describe_spot_fleet_requests.html:72:1 (ec2_describe_spot_fleet_requests.Rd:28): Warning: missing </ul> before </div>
ec2_describe_spot_instance_requests.html:234:1 (ec2_describe_spot_instance_requests.Rd:109): Warning: missing </ul> before </div>
ec2_describe_spot_price_history.html:128:1 (ec2_describe_spot_price_history.Rd:63): Warning: missing </ul> before </div>
ec2_describe_stale_security_groups.html:74:1 (ec2_describe_stale_security_groups.Rd:30): Warning: missing </ul> before </div>
ec2_describe_store_image_tasks.html:96:1 (ec2_describe_store_image_tasks.Rd:45): Warning: missing </ul> before </div>
ec2_describe_subnets.html:195:1 (ec2_describe_subnets.Rd:98): Warning: missing </ul> before </div>
ec2_describe_tags.html:94:1 (ec2_describe_tags.Rd:39): Warning: missing </ul> before </div>
ec2_describe_traffic_mirror_filter_rules.html:117:1 (ec2_describe_traffic_mirror_filter_rules.Rd:50): Warning: missing </ul> before </div>
ec2_describe_traffic_mirror_filters.html:84:1 (ec2_describe_traffic_mirror_filters.Rd:33): Warning: missing </ul> before </div>
ec2_describe_traffic_mirror_sessions.html:108:1 (ec2_describe_traffic_mirror_sessions.Rd:43): Warning: missing </ul> before </div>
ec2_describe_traffic_mirror_targets.html:96:1 (ec2_describe_traffic_mirror_targets.Rd:39): Warning: missing </ul> before </div>
ec2_describe_transit_gateway_attachments.html:113:1 (ec2_describe_transit_gateway_attachments.Rd:48): Warning: missing </ul> before </div>
ec2_describe_transit_gateway_connect_peers.html:88:1 (ec2_describe_transit_gateway_connect_peers.Rd:35): Warning: missing </ul> before </div>
ec2_describe_transit_gateway_connects.html:97:1 (ec2_describe_transit_gateway_connects.Rd:40): Warning: missing </ul> before </div>
ec2_describe_transit_gateway_multicast_domains.html:89:1 (ec2_describe_transit_gateway_multicast_domains.Rd:36): Warning: missing </ul> before </div>
ec2_describe_transit_gateway_peering_attachments.html:110:1 (ec2_describe_transit_gateway_peering_attachments.Rd:49): Warning: missing </ul> before </div>
ec2_describe_transit_gateway_policy_tables.html:75:1 (ec2_describe_transit_gateway_policy_tables.Rd:29): Warning: missing </ul> before </div>
ec2_describe_transit_gateway_route_table_announcements.html:75:1 (ec2_describe_transit_gateway_route_table_announcements.Rd:29): Warning: missing </ul> before </div>
ec2_describe_transit_gateway_route_tables.html:99:1 (ec2_describe_transit_gateway_route_tables.Rd:42): Warning: missing </ul> before </div>
ec2_describe_transit_gateway_vpc_attachments.html:93:1 (ec2_describe_transit_gateway_vpc_attachments.Rd:38): Warning: missing </ul> before </div>
ec2_describe_transit_gateways.html:131:1 (ec2_describe_transit_gateways.Rd:60): Warning: missing </ul> before </div>
ec2_describe_trunk_interface_associations.html:85:1 (ec2_describe_trunk_interface_associations.Rd:34): Warning: missing </ul> before </div>
ec2_describe_verified_access_endpoints.html:85:1 (ec2_describe_verified_access_endpoints.Rd:35): Warning: missing </ul> before </div>
ec2_describe_verified_access_groups.html:80:1 (ec2_describe_verified_access_groups.Rd:32): Warning: missing </ul> before </div>
ec2_describe_verified_access_instance_logging_configurations.html:75:1 (ec2_describe_verified_access_instance_logging_configurations.Rd:29): Warning: missing </ul> before </div>
ec2_describe_verified_access_instances.html:75:1 (ec2_describe_verified_access_instances.Rd:29): Warning: missing </ul> before </div>
ec2_describe_verified_access_trust_providers.html:76:1 (ec2_describe_verified_access_trust_providers.Rd:30): Warning: missing </ul> before </div>
ec2_describe_volume_attribute.html:59:1 (ec2_describe_volume_attribute.Rd:17): Warning: missing </ul> before </div>
ec2_describe_volume_status.html:126:1 (ec2_describe_volume_status.Rd:55): Warning: missing </ul> before </div>
ec2_describe_volumes.html:158:1 (ec2_describe_volumes.Rd:73): Warning: missing </ul> before </div>
ec2_describe_volumes_modifications.html:118:1 (ec2_describe_volumes_modifications.Rd:49): Warning: missing </ul> before </div>
ec2_describe_vpc_attribute.html:59:1 (ec2_describe_vpc_attribute.Rd:17): Warning: missing </ul> before </div>
ec2_describe_vpc_block_public_access_exclusions.html:108:1 (ec2_describe_vpc_block_public_access_exclusions.Rd:49): Warning: missing </ul> before </div>
ec2_describe_vpc_block_public_access_options.html:51:1 (ec2_describe_vpc_block_public_access_options.Rd:13): Warning: missing </ul> before </div>
ec2_describe_vpc_classic_link.html:78:1 (ec2_describe_vpc_classic_link.Rd:29): Warning: missing </ul> before </div>
ec2_describe_vpc_classic_link_dns_support.html:64:1 (ec2_describe_vpc_classic_link_dns_support.Rd:22): Warning: missing </ul> before </div>
ec2_describe_vpc_endpoint_associations.html:105:1 (ec2_describe_vpc_endpoint_associations.Rd:44): Warning: missing </ul> before </div>
ec2_describe_vpc_endpoint_connection_notifications.html:99:1 (ec2_describe_vpc_endpoint_connection_notifications.Rd:40): Warning: missing </ul> before </div>
ec2_describe_vpc_endpoint_connections.html:98:1 (ec2_describe_vpc_endpoint_connections.Rd:41): Warning: missing </ul> before </div>
ec2_describe_vpc_endpoint_service_configurations.html:107:1 (ec2_describe_vpc_endpoint_service_configurations.Rd:48): Warning: missing </ul> before </div>
ec2_describe_vpc_endpoint_service_permissions.html:88:1 (ec2_describe_vpc_endpoint_service_permissions.Rd:37): Warning: missing </ul> before </div>
ec2_describe_vpc_endpoint_services.html:117:1 (ec2_describe_vpc_endpoint_services.Rd:54): Warning: missing </ul> before </div>
ec2_describe_vpc_endpoints.html:118:1 (ec2_describe_vpc_endpoints.Rd:53): Warning: missing </ul> before </div>
ec2_describe_vpc_peering_connections.html:132:1 (ec2_describe_vpc_peering_connections.Rd:61): Warning: missing </ul> before </div>
ec2_describe_vpcs.html:142:1 (ec2_describe_vpcs.Rd:65): Warning: missing </ul> before </div>
ec2_describe_vpn_connections.html:120:1 (ec2_describe_vpn_connections.Rd:53): Warning: missing </ul> before </div>
ec2_describe_vpn_gateways.html:103:1 (ec2_describe_vpn_gateways.Rd:42): Warning: missing </ul> before </div>
ec2_detach_classic_link_vpc.html:59:1 (ec2_detach_classic_link_vpc.Rd:17): Warning: missing </ul> before </div>
ec2_detach_internet_gateway.html:60:1 (ec2_detach_internet_gateway.Rd:18): Warning: missing </ul> before </div>
ec2_detach_network_interface.html:79:1 (ec2_detach_network_interface.Rd:30): Warning: missing </ul> before </div>
ec2_detach_verified_access_trust_provider.html:70:1 (ec2_detach_verified_access_trust_provider.Rd:26): Warning: missing </ul> before </div>
ec2_detach_volume.html:80:1 (ec2_detach_volume.Rd:34): Warning: missing </ul> before </div>
ec2_detach_vpn_gateway.html:59:1 (ec2_detach_vpn_gateway.Rd:17): Warning: missing </ul> before </div>
ec2_disable_address_transfer.html:55:1 (ec2_disable_address_transfer.Rd:15): Warning: missing </ul> before </div>
ec2_disable_allowed_images_settings.html:52:1 (ec2_disable_allowed_images_settings.Rd:14): Warning: missing </ul> before </div>
ec2_disable_aws_network_performance_metric_subscription.html:75:1 (ec2_disable_aws_network_performance_metric_subscription.Rd:29): Warning: missing </ul> before </div>
ec2_disable_ebs_encryption_by_default.html:52:1 (ec2_disable_ebs_encryption_by_default.Rd:14): Warning: missing </ul> before </div>
ec2_disable_fast_launch.html:62:1 (ec2_disable_fast_launch.Rd:20): Warning: missing </ul> before </div>
ec2_disable_fast_snapshot_restores.html:64:1 (ec2_disable_fast_snapshot_restores.Rd:22): Warning: missing </ul> before </div>
ec2_disable_image.html:56:1 (ec2_disable_image.Rd:16): Warning: missing </ul> before </div>
ec2_disable_image_block_public_access.html:52:1 (ec2_disable_image_block_public_access.Rd:14): Warning: missing </ul> before </div>
ec2_disable_image_deprecation.html:55:1 (ec2_disable_image_deprecation.Rd:15): Warning: missing </ul> before </div>
ec2_disable_image_deregistration_protection.html:55:1 (ec2_disable_image_deregistration_protection.Rd:15): Warning: missing </ul> before </div>
ec2_disable_ipam_organization_admin_account.html:59:1 (ec2_disable_ipam_organization_admin_account.Rd:19): Warning: missing </ul> before </div>
ec2_disable_serial_console_access.html:52:1 (ec2_disable_serial_console_access.Rd:14): Warning: missing </ul> before </div>
ec2_disable_snapshot_block_public_access.html:52:1 (ec2_disable_snapshot_block_public_access.Rd:14): Warning: missing </ul> before </div>
ec2_disable_transit_gateway_route_table_propagation.html:69:1 (ec2_disable_transit_gateway_route_table_propagation.Rd:25): Warning: missing </ul> before </div>
ec2_disable_vgw_route_propagation.html:60:1 (ec2_disable_vgw_route_propagation.Rd:18): Warning: missing </ul> before </div>
ec2_disable_vpc_classic_link.html:55:1 (ec2_disable_vpc_classic_link.Rd:15): Warning: missing </ul> before </div>
ec2_disable_vpc_classic_link_dns_support.html:48:1 (ec2_disable_vpc_classic_link_dns_support.Rd:10): Warning: missing </ul> before </div>
ec2_disassociate_address.html:60:1 (ec2_disassociate_address.Rd:18): Warning: missing </ul> before </div>
ec2_disassociate_capacity_reservation_billing_owner.html:65:1 (ec2_disassociate_capacity_reservation_billing_owner.Rd:23): Warning: missing </ul> before </div>
ec2_disassociate_client_vpn_target_network.html:64:1 (ec2_disassociate_client_vpn_target_network.Rd:22): Warning: missing </ul> before </div>
ec2_disassociate_enclave_certificate_iam_role.html:63:1 (ec2_disassociate_enclave_certificate_iam_role.Rd:21): Warning: missing </ul> before </div>
ec2_disassociate_iam_instance_profile.html:48:1 (ec2_disassociate_iam_instance_profile.Rd:10): Warning: missing </ul> before </div>
ec2_disassociate_instance_event_window.html:63:1 (ec2_disassociate_instance_event_window.Rd:21): Warning: missing </ul> before </div>
ec2_disassociate_ipam_byoasn.html:60:1 (ec2_disassociate_ipam_byoasn.Rd:18): Warning: missing </ul> before </div>
ec2_disassociate_ipam_resource_discovery.html:58:1 (ec2_disassociate_ipam_resource_discovery.Rd:18): Warning: missing </ul> before </div>
ec2_disassociate_nat_gateway_address.html:72:1 (ec2_disassociate_nat_gateway_address.Rd:28): Warning: missing </ul> before </div>
ec2_disassociate_route_table.html:56:1 (ec2_disassociate_route_table.Rd:16): Warning: missing </ul> before </div>
ec2_disassociate_security_group_vpc.html:59:1 (ec2_disassociate_security_group_vpc.Rd:17): Warning: missing </ul> before </div>
ec2_disassociate_subnet_cidr_block.html:48:1 (ec2_disassociate_subnet_cidr_block.Rd:10): Warning: missing </ul> before </div>
ec2_disassociate_transit_gateway_multicast_domain.html:69:1 (ec2_disassociate_transit_gateway_multicast_domain.Rd:25): Warning: missing </ul> before </div>
ec2_disassociate_transit_gateway_policy_table.html:64:1 (ec2_disassociate_transit_gateway_policy_table.Rd:22): Warning: missing </ul> before </div>
ec2_disassociate_transit_gateway_route_table.html:63:1 (ec2_disassociate_transit_gateway_route_table.Rd:21): Warning: missing </ul> before </div>
ec2_disassociate_trunk_interface.html:65:1 (ec2_disassociate_trunk_interface.Rd:23): Warning: missing </ul> before </div>
ec2_disassociate_vpc_cidr_block.html:48:1 (ec2_disassociate_vpc_cidr_block.Rd:10): Warning: missing </ul> before </div>
ec2_enable_address_transfer.html:60:1 (ec2_enable_address_transfer.Rd:18): Warning: missing </ul> before </div>
ec2_enable_allowed_images_settings.html:58:1 (ec2_enable_allowed_images_settings.Rd:18): Warning: missing </ul> before </div>
ec2_enable_aws_network_performance_metric_subscription.html:79:1 (ec2_enable_aws_network_performance_metric_subscription.Rd:33): Warning: missing </ul> before </div>
ec2_enable_ebs_encryption_by_default.html:51:1 (ec2_enable_ebs_encryption_by_default.Rd:13): Warning: missing </ul> before </div>
ec2_enable_fast_launch.html:87:1 (ec2_enable_fast_launch.Rd:39): Warning: missing </ul> before </div>
ec2_enable_fast_snapshot_restores.html:66:1 (ec2_enable_fast_snapshot_restores.Rd:24): Warning: missing </ul> before </div>
ec2_enable_image.html:55:1 (ec2_enable_image.Rd:15): Warning: missing </ul> before </div>
ec2_enable_image_block_public_access.html:61:1 (ec2_enable_image_block_public_access.Rd:21): Warning: missing </ul> before </div>
ec2_enable_image_deprecation.html:65:1 (ec2_enable_image_deprecation.Rd:23): Warning: missing </ul> before </div>
ec2_enable_image_deregistration_protection.html:64:1 (ec2_enable_image_deregistration_protection.Rd:22): Warning: missing </ul> before </div>
ec2_enable_ipam_organization_admin_account.html:59:1 (ec2_enable_ipam_organization_admin_account.Rd:19): Warning: missing </ul> before </div>
ec2_enable_reachability_analyzer_organization_sharing.html:52:1 (ec2_enable_reachability_analyzer_organization_sharing.Rd:14): Warning: missing </ul> before </div>
ec2_enable_serial_console_access.html:52:1 (ec2_enable_serial_console_access.Rd:14): Warning: missing </ul> before </div>
ec2_enable_snapshot_block_public_access.html:76:1 (ec2_enable_snapshot_block_public_access.Rd:31): Warning: missing </ul> before </div>
ec2_enable_transit_gateway_route_table_propagation.html:69:1 (ec2_enable_transit_gateway_route_table_propagation.Rd:25): Warning: missing </ul> before </div>
ec2_enable_vgw_route_propagation.html:63:1 (ec2_enable_vgw_route_propagation.Rd:21): Warning: missing </ul> before </div>
ec2_enable_volume_io.html:56:1 (ec2_enable_volume_io.Rd:16): Warning: missing </ul> before </div>
ec2_enable_vpc_classic_link.html:55:1 (ec2_enable_vpc_classic_link.Rd:15): Warning: missing </ul> before </div>
ec2_enable_vpc_classic_link_dns_support.html:48:1 (ec2_enable_vpc_classic_link_dns_support.Rd:10): Warning: missing </ul> before </div>
ec2_export_client_vpn_client_certificate_revocation_list.html:59:1 (ec2_export_client_vpn_client_certificate_revocation_list.Rd:19): Warning: missing </ul> before </div>
ec2_export_client_vpn_client_configuration.html:56:1 (ec2_export_client_vpn_client_configuration.Rd:16): Warning: missing </ul> before </div>
ec2_export_image.html:92:1 (ec2_export_image.Rd:40): Warning: missing </ul> before </div>
ec2_export_transit_gateway_routes.html:108:1 (ec2_export_transit_gateway_routes.Rd:45): Warning: missing </ul> before </div>
ec2_export_verified_access_instance_client_configuration.html:58:1 (ec2_export_verified_access_instance_client_configuration.Rd:18): Warning: missing </ul> before </div>
ec2_get_allowed_images_settings.html:52:1 (ec2_get_allowed_images_settings.Rd:14): Warning: missing </ul> before </div>
ec2_get_associated_enclave_certificate_iam_roles.html:57:1 (ec2_get_associated_enclave_certificate_iam_roles.Rd:17): Warning: missing </ul> before </div>
ec2_get_associated_ipv_6_pool_cidrs.html:71:1 (ec2_get_associated_ipv_6_pool_cidrs.Rd:27): Warning: missing </ul> before </div>
ec2_get_aws_network_performance_data.html:84:1 (ec2_get_aws_network_performance_data.Rd:36): Warning: missing </ul> before </div>
ec2_get_capacity_reservation_usage.html:71:1 (ec2_get_capacity_reservation_usage.Rd:27): Warning: missing </ul> before </div>
ec2_get_coip_pool_usage.html:93:1 (ec2_get_coip_pool_usage.Rd:38): Warning: missing </ul> before </div>
ec2_get_console_output.html:61:1 (ec2_get_console_output.Rd:19): Warning: missing </ul> before </div>
ec2_get_console_screenshot.html:61:1 (ec2_get_console_screenshot.Rd:19): Warning: missing </ul> before </div>
ec2_get_declarative_policies_report_summary.html:55:1 (ec2_get_declarative_policies_report_summary.Rd:15): Warning: missing </ul> before </div>
ec2_get_default_credit_specification.html:56:1 (ec2_get_default_credit_specification.Rd:16): Warning: missing </ul> before </div>
ec2_get_ebs_default_kms_key_id.html:52:1 (ec2_get_ebs_default_kms_key_id.Rd:14): Warning: missing </ul> before </div>
ec2_get_ebs_encryption_by_default.html:52:1 (ec2_get_ebs_encryption_by_default.Rd:14): Warning: missing </ul> before </div>
ec2_get_flow_logs_integration_template.html:70:1 (ec2_get_flow_logs_integration_template.Rd:26): Warning: missing </ul> before </div>
ec2_get_groups_for_capacity_reservation.html:73:1 (ec2_get_groups_for_capacity_reservation.Rd:29): Warning: missing </ul> before </div>
ec2_get_host_reservation_purchase_preview.html:53:1 (ec2_get_host_reservation_purchase_preview.Rd:13): Warning: missing </ul> before </div>
ec2_get_image_block_public_access_state.html:52:1 (ec2_get_image_block_public_access_state.Rd:14): Warning: missing </ul> before </div>
ec2_get_instance_metadata_defaults.html:52:1 (ec2_get_instance_metadata_defaults.Rd:14): Warning: missing </ul> before </div>
ec2_get_instance_tpm_ek_pub.html:67:1 (ec2_get_instance_tpm_ek_pub.Rd:23): Warning: missing </ul> before </div>
ec2_get_instance_types_from_instance_requirements.html:82:1 (ec2_get_instance_types_from_instance_requirements.Rd:34): Warning: missing </ul> before </div>
ec2_get_instance_uefi_data.html:55:1 (ec2_get_instance_uefi_data.Rd:15): Warning: missing </ul> before </div>
ec2_get_ipam_address_history.html:94:1 (ec2_get_ipam_address_history.Rd:42): Warning: missing </ul> before </div>
ec2_get_ipam_discovered_accounts.html:81:1 (ec2_get_ipam_discovered_accounts.Rd:33): Warning: missing </ul> before </div>
ec2_get_ipam_discovered_public_addresses.html:79:1 (ec2_get_ipam_discovered_public_addresses.Rd:31): Warning: missing </ul> before </div>
ec2_get_ipam_discovered_resource_cidrs.html:81:1 (ec2_get_ipam_discovered_resource_cidrs.Rd:33): Warning: missing </ul> before </div>
ec2_get_ipam_pool_allocations.html:79:1 (ec2_get_ipam_pool_allocations.Rd:31): Warning: missing </ul> before </div>
ec2_get_ipam_pool_cidrs.html:74:1 (ec2_get_ipam_pool_cidrs.Rd:28): Warning: missing </ul> before </div>
ec2_get_ipam_resource_cidrs.html:99:1 (ec2_get_ipam_resource_cidrs.Rd:43): Warning: missing </ul> before </div>
ec2_get_launch_template_data.html:55:1 (ec2_get_launch_template_data.Rd:15): Warning: missing </ul> before </div>
ec2_get_managed_prefix_list_associations.html:71:1 (ec2_get_managed_prefix_list_associations.Rd:27): Warning: missing </ul> before </div>
ec2_get_managed_prefix_list_entries.html:76:1 (ec2_get_managed_prefix_list_entries.Rd:30): Warning: missing </ul> before </div>
ec2_get_network_insights_access_scope_analysis_findings.html:70:1 (ec2_get_network_insights_access_scope_analysis_findings.Rd:26): Warning: missing </ul> before </div>
ec2_get_network_insights_access_scope_content.html:58:1 (ec2_get_network_insights_access_scope_content.Rd:18): Warning: missing </ul> before </div>
ec2_get_password_data.html:56:1 (ec2_get_password_data.Rd:16): Warning: missing </ul> before </div>
ec2_get_reserved_instances_exchange_quote.html:66:1 (ec2_get_reserved_instances_exchange_quote.Rd:24): Warning: missing </ul> before </div>
ec2_get_security_groups_for_vpc.html:98:1 (ec2_get_security_groups_for_vpc.Rd:41): Warning: missing </ul> before </div>
ec2_get_serial_console_access_status.html:52:1 (ec2_get_serial_console_access_status.Rd:14): Warning: missing </ul> before </div>
ec2_get_snapshot_block_public_access_state.html:52:1 (ec2_get_snapshot_block_public_access_state.Rd:14): Warning: missing </ul> before </div>
ec2_get_spot_placement_scores.html:116:1 (ec2_get_spot_placement_scores.Rd:62): Warning: missing </ul> before </div>
ec2_get_subnet_cidr_reservations.html:96:1 (ec2_get_subnet_cidr_reservations.Rd:41): Warning: missing </ul> before </div>
ec2_get_transit_gateway_attachment_propagations.html:83:1 (ec2_get_transit_gateway_attachment_propagations.Rd:34): Warning: missing </ul> before </div>
ec2_get_transit_gateway_multicast_domain_associations.html:96:1 (ec2_get_transit_gateway_multicast_domain_associations.Rd:39): Warning: missing </ul> before </div>
ec2_get_transit_gateway_policy_table_associations.html:75:1 (ec2_get_transit_gateway_policy_table_associations.Rd:29): Warning: missing </ul> before </div>
ec2_get_transit_gateway_policy_table_entries.html:75:1 (ec2_get_transit_gateway_policy_table_entries.Rd:29): Warning: missing </ul> before </div>
ec2_get_transit_gateway_prefix_list_references.html:106:1 (ec2_get_transit_gateway_prefix_list_references.Rd:45): Warning: missing </ul> before </div>
ec2_get_transit_gateway_route_table_associations.html:89:1 (ec2_get_transit_gateway_route_table_associations.Rd:36): Warning: missing </ul> before </div>
ec2_get_transit_gateway_route_table_propagations.html:89:1 (ec2_get_transit_gateway_route_table_propagations.Rd:36): Warning: missing </ul> before </div>
ec2_get_verified_access_endpoint_policy.html:58:1 (ec2_get_verified_access_endpoint_policy.Rd:18): Warning: missing </ul> before </div>
ec2_get_verified_access_endpoint_targets.html:71:1 (ec2_get_verified_access_endpoint_targets.Rd:27): Warning: missing </ul> before </div>
ec2_get_verified_access_group_policy.html:56:1 (ec2_get_verified_access_group_policy.Rd:16): Warning: missing </ul> before </div>
ec2_get_vpn_connection_device_sample_configuration.html:75:1 (ec2_get_vpn_connection_device_sample_configuration.Rd:31): Warning: missing </ul> before </div>
ec2_get_vpn_connection_device_types.html:80:1 (ec2_get_vpn_connection_device_types.Rd:38): Warning: missing </ul> before </div>
ec2_get_vpn_tunnel_replacement_status.html:63:1 (ec2_get_vpn_tunnel_replacement_status.Rd:21): Warning: missing </ul> before </div>
ec2_import_client_vpn_client_certificate_revocation_list.html:67:1 (ec2_import_client_vpn_client_certificate_revocation_list.Rd:25): Warning: missing </ul> before </div>
ec2_import_image.html:198:1 (ec2_import_image.Rd:121): Warning: missing </ul> before </div>
ec2_import_instance.html:73:1 (ec2_import_instance.Rd:27): Warning: missing </ul> before </div>
ec2_import_key_pair.html:69:1 (ec2_import_key_pair.Rd:25): Warning: missing </ul> before </div>
ec2_import_snapshot.html:134:1 (ec2_import_snapshot.Rd:71): Warning: missing </ul> before </div>
ec2_import_volume.html:73:1 (ec2_import_volume.Rd:27): Warning: missing </ul> before </div>
ec2_list_images_in_recycle_bin.html:74:1 (ec2_list_images_in_recycle_bin.Rd:30): Warning: missing </ul> before </div>
ec2_list_snapshots_in_recycle_bin.html:73:1 (ec2_list_snapshots_in_recycle_bin.Rd:29): Warning: missing </ul> before </div>
ec2_lock_snapshot.html:144:1 (ec2_lock_snapshot.Rd:86): Warning: missing </ul> before </div>
ec2_modify_address_attribute.html:59:1 (ec2_modify_address_attribute.Rd:17): Warning: missing </ul> before </div>
ec2_modify_availability_zone_group.html:62:1 (ec2_modify_availability_zone_group.Rd:20): Warning: missing </ul> before </div>
ec2_modify_capacity_reservation.html:126:1 (ec2_modify_capacity_reservation.Rd:69): Warning: missing </ul> before </div>
ec2_modify_capacity_reservation_fleet.html:93:1 (ec2_modify_capacity_reservation_fleet.Rd:47): Warning: missing </ul> before </div>
ec2_modify_client_vpn_endpoint.html:163:1 (ec2_modify_client_vpn_endpoint.Rd:88): Warning: missing </ul> before </div>
ec2_modify_default_credit_specification.html:66:1 (ec2_modify_default_credit_specification.Rd:24): Warning: missing </ul> before </div>
ec2_modify_ebs_default_kms_key_id.html:83:1 (ec2_modify_ebs_default_kms_key_id.Rd:34): Warning: missing </ul> before </div>
ec2_modify_fleet.html:82:1 (ec2_modify_fleet.Rd:34): Warning: missing </ul> before </div>
ec2_modify_fpga_image_attribute.html:103:1 (ec2_modify_fpga_image_attribute.Rd:47): Warning: missing </ul> before </div>
ec2_modify_hosts.html:93:1 (ec2_modify_hosts.Rd:45): Warning: missing </ul> before </div>
ec2_modify_id_format.html:63:1 (ec2_modify_id_format.Rd:23): Warning: missing </ul> before </div>
ec2_modify_identity_id_format.html:71:1 (ec2_modify_identity_id_format.Rd:29): Warning: missing </ul> before </div>
ec2_modify_image_attribute.html:132:1 (ec2_modify_image_attribute.Rd:70): Warning: missing </ul> before </div>
ec2_modify_instance_attribute.html:189:1 (ec2_modify_instance_attribute.Rd:119): Warning: missing </ul> before </div>
ec2_modify_instance_capacity_reservation_attributes.html:63:1 (ec2_modify_instance_capacity_reservation_attributes.Rd:21): Warning: missing </ul> before </div>
ec2_modify_instance_cpu_options.html:69:1 (ec2_modify_instance_cpu_options.Rd:25): Warning: missing </ul> before </div>
ec2_modify_instance_credit_specification.html:65:1 (ec2_modify_instance_credit_specification.Rd:23): Warning: missing </ul> before </div>
ec2_modify_instance_event_start_time.html:68:1 (ec2_modify_instance_event_start_time.Rd:24): Warning: missing </ul> before </div>
ec2_modify_instance_event_window.html:103:1 (ec2_modify_instance_event_window.Rd:44): Warning: missing </ul> before </div>
ec2_modify_instance_maintenance_options.html:65:1 (ec2_modify_instance_maintenance_options.Rd:23): Warning: missing </ul> before </div>
ec2_modify_instance_metadata_defaults.html:92:1 (ec2_modify_instance_metadata_defaults.Rd:41): Warning: missing </ul> before </div>
ec2_modify_instance_metadata_options.html:130:1 (ec2_modify_instance_metadata_options.Rd:70): Warning: missing </ul> before </div>
ec2_modify_instance_network_performance_options.html:80:1 (ec2_modify_instance_network_performance_options.Rd:38): Warning: missing </ul> before </div>
ec2_modify_instance_placement.html:100:1 (ec2_modify_instance_placement.Rd:48): Warning: missing </ul> before </div>
ec2_modify_ipam.html:92:1 (ec2_modify_ipam.Rd:42): Warning: missing </ul> before </div>
ec2_modify_ipam_pool.html:119:1 (ec2_modify_ipam_pool.Rd:63): Warning: missing </ul> before </div>
ec2_modify_ipam_resource_cidr.html:85:1 (ec2_modify_ipam_resource_cidr.Rd:35): Warning: missing </ul> before </div>
ec2_modify_ipam_resource_discovery.html:108:1 (ec2_modify_ipam_resource_discovery.Rd:58): Warning: missing </ul> before </div>
ec2_modify_ipam_scope.html:59:1 (ec2_modify_ipam_scope.Rd:17): Warning: missing </ul> before </div>
ec2_modify_launch_template.html:82:1 (ec2_modify_launch_template.Rd:36): Warning: missing </ul> before </div>
ec2_modify_local_gateway_route.html:81:1 (ec2_modify_local_gateway_route.Rd:33): Warning: missing </ul> before </div>
ec2_modify_managed_prefix_list.html:90:1 (ec2_modify_managed_prefix_list.Rd:40): Warning: missing </ul> before </div>
ec2_modify_network_interface_attribute.html:125:1 (ec2_modify_network_interface_attribute.Rd:69): Warning: missing </ul> before </div>
ec2_modify_private_dns_name_options.html:79:1 (ec2_modify_private_dns_name_options.Rd:33): Warning: missing </ul> before </div>
ec2_modify_reserved_instances.html:62:1 (ec2_modify_reserved_instances.Rd:20): Warning: missing </ul> before </div>
ec2_modify_security_group_rules.html:59:1 (ec2_modify_security_group_rules.Rd:17): Warning: missing </ul> before </div>
ec2_modify_snapshot_attribute.html:84:1 (ec2_modify_snapshot_attribute.Rd:34): Warning: missing </ul> before </div>
ec2_modify_snapshot_tier.html:59:1 (ec2_modify_snapshot_tier.Rd:17): Warning: missing </ul> before </div>
ec2_modify_spot_fleet_request.html:82:1 (ec2_modify_spot_fleet_request.Rd:34): Warning: missing </ul> before </div>
ec2_modify_subnet_attribute.html:140:1 (ec2_modify_subnet_attribute.Rd:82): Warning: missing </ul> before </div>
ec2_modify_traffic_mirror_filter_network_services.html:69:1 (ec2_modify_traffic_mirror_filter_network_services.Rd:25): Warning: missing </ul> before </div>
ec2_modify_traffic_mirror_filter_rule.html:114:1 (ec2_modify_traffic_mirror_filter_rule.Rd:54): Warning: missing </ul> before </div>
ec2_modify_traffic_mirror_session.html:110:1 (ec2_modify_traffic_mirror_session.Rd:56): Warning: missing </ul> before </div>
ec2_modify_transit_gateway.html:68:1 (ec2_modify_transit_gateway.Rd:24): Warning: missing </ul> before </div>
ec2_modify_transit_gateway_prefix_list_reference.html:74:1 (ec2_modify_transit_gateway_prefix_list_reference.Rd:28): Warning: missing </ul> before </div>
ec2_modify_transit_gateway_vpc_attachment.html:74:1 (ec2_modify_transit_gateway_vpc_attachment.Rd:28): Warning: missing </ul> before </div>
ec2_modify_verified_access_endpoint.html:96:1 (ec2_modify_verified_access_endpoint.Rd:42): Warning: missing </ul> before </div>
ec2_modify_verified_access_endpoint_policy.html:80:1 (ec2_modify_verified_access_endpoint_policy.Rd:32): Warning: missing </ul> before </div>
ec2_modify_verified_access_group.html:75:1 (ec2_modify_verified_access_group.Rd:29): Warning: missing </ul> before </div>
ec2_modify_verified_access_group_policy.html:79:1 (ec2_modify_verified_access_group_policy.Rd:31): Warning: missing </ul> before </div>
ec2_modify_verified_access_instance.html:75:1 (ec2_modify_verified_access_instance.Rd:29): Warning: missing </ul> before </div>
ec2_modify_verified_access_instance_logging_configuration.html:70:1 (ec2_modify_verified_access_instance_logging_configuration.Rd:26): Warning: missing </ul> before </div>
ec2_modify_verified_access_trust_provider.html:92:1 (ec2_modify_verified_access_trust_provider.Rd:40): Warning: missing </ul> before </div>
ec2_modify_volume.html:143:1 (ec2_modify_volume.Rd:75): Warning: missing </ul> before </div>
ec2_modify_volume_attribute.html:59:1 (ec2_modify_volume_attribute.Rd:17): Warning: missing </ul> before </div>
ec2_modify_vpc_attribute.html:80:1 (ec2_modify_vpc_attribute.Rd:36): Warning: missing </ul> before </div>
ec2_modify_vpc_block_public_access_exclusion.html:76:1 (ec2_modify_vpc_block_public_access_exclusion.Rd:29): Warning: missing </ul> before </div>
ec2_modify_vpc_block_public_access_options.html:77:1 (ec2_modify_vpc_block_public_access_options.Rd:30): Warning: missing </ul> before </div>
ec2_modify_vpc_endpoint.html:129:1 (ec2_modify_vpc_endpoint.Rd:65): Warning: missing </ul> before </div>
ec2_modify_vpc_endpoint_connection_notification.html:70:1 (ec2_modify_vpc_endpoint_connection_notification.Rd:26): Warning: missing </ul> before </div>
ec2_modify_vpc_endpoint_service_configuration.html:121:1 (ec2_modify_vpc_endpoint_service_configuration.Rd:59): Warning: missing </ul> before </div>
ec2_modify_vpc_endpoint_service_payer_responsibility.html:65:1 (ec2_modify_vpc_endpoint_service_payer_responsibility.Rd:23): Warning: missing </ul> before </div>
ec2_modify_vpc_endpoint_service_permissions.html:71:1 (ec2_modify_vpc_endpoint_service_permissions.Rd:27): Warning: missing </ul> before </div>
ec2_modify_vpc_peering_connection_options.html:69:1 (ec2_modify_vpc_peering_connection_options.Rd:25): Warning: missing </ul> before </div>
ec2_modify_vpc_tenancy.html:59:1 (ec2_modify_vpc_tenancy.Rd:17): Warning: missing </ul> before </div>
ec2_modify_vpn_connection.html:75:1 (ec2_modify_vpn_connection.Rd:29): Warning: missing </ul> before </div>
ec2_modify_vpn_connection_options.html:88:1 (ec2_modify_vpn_connection_options.Rd:40): Warning: missing </ul> before </div>
ec2_modify_vpn_tunnel_certificate.html:63:1 (ec2_modify_vpn_tunnel_certificate.Rd:21): Warning: missing </ul> before </div>
ec2_modify_vpn_tunnel_options.html:77:1 (ec2_modify_vpn_tunnel_options.Rd:31): Warning: missing </ul> before </div>
ec2_monitor_instances.html:55:1 (ec2_monitor_instances.Rd:15): Warning: missing </ul> before </div>
ec2_move_address_to_vpc.html:55:1 (ec2_move_address_to_vpc.Rd:15): Warning: missing </ul> before </div>
ec2_move_byoip_cidr_to_ipam.html:63:1 (ec2_move_byoip_cidr_to_ipam.Rd:19): Warning: missing </ul> before </div>
ec2_move_capacity_reservation_instances.html:76:1 (ec2_move_capacity_reservation_instances.Rd:30): Warning: missing </ul> before </div>
ec2_provision_byoip_cidr.html:121:1 (ec2_provision_byoip_cidr.Rd:62): Warning: missing </ul> before </div>
ec2_provision_ipam_byoasn.html:64:1 (ec2_provision_ipam_byoasn.Rd:20): Warning: missing </ul> before </div>
ec2_provision_ipam_pool_cidr.html:100:1 (ec2_provision_ipam_pool_cidr.Rd:48): Warning: missing </ul> before </div>
ec2_provision_public_ipv_4_pool_cidr.html:78:1 (ec2_provision_public_ipv_4_pool_cidr.Rd:32): Warning: missing </ul> before </div>
ec2_purchase_capacity_block.html:68:1 (ec2_purchase_capacity_block.Rd:24): Warning: missing </ul> before </div>
ec2_purchase_capacity_block_extension.html:63:1 (ec2_purchase_capacity_block_extension.Rd:21): Warning: missing </ul> before </div>
ec2_purchase_host_reservation.html:86:1 (ec2_purchase_host_reservation.Rd:38): Warning: missing </ul> before </div>
ec2_purchase_reserved_instances_offering.html:76:1 (ec2_purchase_reserved_instances_offering.Rd:30): Warning: missing </ul> before </div>
ec2_purchase_scheduled_instances.html:64:1 (ec2_purchase_scheduled_instances.Rd:22): Warning: missing </ul> before </div>
ec2_reboot_instances.html:55:1 (ec2_reboot_instances.Rd:15): Warning: missing </ul> before </div>
ec2_register_image.html:209:1 (ec2_register_image.Rd:137): Warning: missing </ul> before </div>
ec2_register_instance_event_notification_attributes.html:59:1 (ec2_register_instance_event_notification_attributes.Rd:19): Warning: missing </ul> before </div>
ec2_register_transit_gateway_multicast_group_members.html:70:1 (ec2_register_transit_gateway_multicast_group_members.Rd:26): Warning: missing </ul> before </div>
ec2_register_transit_gateway_multicast_group_sources.html:70:1 (ec2_register_transit_gateway_multicast_group_sources.Rd:26): Warning: missing </ul> before </div>
ec2_reject_capacity_reservation_billing_ownership.html:59:1 (ec2_reject_capacity_reservation_billing_ownership.Rd:19): Warning: missing </ul> before </div>
ec2_reject_transit_gateway_multicast_domain_associations.html:70:1 (ec2_reject_transit_gateway_multicast_domain_associations.Rd:26): Warning: missing </ul> before </div>
ec2_reject_transit_gateway_peering_attachment.html:58:1 (ec2_reject_transit_gateway_peering_attachment.Rd:18): Warning: missing </ul> before </div>
ec2_reject_transit_gateway_vpc_attachment.html:58:1 (ec2_reject_transit_gateway_vpc_attachment.Rd:18): Warning: missing </ul> before </div>
ec2_reject_vpc_endpoint_connections.html:59:1 (ec2_reject_vpc_endpoint_connections.Rd:17): Warning: missing </ul> before </div>
ec2_reject_vpc_peering_connection.html:55:1 (ec2_reject_vpc_peering_connection.Rd:15): Warning: missing </ul> before </div>
ec2_release_address.html:72:1 (ec2_release_address.Rd:28): Warning: missing </ul> before </div>
ec2_release_hosts.html:49:1 (ec2_release_hosts.Rd:11): Warning: missing </ul> before </div>
ec2_release_ipam_pool_allocation.html:69:1 (ec2_release_ipam_pool_allocation.Rd:25): Warning: missing </ul> before </div>
ec2_replace_iam_instance_profile_association.html:52:1 (ec2_replace_iam_instance_profile_association.Rd:12): Warning: missing </ul> before </div>
ec2_replace_image_criteria_in_allowed_images_settings.html:60:1 (ec2_replace_image_criteria_in_allowed_images_settings.Rd:20): Warning: missing </ul> before </div>
ec2_replace_network_acl_association.html:60:1 (ec2_replace_network_acl_association.Rd:18): Warning: missing </ul> before </div>
ec2_replace_network_acl_entry.html:111:1 (ec2_replace_network_acl_entry.Rd:55): Warning: missing </ul> before </div>
ec2_replace_route.html:137:1 (ec2_replace_route.Rd:67): Warning: missing </ul> before </div>
ec2_replace_route_table_association.html:60:1 (ec2_replace_route_table_association.Rd:18): Warning: missing </ul> before </div>
ec2_replace_transit_gateway_route.html:75:1 (ec2_replace_transit_gateway_route.Rd:29): Warning: missing </ul> before </div>
ec2_replace_vpn_tunnel.html:68:1 (ec2_replace_vpn_tunnel.Rd:24): Warning: missing </ul> before </div>
ec2_report_instance_status.html:120:1 (ec2_report_instance_status.Rd:51): Warning: missing </ul> before </div>
ec2_request_spot_fleet.html:55:1 (ec2_request_spot_fleet.Rd:15): Warning: missing </ul> before </div>
ec2_request_spot_instances.html:175:1 (ec2_request_spot_instances.Rd:108): Warning: missing </ul> before </div>
ec2_reset_address_attribute.html:59:1 (ec2_reset_address_attribute.Rd:17): Warning: missing </ul> before </div>
ec2_reset_ebs_default_kms_key_id.html:52:1 (ec2_reset_ebs_default_kms_key_id.Rd:14): Warning: missing </ul> before </div>
ec2_reset_fpga_image_attribute.html:60:1 (ec2_reset_fpga_image_attribute.Rd:18): Warning: missing </ul> before </div>
ec2_reset_image_attribute.html:60:1 (ec2_reset_image_attribute.Rd:18): Warning: missing </ul> before </div>
ec2_reset_instance_attribute.html:62:1 (ec2_reset_instance_attribute.Rd:20): Warning: missing </ul> before </div>
ec2_reset_network_interface_attribute.html:63:1 (ec2_reset_network_interface_attribute.Rd:21): Warning: missing </ul> before </div>
ec2_reset_snapshot_attribute.html:60:1 (ec2_reset_snapshot_attribute.Rd:18): Warning: missing </ul> before </div>
ec2_restore_address_to_classic.html:55:1 (ec2_restore_address_to_classic.Rd:15): Warning: missing </ul> before </div>
ec2_restore_image_from_recycle_bin.html:55:1 (ec2_restore_image_from_recycle_bin.Rd:15): Warning: missing </ul> before </div>
ec2_restore_managed_prefix_list_version.html:69:1 (ec2_restore_managed_prefix_list_version.Rd:25): Warning: missing </ul> before </div>
ec2_restore_snapshot_from_recycle_bin.html:55:1 (ec2_restore_snapshot_from_recycle_bin.Rd:15): Warning: missing </ul> before </div>
ec2_restore_snapshot_tier.html:77:1 (ec2_restore_snapshot_tier.Rd:33): Warning: missing </ul> before </div>
ec2_revoke_client_vpn_ingress.html:79:1 (ec2_revoke_client_vpn_ingress.Rd:33): Warning: missing </ul> before </div>
ec2_revoke_security_group_egress.html:103:1 (ec2_revoke_security_group_egress.Rd:47): Warning: missing </ul> before </div>
ec2_revoke_security_group_ingress.html:116:1 (ec2_revoke_security_group_ingress.Rd:58): Warning: missing </ul> before </div>
ec2_run_instances.html:431:1 (ec2_run_instances.Rd:300): Warning: missing </ul> before </div>
ec2_run_scheduled_instances.html:77:1 (ec2_run_scheduled_instances.Rd:31): Warning: missing </ul> before </div>
ec2_search_local_gateway_routes.html:106:1 (ec2_search_local_gateway_routes.Rd:45): Warning: missing </ul> before </div>
ec2_search_transit_gateway_multicast_groups.html:111:1 (ec2_search_transit_gateway_multicast_groups.Rd:46): Warning: missing </ul> before </div>
ec2_search_transit_gateway_routes.html:113:1 (ec2_search_transit_gateway_routes.Rd:48): Warning: missing </ul> before </div>
ec2_send_diagnostic_interrupt.html:57:1 (ec2_send_diagnostic_interrupt.Rd:17): Warning: missing </ul> before </div>
ec2_start_declarative_policies_report.html:88:1 (ec2_start_declarative_policies_report.Rd:35): Warning: missing </ul> before </div>
ec2_start_instances.html:59:1 (ec2_start_instances.Rd:17): Warning: missing </ul> before </div>
ec2_start_network_insights_access_scope_analysis.html:69:1 (ec2_start_network_insights_access_scope_analysis.Rd:25): Warning: missing </ul> before </div>
ec2_start_network_insights_analysis.html:80:1 (ec2_start_network_insights_analysis.Rd:32): Warning: missing </ul> before </div>
ec2_start_vpc_endpoint_service_private_dns_verification.html:59:1 (ec2_start_vpc_endpoint_service_private_dns_verification.Rd:19): Warning: missing </ul> before </div>
ec2_stop_instances.html:73:1 (ec2_stop_instances.Rd:29): Warning: missing </ul> before </div>
ec2_terminate_client_vpn_connections.html:70:1 (ec2_terminate_client_vpn_connections.Rd:26): Warning: missing </ul> before </div>
ec2_terminate_instances.html:58:1 (ec2_terminate_instances.Rd:18): Warning: missing </ul> before </div>
ec2_unassign_ipv_6_addresses.html:61:1 (ec2_unassign_ipv_6_addresses.Rd:19): Warning: missing </ul> before </div>
ec2_unassign_private_ip_addresses.html:63:1 (ec2_unassign_private_ip_addresses.Rd:21): Warning: missing </ul> before </div>
ec2_unassign_private_nat_gateway_address.html:70:1 (ec2_unassign_private_nat_gateway_address.Rd:26): Warning: missing </ul> before </div>
ec2_unlock_snapshot.html:56:1 (ec2_unlock_snapshot.Rd:16): Warning: missing </ul> before </div>
ec2_unmonitor_instances.html:55:1 (ec2_unmonitor_instances.Rd:15): Warning: missing </ul> before </div>
ec2_update_security_group_rule_descriptions_egress.html:78:1 (ec2_update_security_group_rule_descriptions_egress.Rd:32): Warning: missing </ul> before </div>
ec2_update_security_group_rule_descriptions_ingress.html:79:1 (ec2_update_security_group_rule_descriptions_ingress.Rd:33): Warning: missing </ul> before </div>
ec2_withdraw_byoip_cidr.html:56:1 (ec2_withdraw_byoip_cidr.Rd:16): Warning: missing </ul> before </div>
ec2instanceconnect_send_serial_console_ssh_public_key.html:65:1 (ec2instanceconnect_send_serial_console_ssh_public_key.Rd:23): Warning: missing </ul> before </div>
ec2instanceconnect_send_ssh_public_key.html:68:1 (ec2instanceconnect_send_ssh_public_key.Rd:24): Warning: missing </ul> before </div>
ecr_batch_check_layer_availability.html:63:1 (ecr_batch_check_layer_availability.Rd:21): Warning: missing </ul> before </div>
ecr_batch_delete_image.html:60:1 (ecr_batch_delete_image.Rd:18): Warning: missing </ul> before </div>
ecr_batch_get_image.html:73:1 (ecr_batch_get_image.Rd:29): Warning: missing </ul> before </div>
ecr_batch_get_repository_scanning_configuration.html:48:1 (ecr_batch_get_repository_scanning_configuration.Rd:10): Warning: missing </ul> before </div>
ecr_complete_layer_upload.html:70:1 (ecr_complete_layer_upload.Rd:26): Warning: missing </ul> before </div>
ecr_create_pull_through_cache_rule.html:99:1 (ecr_create_pull_through_cache_rule.Rd:40): Warning: missing </ul> before </div>
ecr_create_repository.html:93:1 (ecr_create_repository.Rd:45): Warning: missing </ul> before </div>
ecr_create_repository_creation_template.html:119:1 (ecr_create_repository_creation_template.Rd:65): Warning: missing </ul> before </div>
ecr_delete_lifecycle_policy.html:54:1 (ecr_delete_lifecycle_policy.Rd:14): Warning: missing </ul> before </div>
ecr_delete_pull_through_cache_rule.html:55:1 (ecr_delete_pull_through_cache_rule.Rd:15): Warning: missing </ul> before </div>
ecr_delete_repository.html:60:1 (ecr_delete_repository.Rd:18): Warning: missing </ul> before </div>
ecr_delete_repository_creation_template.html:49:1 (ecr_delete_repository_creation_template.Rd:11): Warning: missing </ul> before </div>
ecr_delete_repository_policy.html:55:1 (ecr_delete_repository_policy.Rd:15): Warning: missing </ul> before </div>
ecr_describe_image_replication_status.html:61:1 (ecr_describe_image_replication_status.Rd:19): Warning: missing </ul> before </div>
ecr_describe_image_scan_findings.html:88:1 (ecr_describe_image_scan_findings.Rd:42): Warning: missing </ul> before </div>
ecr_describe_images.html:94:1 (ecr_describe_images.Rd:46): Warning: missing </ul> before </div>
ecr_describe_pull_through_cache_rules.html:82:1 (ecr_describe_pull_through_cache_rules.Rd:38): Warning: missing </ul> before </div>
ecr_describe_repositories.html:89:1 (ecr_describe_repositories.Rd:45): Warning: missing </ul> before </div>
ecr_describe_repository_creation_templates.html:80:1 (ecr_describe_repository_creation_templates.Rd:38): Warning: missing </ul> before </div>
ecr_get_account_setting.html:49:1 (ecr_get_account_setting.Rd:11): Warning: missing </ul> before </div>
ecr_get_authorization_token.html:50:1 (ecr_get_authorization_token.Rd:12): Warning: missing </ul> before </div>
ecr_get_download_url_for_layer.html:60:1 (ecr_get_download_url_for_layer.Rd:18): Warning: missing </ul> before </div>
ecr_get_lifecycle_policy.html:54:1 (ecr_get_lifecycle_policy.Rd:14): Warning: missing </ul> before </div>
ecr_get_lifecycle_policy_preview.html:94:1 (ecr_get_lifecycle_policy_preview.Rd:46): Warning: missing </ul> before </div>
ecr_get_repository_policy.html:54:1 (ecr_get_repository_policy.Rd:14): Warning: missing </ul> before </div>
ecr_initiate_layer_upload.html:54:1 (ecr_initiate_layer_upload.Rd:14): Warning: missing </ul> before </div>
ecr_list_images.html:89:1 (ecr_list_images.Rd:43): Warning: missing </ul> before </div>
ecr_list_tags_for_resource.html:50:1 (ecr_list_tags_for_resource.Rd:12): Warning: missing </ul> before </div>
ecr_put_account_setting.html:56:1 (ecr_put_account_setting.Rd:16): Warning: missing </ul> before </div>
ecr_put_image.html:81:1 (ecr_put_image.Rd:33): Warning: missing </ul> before </div>
ecr_put_image_scanning_configuration.html:67:1 (ecr_put_image_scanning_configuration.Rd:25): Warning: missing </ul> before </div>
ecr_put_image_tag_mutability.html:67:1 (ecr_put_image_tag_mutability.Rd:25): Warning: missing </ul> before </div>
ecr_put_lifecycle_policy.html:62:1 (ecr_put_lifecycle_policy.Rd:20): Warning: missing </ul> before </div>
ecr_put_registry_policy.html:50:1 (ecr_put_registry_policy.Rd:12): Warning: missing </ul> before </div>
ecr_put_registry_scanning_configuration.html:65:1 (ecr_put_registry_scanning_configuration.Rd:25): Warning: missing </ul> before </div>
ecr_put_replication_configuration.html:48:1 (ecr_put_replication_configuration.Rd:10): Warning: missing </ul> before </div>
ecr_set_repository_policy.html:73:1 (ecr_set_repository_policy.Rd:29): Warning: missing </ul> before </div>
ecr_start_image_scan.html:58:1 (ecr_start_image_scan.Rd:16): Warning: missing </ul> before </div>
ecr_start_lifecycle_policy_preview.html:63:1 (ecr_start_lifecycle_policy_preview.Rd:21): Warning: missing </ul> before </div>
ecr_tag_resource.html:55:1 (ecr_tag_resource.Rd:15): Warning: missing </ul> before </div>
ecr_untag_resource.html:54:1 (ecr_untag_resource.Rd:14): Warning: missing </ul> before </div>
ecr_update_pull_through_cache_rule.html:65:1 (ecr_update_pull_through_cache_rule.Rd:23): Warning: missing </ul> before </div>
ecr_update_repository_creation_template.html:113:1 (ecr_update_repository_creation_template.Rd:60): Warning: missing </ul> before </div>
ecr_upload_layer_part.html:81:1 (ecr_upload_layer_part.Rd:33): Warning: missing </ul> before </div>
ecr_validate_pull_through_cache_rule.html:54:1 (ecr_validate_pull_through_cache_rule.Rd:14): Warning: missing </ul> before </div>
ecrpublic_batch_check_layer_availability.html:64:1 (ecrpublic_batch_check_layer_availability.Rd:22): Warning: missing </ul> before </div>
ecrpublic_batch_delete_image.html:61:1 (ecrpublic_batch_delete_image.Rd:19): Warning: missing </ul> before </div>
ecrpublic_complete_layer_upload.html:71:1 (ecrpublic_complete_layer_upload.Rd:27): Warning: missing </ul> before </div>
ecrpublic_create_repository.html:64:1 (ecrpublic_create_repository.Rd:22): Warning: missing </ul> before </div>
ecrpublic_delete_repository.html:60:1 (ecrpublic_delete_repository.Rd:18): Warning: missing </ul> before </div>
ecrpublic_delete_repository_policy.html:56:1 (ecrpublic_delete_repository_policy.Rd:16): Warning: missing </ul> before </div>
ecrpublic_describe_image_tags.html:85:1 (ecrpublic_describe_image_tags.Rd:41): Warning: missing </ul> before </div>
ecrpublic_describe_images.html:90:1 (ecrpublic_describe_images.Rd:44): Warning: missing </ul> before </div>
ecrpublic_describe_registries.html:71:1 (ecrpublic_describe_registries.Rd:31): Warning: missing </ul> before </div>
ecrpublic_describe_repositories.html:90:1 (ecrpublic_describe_repositories.Rd:46): Warning: missing </ul> before </div>
ecrpublic_get_repository_catalog_data.html:54:1 (ecrpublic_get_repository_catalog_data.Rd:14): Warning: missing </ul> before </div>
ecrpublic_get_repository_policy.html:54:1 (ecrpublic_get_repository_policy.Rd:14): Warning: missing </ul> before </div>
ecrpublic_initiate_layer_upload.html:54:1 (ecrpublic_initiate_layer_upload.Rd:14): Warning: missing </ul> before </div>
ecrpublic_list_tags_for_resource.html:50:1 (ecrpublic_list_tags_for_resource.Rd:12): Warning: missing </ul> before </div>
ecrpublic_put_image.html:83:1 (ecrpublic_put_image.Rd:35): Warning: missing </ul> before </div>
ecrpublic_put_registry_catalog_data.html:52:1 (ecrpublic_put_registry_catalog_data.Rd:14): Warning: missing </ul> before </div>
ecrpublic_put_repository_catalog_data.html:64:1 (ecrpublic_put_repository_catalog_data.Rd:22): Warning: missing </ul> before </div>
ecrpublic_set_repository_policy.html:73:1 (ecrpublic_set_repository_policy.Rd:29): Warning: missing </ul> before </div>
ecrpublic_tag_resource.html:56:1 (ecrpublic_tag_resource.Rd:16): Warning: missing </ul> before </div>
ecrpublic_untag_resource.html:53:1 (ecrpublic_untag_resource.Rd:13): Warning: missing </ul> before </div>
ecrpublic_upload_layer_part.html:81:1 (ecrpublic_upload_layer_part.Rd:33): Warning: missing </ul> before </div>
ecs_create_capacity_provider.html:96:1 (ecs_create_capacity_provider.Rd:39): Warning: missing </ul> before </div>
ecs_create_cluster.html:170:1 (ecs_create_cluster.Rd:105): Warning: missing </ul> before </div>
ecs_create_service.html:418:1 (ecs_create_service.Rd:310): Warning: missing </ul> before </div>
ecs_create_task_set.html:196:1 (ecs_create_task_set.Rd:119): Warning: missing </ul> before </div>
ecs_delete_account_setting.html:64:1 (ecs_delete_account_setting.Rd:24): Warning: missing </ul> before </div>
ecs_delete_attributes.html:58:1 (ecs_delete_attributes.Rd:18): Warning: missing </ul> before </div>
ecs_delete_capacity_provider.html:49:1 (ecs_delete_capacity_provider.Rd:11): Warning: missing </ul> before </div>
ecs_delete_cluster.html:49:1 (ecs_delete_cluster.Rd:11): Warning: missing </ul> before </div>
ecs_delete_service.html:60:1 (ecs_delete_service.Rd:18): Warning: missing </ul> before </div>
ecs_delete_task_definitions.html:52:1 (ecs_delete_task_definitions.Rd:14): Warning: missing </ul> before </div>
ecs_delete_task_set.html:64:1 (ecs_delete_task_set.Rd:20): Warning: missing </ul> before </div>
ecs_deregister_container_instance.html:76:1 (ecs_deregister_container_instance.Rd:34): Warning: missing </ul> before </div>
ecs_deregister_task_definition.html:50:1 (ecs_deregister_task_definition.Rd:12): Warning: missing </ul> before </div>
ecs_describe_capacity_providers.html:89:1 (ecs_describe_capacity_providers.Rd:45): Warning: missing </ul> before </div>
ecs_describe_clusters.html:71:1 (ecs_describe_clusters.Rd:31): Warning: missing </ul> before </div>
ecs_describe_container_instances.html:69:1 (ecs_describe_container_instances.Rd:27): Warning: missing </ul> before </div>
ecs_describe_service_deployments.html:50:1 (ecs_describe_service_deployments.Rd:12): Warning: missing </ul> before </div>
ecs_describe_service_revisions.html:53:1 (ecs_describe_service_revisions.Rd:15): Warning: missing </ul> before </div>
ecs_describe_services.html:63:1 (ecs_describe_services.Rd:21): Warning: missing </ul> before </div>
ecs_describe_task_definition.html:56:1 (ecs_describe_task_definition.Rd:16): Warning: missing </ul> before </div>
ecs_describe_task_sets.html:64:1 (ecs_describe_task_sets.Rd:20): Warning: missing </ul> before </div>
ecs_describe_tasks.html:61:1 (ecs_describe_tasks.Rd:19): Warning: missing </ul> before </div>
ecs_discover_poll_endpoint.html:56:1 (ecs_discover_poll_endpoint.Rd:16): Warning: missing </ul> before </div>
ecs_execute_command.html:74:1 (ecs_execute_command.Rd:28): Warning: missing </ul> before </div>
ecs_get_task_protection.html:53:1 (ecs_get_task_protection.Rd:13): Warning: missing </ul> before </div>
ecs_list_account_settings.html:103:1 (ecs_list_account_settings.Rd:55): Warning: missing </ul> before </div>
ecs_list_attributes.html:96:1 (ecs_list_attributes.Rd:48): Warning: missing </ul> before </div>
ecs_list_clusters.html:69:1 (ecs_list_clusters.Rd:29): Warning: missing </ul> before </div>
ecs_list_container_instances.html:100:1 (ecs_list_container_instances.Rd:54): Warning: missing </ul> before </div>
ecs_list_service_deployments.html:99:1 (ecs_list_service_deployments.Rd:51): Warning: missing </ul> before </div>
ecs_list_services.html:91:1 (ecs_list_services.Rd:45): Warning: missing </ul> before </div>
ecs_list_services_by_namespace.html:81:1 (ecs_list_services_by_namespace.Rd:39): Warning: missing </ul> before </div>
ecs_list_tags_for_resource.html:50:1 (ecs_list_tags_for_resource.Rd:12): Warning: missing </ul> before </div>
ecs_list_task_definition_families.html:96:1 (ecs_list_task_definition_families.Rd:52): Warning: missing </ul> before </div>
ecs_list_task_definitions.html:102:1 (ecs_list_task_definitions.Rd:56): Warning: missing </ul> before </div>
ecs_list_tasks.html:131:1 (ecs_list_tasks.Rd:77): Warning: missing </ul> before </div>
ecs_put_account_setting.html:190:1 (ecs_put_account_setting.Rd:120): Warning: missing </ul> before </div>
ecs_put_account_setting_default.html:176:1 (ecs_put_account_setting_default.Rd:108): Warning: missing </ul> before </div>
ecs_put_attributes.html:56:1 (ecs_put_attributes.Rd:16): Warning: missing </ul> before </div>
ecs_put_cluster_capacity_providers.html:98:1 (ecs_put_cluster_capacity_providers.Rd:56): Warning: missing </ul> before </div>
ecs_register_container_instance.html:138:1 (ecs_register_container_instance.Rd:69): Warning: missing </ul> before </div>
ecs_register_task_definition.html:414:1 (ecs_register_task_definition.Rd:287): Warning: missing </ul> before </div>
ecs_run_task.html:284:1 (ecs_run_task.Rd:195): Warning: missing </ul> before </div>
ecs_start_task.html:187:1 (ecs_start_task.Rd:110): Warning: missing </ul> before </div>
ecs_stop_task.html:62:1 (ecs_stop_task.Rd:20): Warning: missing </ul> before </div>
ecs_submit_attachment_state_changes.html:54:1 (ecs_submit_attachment_state_changes.Rd:14): Warning: missing </ul> before </div>
ecs_submit_container_state_change.html:87:1 (ecs_submit_container_state_change.Rd:35): Warning: missing </ul> before </div>
ecs_submit_task_state_change.html:97:1 (ecs_submit_task_state_change.Rd:41): Warning: missing </ul> before </div>
ecs_tag_resource.html:104:1 (ecs_tag_resource.Rd:49): Warning: missing </ul> before </div>
ecs_untag_resource.html:54:1 (ecs_untag_resource.Rd:14): Warning: missing </ul> before </div>
ecs_update_capacity_provider.html:53:1 (ecs_update_capacity_provider.Rd:13): Warning: missing </ul> before </div>
ecs_update_cluster.html:80:1 (ecs_update_cluster.Rd:36): Warning: missing </ul> before </div>
ecs_update_cluster_settings.html:63:1 (ecs_update_cluster_settings.Rd:23): Warning: missing </ul> before </div>
ecs_update_container_agent.html:55:1 (ecs_update_container_agent.Rd:15): Warning: missing </ul> before </div>
ecs_update_container_instances_state.html:67:1 (ecs_update_container_instances_state.Rd:25): Warning: missing </ul> before </div>
ecs_update_service.html:298:1 (ecs_update_service.Rd:220): Warning: missing </ul> before </div>
ecs_update_service_primary_task_set.html:59:1 (ecs_update_service_primary_task_set.Rd:17): Warning: missing </ul> before </div>
ecs_update_task_protection.html:75:1 (ecs_update_task_protection.Rd:31): Warning: missing </ul> before </div>
ecs_update_task_set.html:64:1 (ecs_update_task_set.Rd:20): Warning: missing </ul> before </div>
eks_associate_access_policy.html:63:1 (eks_associate_access_policy.Rd:19): Warning: missing </ul> before </div>
eks_associate_encryption_config.html:61:1 (eks_associate_encryption_config.Rd:19): Warning: missing </ul> before </div>
eks_associate_identity_provider_config.html:69:1 (eks_associate_identity_provider_config.Rd:25): Warning: missing </ul> before </div>
eks_create_access_entry.html:137:1 (eks_create_access_entry.Rd:87): Warning: missing </ul> before </div>
eks_create_addon.html:143:1 (eks_create_addon.Rd:82): Warning: missing </ul> before </div>
eks_create_cluster.html:193:1 (eks_create_cluster.Rd:123): Warning: missing </ul> before </div>
eks_create_eks_anywhere_subscription.html:97:1 (eks_create_eks_anywhere_subscription.Rd:47): Warning: missing </ul> before </div>
eks_create_fargate_profile.html:93:1 (eks_create_fargate_profile.Rd:43): Warning: missing </ul> before </div>
eks_create_nodegroup.html:215:1 (eks_create_nodegroup.Rd:141): Warning: missing </ul> before </div>
eks_create_pod_identity_association.html:120:1 (eks_create_pod_identity_association.Rd:57): Warning: missing </ul> before </div>
eks_delete_access_entry.html:52:1 (eks_delete_access_entry.Rd:12): Warning: missing </ul> before </div>
eks_delete_addon.html:60:1 (eks_delete_addon.Rd:18): Warning: missing </ul> before </div>
eks_delete_cluster.html:48:1 (eks_delete_cluster.Rd:10): Warning: missing </ul> before </div>
eks_delete_eks_anywhere_subscription.html:48:1 (eks_delete_eks_anywhere_subscription.Rd:10): Warning: missing </ul> before </div>
eks_delete_fargate_profile.html:52:1 (eks_delete_fargate_profile.Rd:12): Warning: missing </ul> before </div>
eks_delete_nodegroup.html:52:1 (eks_delete_nodegroup.Rd:12): Warning: missing </ul> before </div>
eks_delete_pod_identity_association.html:52:1 (eks_delete_pod_identity_association.Rd:12): Warning: missing </ul> before </div>
eks_deregister_cluster.html:49:1 (eks_deregister_cluster.Rd:11): Warning: missing </ul> before </div>
eks_describe_access_entry.html:52:1 (eks_describe_access_entry.Rd:12): Warning: missing </ul> before </div>
eks_describe_addon.html:54:1 (eks_describe_addon.Rd:14): Warning: missing </ul> before </div>
eks_describe_addon_configuration.html:56:1 (eks_describe_addon_configuration.Rd:16): Warning: missing </ul> before </div>
eks_describe_addon_versions.html:98:1 (eks_describe_addon_versions.Rd:48): Warning: missing </ul> before </div>
eks_describe_cluster.html:48:1 (eks_describe_cluster.Rd:10): Warning: missing </ul> before </div>
eks_describe_cluster_versions.html:88:1 (eks_describe_cluster_versions.Rd:36): Warning: missing </ul> before </div>
eks_describe_eks_anywhere_subscription.html:48:1 (eks_describe_eks_anywhere_subscription.Rd:10): Warning: missing </ul> before </div>
eks_describe_fargate_profile.html:52:1 (eks_describe_fargate_profile.Rd:12): Warning: missing </ul> before </div>
eks_describe_identity_provider_config.html:52:1 (eks_describe_identity_provider_config.Rd:12): Warning: missing </ul> before </div>
eks_describe_insight.html:52:1 (eks_describe_insight.Rd:12): Warning: missing </ul> before </div>
eks_describe_nodegroup.html:52:1 (eks_describe_nodegroup.Rd:12): Warning: missing </ul> before </div>
eks_describe_pod_identity_association.html:52:1 (eks_describe_pod_identity_association.Rd:12): Warning: missing </ul> before </div>
eks_describe_update.html:63:1 (eks_describe_update.Rd:19): Warning: missing </ul> before </div>
eks_disassociate_access_policy.html:58:1 (eks_disassociate_access_policy.Rd:16): Warning: missing </ul> before </div>
eks_disassociate_identity_provider_config.html:61:1 (eks_disassociate_identity_provider_config.Rd:19): Warning: missing </ul> before </div>
eks_list_access_entries.html:81:1 (eks_list_access_entries.Rd:37): Warning: missing </ul> before </div>
eks_list_access_policies.html:65:1 (eks_list_access_policies.Rd:25): Warning: missing </ul> before </div>
eks_list_addons.html:69:1 (eks_list_addons.Rd:27): Warning: missing </ul> before </div>
eks_list_associated_access_policies.html:78:1 (eks_list_associated_access_policies.Rd:34): Warning: missing </ul> before </div>
eks_list_clusters.html:74:1 (eks_list_clusters.Rd:32): Warning: missing </ul> before </div>
eks_list_eks_anywhere_subscriptions.html:72:1 (eks_list_eks_anywhere_subscriptions.Rd:30): Warning: missing </ul> before </div>
eks_list_fargate_profiles.html:70:1 (eks_list_fargate_profiles.Rd:28): Warning: missing </ul> before </div>
eks_list_identity_provider_configs.html:73:1 (eks_list_identity_provider_configs.Rd:31): Warning: missing </ul> before </div>
eks_list_insights.html:79:1 (eks_list_insights.Rd:35): Warning: missing </ul> before </div>
eks_list_nodegroups.html:71:1 (eks_list_nodegroups.Rd:29): Warning: missing </ul> before </div>
eks_list_pod_identity_associations.html:90:1 (eks_list_pod_identity_associations.Rd:44): Warning: missing </ul> before </div>
eks_list_tags_for_resource.html:49:1 (eks_list_tags_for_resource.Rd:11): Warning: missing </ul> before </div>
eks_list_updates.html:84:1 (eks_list_updates.Rd:38): Warning: missing </ul> before </div>
eks_register_cluster.html:69:1 (eks_register_cluster.Rd:25): Warning: missing </ul> before </div>
eks_tag_resource.html:55:1 (eks_tag_resource.Rd:15): Warning: missing </ul> before </div>
eks_untag_resource.html:52:1 (eks_untag_resource.Rd:12): Warning: missing </ul> before </div>
eks_update_access_entry.html:93:1 (eks_update_access_entry.Rd:47): Warning: missing </ul> before </div>
eks_update_addon.html:128:1 (eks_update_addon.Rd:69): Warning: missing </ul> before </div>
eks_update_cluster_config.html:123:1 (eks_update_cluster_config.Rd:69): Warning: missing </ul> before </div>
eks_update_cluster_version.html:57:1 (eks_update_cluster_version.Rd:15): Warning: missing </ul> before </div>
eks_update_eks_anywhere_subscription.html:58:1 (eks_update_eks_anywhere_subscription.Rd:16): Warning: missing </ul> before </div>
eks_update_nodegroup_config.html:89:1 (eks_update_nodegroup_config.Rd:37): Warning: missing </ul> before </div>
eks_update_nodegroup_version.html:109:1 (eks_update_nodegroup_version.Rd:59): Warning: missing </ul> before </div>
eks_update_pod_identity_association.html:66:1 (eks_update_pod_identity_association.Rd:22): Warning: missing </ul> before </div>
elasticbeanstalk_abort_environment_update.html:58:1 (elasticbeanstalk_abort_environment_update.Rd:18): Warning: missing </ul> before </div>
elasticbeanstalk_apply_environment_managed_action.html:60:1 (elasticbeanstalk_apply_environment_managed_action.Rd:18): Warning: missing </ul> before </div>
elasticbeanstalk_associate_environment_operations_role.html:56:1 (elasticbeanstalk_associate_environment_operations_role.Rd:16): Warning: missing </ul> before </div>
elasticbeanstalk_check_dns_availability.html:48:1 (elasticbeanstalk_check_dns_availability.Rd:10): Warning: missing </ul> before </div>
elasticbeanstalk_compose_environments.html:69:1 (elasticbeanstalk_compose_environments.Rd:27): Warning: missing </ul> before </div>
elasticbeanstalk_create_application.html:70:1 (elasticbeanstalk_create_application.Rd:26): Warning: missing </ul> before </div>
elasticbeanstalk_create_application_version.html:120:1 (elasticbeanstalk_create_application_version.Rd:66): Warning: missing </ul> before </div>
elasticbeanstalk_create_configuration_template.html:130:1 (elasticbeanstalk_create_configuration_template.Rd:76): Warning: missing </ul> before </div>
elasticbeanstalk_create_environment.html:162:1 (elasticbeanstalk_create_environment.Rd:98): Warning: missing </ul> before </div>
elasticbeanstalk_create_platform_version.html:79:1 (elasticbeanstalk_create_platform_version.Rd:31): Warning: missing </ul> before </div>
elasticbeanstalk_delete_application.html:57:1 (elasticbeanstalk_delete_application.Rd:17): Warning: missing </ul> before </div>
elasticbeanstalk_delete_application_version.html:62:1 (elasticbeanstalk_delete_application_version.Rd:20): Warning: missing </ul> before </div>
elasticbeanstalk_delete_configuration_template.html:52:1 (elasticbeanstalk_delete_configuration_template.Rd:12): Warning: missing </ul> before </div>
elasticbeanstalk_delete_environment_configuration.html:55:1 (elasticbeanstalk_delete_environment_configuration.Rd:15): Warning: missing </ul> before </div>
elasticbeanstalk_delete_platform_version.html:48:1 (elasticbeanstalk_delete_platform_version.Rd:10): Warning: missing </ul> before </div>
elasticbeanstalk_describe_application_versions.html:74:1 (elasticbeanstalk_describe_application_versions.Rd:30): Warning: missing </ul> before </div>
elasticbeanstalk_describe_applications.html:49:1 (elasticbeanstalk_describe_applications.Rd:11): Warning: missing </ul> before </div>
elasticbeanstalk_describe_configuration_options.html:83:1 (elasticbeanstalk_describe_configuration_options.Rd:35): Warning: missing </ul> before </div>
elasticbeanstalk_describe_configuration_settings.html:73:1 (elasticbeanstalk_describe_configuration_settings.Rd:31): Warning: missing </ul> before </div>
elasticbeanstalk_describe_environment_health.html:67:1 (elasticbeanstalk_describe_environment_health.Rd:25): Warning: missing </ul> before </div>
elasticbeanstalk_describe_environment_managed_action_history.html:65:1 (elasticbeanstalk_describe_environment_managed_action_history.Rd:21): Warning: missing </ul> before </div>
elasticbeanstalk_describe_environment_managed_actions.html:60:1 (elasticbeanstalk_describe_environment_managed_actions.Rd:18): Warning: missing </ul> before </div>
elasticbeanstalk_describe_environment_resources.html:63:1 (elasticbeanstalk_describe_environment_resources.Rd:23): Warning: missing </ul> before </div>
elasticbeanstalk_describe_environments.html:103:1 (elasticbeanstalk_describe_environments.Rd:51): Warning: missing </ul> before </div>
elasticbeanstalk_describe_events.html:119:1 (elasticbeanstalk_describe_events.Rd:59): Warning: missing </ul> before </div>
elasticbeanstalk_describe_instances_health.html:68:1 (elasticbeanstalk_describe_instances_health.Rd:24): Warning: missing </ul> before </div>
elasticbeanstalk_describe_platform_version.html:48:1 (elasticbeanstalk_describe_platform_version.Rd:10): Warning: missing </ul> before </div>
elasticbeanstalk_disassociate_environment_operations_role.html:49:1 (elasticbeanstalk_disassociate_environment_operations_role.Rd:11): Warning: missing </ul> before </div>
elasticbeanstalk_list_platform_branches.html:122:1 (elasticbeanstalk_list_platform_branches.Rd:55): Warning: missing </ul> before </div>
elasticbeanstalk_list_platform_versions.html:66:1 (elasticbeanstalk_list_platform_versions.Rd:24): Warning: missing </ul> before </div>
elasticbeanstalk_list_tags_for_resource.html:51:1 (elasticbeanstalk_list_tags_for_resource.Rd:13): Warning: missing </ul> before </div>
elasticbeanstalk_rebuild_environment.html:64:1 (elasticbeanstalk_rebuild_environment.Rd:24): Warning: missing </ul> before </div>
elasticbeanstalk_request_environment_info.html:77:1 (elasticbeanstalk_request_environment_info.Rd:35): Warning: missing </ul> before </div>
elasticbeanstalk_restart_app_server.html:64:1 (elasticbeanstalk_restart_app_server.Rd:24): Warning: missing </ul> before </div>
elasticbeanstalk_retrieve_environment_info.html:74:1 (elasticbeanstalk_retrieve_environment_info.Rd:32): Warning: missing </ul> before </div>
elasticbeanstalk_swap_environment_cnam_es.html:83:1 (elasticbeanstalk_swap_environment_cnam_es.Rd:39): Warning: missing </ul> before </div>
elasticbeanstalk_terminate_environment.html:93:1 (elasticbeanstalk_terminate_environment.Rd:44): Warning: missing </ul> before </div>
elasticbeanstalk_update_application.html:57:1 (elasticbeanstalk_update_application.Rd:17): Warning: missing </ul> before </div>
elasticbeanstalk_update_application_resource_lifecycle.html:55:1 (elasticbeanstalk_update_application_resource_lifecycle.Rd:15): Warning: missing </ul> before </div>
elasticbeanstalk_update_application_version.html:69:1 (elasticbeanstalk_update_application_version.Rd:27): Warning: missing </ul> before </div>
elasticbeanstalk_update_configuration_template.html:83:1 (elasticbeanstalk_update_configuration_template.Rd:37): Warning: missing </ul> before </div>
elasticbeanstalk_update_environment.html:137:1 (elasticbeanstalk_update_environment.Rd:77): Warning: missing </ul> before </div>
elasticbeanstalk_update_tags_for_resource.html:68:1 (elasticbeanstalk_update_tags_for_resource.Rd:26): Warning: missing </ul> before </div>
elasticbeanstalk_validate_configuration_settings.html:72:1 (elasticbeanstalk_validate_configuration_settings.Rd:28): Warning: missing </ul> before </div>
emrcontainers_cancel_job_run.html:52:1 (emrcontainers_cancel_job_run.Rd:12): Warning: missing </ul> before </div>
emrcontainers_create_job_template.html:70:1 (emrcontainers_create_job_template.Rd:24): Warning: missing </ul> before </div>
emrcontainers_create_managed_endpoint.html:92:1 (emrcontainers_create_managed_endpoint.Rd:38): Warning: missing </ul> before </div>
emrcontainers_create_security_configuration.html:66:1 (emrcontainers_create_security_configuration.Rd:22): Warning: missing </ul> before </div>
emrcontainers_create_virtual_cluster.html:70:1 (emrcontainers_create_virtual_cluster.Rd:24): Warning: missing </ul> before </div>
emrcontainers_delete_job_template.html:48:1 (emrcontainers_delete_job_template.Rd:10): Warning: missing </ul> before </div>
emrcontainers_delete_managed_endpoint.html:52:1 (emrcontainers_delete_managed_endpoint.Rd:12): Warning: missing </ul> before </div>
emrcontainers_delete_virtual_cluster.html:48:1 (emrcontainers_delete_virtual_cluster.Rd:10): Warning: missing </ul> before </div>
emrcontainers_describe_job_run.html:52:1 (emrcontainers_describe_job_run.Rd:12): Warning: missing </ul> before </div>
emrcontainers_describe_job_template.html:48:1 (emrcontainers_describe_job_template.Rd:10): Warning: missing </ul> before </div>
emrcontainers_describe_managed_endpoint.html:52:1 (emrcontainers_describe_managed_endpoint.Rd:12): Warning: missing </ul> before </div>
emrcontainers_describe_security_configuration.html:48:1 (emrcontainers_describe_security_configuration.Rd:10): Warning: missing </ul> before </div>
emrcontainers_describe_virtual_cluster.html:48:1 (emrcontainers_describe_virtual_cluster.Rd:10): Warning: missing </ul> before </div>
emrcontainers_get_managed_endpoint_session_credentials.html:83:1 (emrcontainers_get_managed_endpoint_session_credentials.Rd:33): Warning: missing </ul> before </div>
emrcontainers_list_job_runs.html:80:1 (emrcontainers_list_job_runs.Rd:30): Warning: missing </ul> before </div>
emrcontainers_list_job_templates.html:65:1 (emrcontainers_list_job_templates.Rd:21): Warning: missing </ul> before </div>
emrcontainers_list_managed_endpoints.html:80:1 (emrcontainers_list_managed_endpoints.Rd:30): Warning: missing </ul> before </div>
emrcontainers_list_security_configurations.html:65:1 (emrcontainers_list_security_configurations.Rd:21): Warning: missing </ul> before </div>
emrcontainers_list_tags_for_resource.html:48:1 (emrcontainers_list_tags_for_resource.Rd:10): Warning: missing </ul> before </div>
emrcontainers_list_virtual_clusters.html:89:1 (emrcontainers_list_virtual_clusters.Rd:37): Warning: missing </ul> before </div>
emrcontainers_start_job_run.html:100:1 (emrcontainers_start_job_run.Rd:42): Warning: missing </ul> before </div>
emrcontainers_tag_resource.html:52:1 (emrcontainers_tag_resource.Rd:12): Warning: missing </ul> before </div>
emrcontainers_untag_resource.html:52:1 (emrcontainers_untag_resource.Rd:12): Warning: missing </ul> before </div>
emrserverless_cancel_job_run.html:52:1 (emrserverless_cancel_job_run.Rd:12): Warning: missing </ul> before </div>
emrserverless_create_application.html:150:1 (emrserverless_create_application.Rd:80): Warning: missing </ul> before </div>
emrserverless_delete_application.html:48:1 (emrserverless_delete_application.Rd:10): Warning: missing </ul> before </div>
emrserverless_get_application.html:48:1 (emrserverless_get_application.Rd:10): Warning: missing </ul> before </div>
emrserverless_get_dashboard_for_job_run.html:68:1 (emrserverless_get_dashboard_for_job_run.Rd:24): Warning: missing </ul> before </div>
emrserverless_get_job_run.html:57:1 (emrserverless_get_job_run.Rd:15): Warning: missing </ul> before </div>
emrserverless_list_applications.html:62:1 (emrserverless_list_applications.Rd:20): Warning: missing </ul> before </div>
emrserverless_list_job_run_attempts.html:65:1 (emrserverless_list_job_run_attempts.Rd:21): Warning: missing </ul> before </div>
emrserverless_list_job_runs.html:81:1 (emrserverless_list_job_runs.Rd:31): Warning: missing </ul> before </div>
emrserverless_list_tags_for_resource.html:50:1 (emrserverless_list_tags_for_resource.Rd:12): Warning: missing </ul> before </div>
emrserverless_start_application.html:49:1 (emrserverless_start_application.Rd:11): Warning: missing </ul> before </div>
emrserverless_start_job_run.html:97:1 (emrserverless_start_job_run.Rd:41): Warning: missing </ul> before </div>
emrserverless_stop_application.html:49:1 (emrserverless_stop_application.Rd:11): Warning: missing </ul> before </div>
emrserverless_tag_resource.html:54:1 (emrserverless_tag_resource.Rd:14): Warning: missing </ul> before </div>
emrserverless_untag_resource.html:54:1 (emrserverless_untag_resource.Rd:14): Warning: missing </ul> before </div>
emrserverless_update_application.html:140:1 (emrserverless_update_application.Rd:75): Warning: missing </ul> before </div>
imagebuilder_cancel_image_creation.html:55:1 (imagebuilder_cancel_image_creation.Rd:15): Warning: missing </ul> before </div>
imagebuilder_cancel_lifecycle_execution.html:55:1 (imagebuilder_cancel_lifecycle_execution.Rd:15): Warning: missing </ul> before </div>
imagebuilder_create_component.html:130:1 (imagebuilder_create_component.Rd:72): Warning: missing </ul> before </div>
imagebuilder_create_container_recipe.html:147:1 (imagebuilder_create_container_recipe.Rd:79): Warning: missing </ul> before </div>
imagebuilder_create_distribution_configuration.html:72:1 (imagebuilder_create_distribution_configuration.Rd:26): Warning: missing </ul> before </div>
imagebuilder_create_image.html:110:1 (imagebuilder_create_image.Rd:52): Warning: missing </ul> before </div>
imagebuilder_create_image_pipeline.html:131:1 (imagebuilder_create_image_pipeline.Rd:65): Warning: missing </ul> before </div>
imagebuilder_create_image_recipe.html:119:1 (imagebuilder_create_image_recipe.Rd:63): Warning: missing </ul> before </div>
imagebuilder_create_infrastructure_configuration.html:143:1 (imagebuilder_create_infrastructure_configuration.Rd:77): Warning: missing </ul> before </div>
imagebuilder_create_lifecycle_policy.html:94:1 (imagebuilder_create_lifecycle_policy.Rd:40): Warning: missing </ul> before </div>
imagebuilder_create_workflow.html:122:1 (imagebuilder_create_workflow.Rd:66): Warning: missing </ul> before </div>
imagebuilder_delete_component.html:48:1 (imagebuilder_delete_component.Rd:10): Warning: missing </ul> before </div>
imagebuilder_delete_container_recipe.html:48:1 (imagebuilder_delete_container_recipe.Rd:10): Warning: missing </ul> before </div>
imagebuilder_delete_distribution_configuration.html:49:1 (imagebuilder_delete_distribution_configuration.Rd:11): Warning: missing </ul> before </div>
imagebuilder_delete_image.html:49:1 (imagebuilder_delete_image.Rd:11): Warning: missing </ul> before </div>
imagebuilder_delete_image_pipeline.html:48:1 (imagebuilder_delete_image_pipeline.Rd:10): Warning: missing </ul> before </div>
imagebuilder_delete_image_recipe.html:48:1 (imagebuilder_delete_image_recipe.Rd:10): Warning: missing </ul> before </div>
imagebuilder_delete_infrastructure_configuration.html:51:1 (imagebuilder_delete_infrastructure_configuration.Rd:13): Warning: missing </ul> before </div>
imagebuilder_delete_lifecycle_policy.html:49:1 (imagebuilder_delete_lifecycle_policy.Rd:11): Warning: missing </ul> before </div>
imagebuilder_delete_workflow.html:48:1 (imagebuilder_delete_workflow.Rd:10): Warning: missing </ul> before </div>
imagebuilder_get_component.html:49:1 (imagebuilder_get_component.Rd:11): Warning: missing </ul> before </div>
imagebuilder_get_component_policy.html:49:1 (imagebuilder_get_component_policy.Rd:11): Warning: missing </ul> before </div>
imagebuilder_get_container_recipe.html:48:1 (imagebuilder_get_container_recipe.Rd:10): Warning: missing </ul> before </div>
imagebuilder_get_container_recipe_policy.html:49:1 (imagebuilder_get_container_recipe_policy.Rd:11): Warning: missing </ul> before </div>
imagebuilder_get_distribution_configuration.html:49:1 (imagebuilder_get_distribution_configuration.Rd:11): Warning: missing </ul> before </div>
imagebuilder_get_image.html:48:1 (imagebuilder_get_image.Rd:10): Warning: missing </ul> before </div>
imagebuilder_get_image_pipeline.html:49:1 (imagebuilder_get_image_pipeline.Rd:11): Warning: missing </ul> before </div>
imagebuilder_get_image_policy.html:49:1 (imagebuilder_get_image_policy.Rd:11): Warning: missing </ul> before </div>
imagebuilder_get_image_recipe.html:49:1 (imagebuilder_get_image_recipe.Rd:11): Warning: missing </ul> before </div>
imagebuilder_get_image_recipe_policy.html:49:1 (imagebuilder_get_image_recipe_policy.Rd:11): Warning: missing </ul> before </div>
imagebuilder_get_infrastructure_configuration.html:49:1 (imagebuilder_get_infrastructure_configuration.Rd:11): Warning: missing </ul> before </div>
imagebuilder_get_lifecycle_execution.html:50:1 (imagebuilder_get_lifecycle_execution.Rd:12): Warning: missing </ul> before </div>
imagebuilder_get_lifecycle_policy.html:49:1 (imagebuilder_get_lifecycle_policy.Rd:11): Warning: missing </ul> before </div>
imagebuilder_get_marketplace_resource.html:64:1 (imagebuilder_get_marketplace_resource.Rd:22): Warning: missing </ul> before </div>
imagebuilder_get_workflow.html:49:1 (imagebuilder_get_workflow.Rd:11): Warning: missing </ul> before </div>
imagebuilder_get_workflow_execution.html:50:1 (imagebuilder_get_workflow_execution.Rd:12): Warning: missing </ul> before </div>
imagebuilder_get_workflow_step_execution.html:50:1 (imagebuilder_get_workflow_step_execution.Rd:12): Warning: missing </ul> before </div>
imagebuilder_import_component.html:126:1 (imagebuilder_import_component.Rd:66): Warning: missing </ul> before </div>
imagebuilder_import_disk_image.html:105:1 (imagebuilder_import_disk_image.Rd:49): Warning: missing </ul> before </div>
imagebuilder_import_vm_image.html:108:1 (imagebuilder_import_vm_image.Rd:56): Warning: missing </ul> before </div>
imagebuilder_list_component_build_versions.html:63:1 (imagebuilder_list_component_build_versions.Rd:21): Warning: missing </ul> before </div>
imagebuilder_list_components.html:97:1 (imagebuilder_list_components.Rd:38): Warning: missing </ul> before </div>
imagebuilder_list_container_recipes.html:83:1 (imagebuilder_list_container_recipes.Rd:30): Warning: missing </ul> before </div>
imagebuilder_list_distribution_configurations.html:61:1 (imagebuilder_list_distribution_configurations.Rd:19): Warning: missing </ul> before </div>
imagebuilder_list_image_build_versions.html:85:1 (imagebuilder_list_image_build_versions.Rd:30): Warning: missing </ul> before </div>
imagebuilder_list_image_packages.html:64:1 (imagebuilder_list_image_packages.Rd:22): Warning: missing </ul> before </div>
imagebuilder_list_image_pipeline_images.html:76:1 (imagebuilder_list_image_pipeline_images.Rd:27): Warning: missing </ul> before </div>
imagebuilder_list_image_pipelines.html:82:1 (imagebuilder_list_image_pipelines.Rd:27): Warning: missing </ul> before </div>
imagebuilder_list_image_recipes.html:82:1 (imagebuilder_list_image_recipes.Rd:31): Warning: missing </ul> before </div>
imagebuilder_list_image_scan_finding_aggregations.html:55:1 (imagebuilder_list_image_scan_finding_aggregations.Rd:16): Warning: missing </ul> before </div>
imagebuilder_list_image_scan_findings.html:80:1 (imagebuilder_list_image_scan_findings.Rd:29): Warning: missing </ul> before </div>
imagebuilder_list_images.html:98:1 (imagebuilder_list_images.Rd:39): Warning: missing </ul> before </div>
imagebuilder_list_infrastructure_configurations.html:61:1 (imagebuilder_list_infrastructure_configurations.Rd:19): Warning: missing </ul> before </div>
imagebuilder_list_lifecycle_execution_resources.html:75:1 (imagebuilder_list_lifecycle_execution_resources.Rd:31): Warning: missing </ul> before </div>
imagebuilder_list_lifecycle_executions.html:62:1 (imagebuilder_list_lifecycle_executions.Rd:20): Warning: missing </ul> before </div>
imagebuilder_list_lifecycle_policies.html:62:1 (imagebuilder_list_lifecycle_policies.Rd:20): Warning: missing </ul> before </div>
imagebuilder_list_tags_for_resource.html:49:1 (imagebuilder_list_tags_for_resource.Rd:11): Warning: missing </ul> before </div>
imagebuilder_list_waiting_workflow_steps.html:54:1 (imagebuilder_list_waiting_workflow_steps.Rd:14): Warning: missing </ul> before </div>
imagebuilder_list_workflow_build_versions.html:62:1 (imagebuilder_list_workflow_build_versions.Rd:20): Warning: missing </ul> before </div>
imagebuilder_list_workflow_executions.html:63:1 (imagebuilder_list_workflow_executions.Rd:21): Warning: missing </ul> before </div>
imagebuilder_list_workflow_step_executions.html:63:1 (imagebuilder_list_workflow_step_executions.Rd:21): Warning: missing </ul> before </div>
imagebuilder_list_workflows.html:72:1 (imagebuilder_list_workflows.Rd:26): Warning: missing </ul> before </div>
imagebuilder_put_component_policy.html:53:1 (imagebuilder_put_component_policy.Rd:13): Warning: missing </ul> before </div>
imagebuilder_put_container_recipe_policy.html:53:1 (imagebuilder_put_container_recipe_policy.Rd:13): Warning: missing </ul> before </div>
imagebuilder_put_image_policy.html:53:1 (imagebuilder_put_image_policy.Rd:13): Warning: missing </ul> before </div>
imagebuilder_put_image_recipe_policy.html:53:1 (imagebuilder_put_image_recipe_policy.Rd:13): Warning: missing </ul> before </div>
imagebuilder_send_workflow_step_action.html:75:1 (imagebuilder_send_workflow_step_action.Rd:29): Warning: missing </ul> before </div>
imagebuilder_start_image_pipeline_execution.html:55:1 (imagebuilder_start_image_pipeline_execution.Rd:15): Warning: missing </ul> before </div>
imagebuilder_start_resource_state_update.html:87:1 (imagebuilder_start_resource_state_update.Rd:37): Warning: missing </ul> before </div>
imagebuilder_tag_resource.html:52:1 (imagebuilder_tag_resource.Rd:12): Warning: missing </ul> before </div>
imagebuilder_untag_resource.html:52:1 (imagebuilder_untag_resource.Rd:12): Warning: missing </ul> before </div>
imagebuilder_update_distribution_configuration.html:68:1 (imagebuilder_update_distribution_configuration.Rd:24): Warning: missing </ul> before </div>
imagebuilder_update_image_pipeline.html:126:1 (imagebuilder_update_image_pipeline.Rd:62): Warning: missing </ul> before </div>
imagebuilder_update_infrastructure_configuration.html:148:1 (imagebuilder_update_infrastructure_configuration.Rd:79): Warning: missing </ul> before </div>
imagebuilder_update_lifecycle_policy.html:88:1 (imagebuilder_update_lifecycle_policy.Rd:36): Warning: missing </ul> before </div>
lambda_add_layer_version_permission.html:90:1 (lambda_add_layer_version_permission.Rd:40): Warning: missing </ul> before </div>
lambda_add_permission.html:142:1 (lambda_add_permission.Rd:77): Warning: missing </ul> before </div>
lambda_create_alias.html:89:1 (lambda_create_alias.Rd:36): Warning: missing </ul> before </div>
lambda_create_code_signing_config.html:66:1 (lambda_create_code_signing_config.Rd:22): Warning: missing </ul> before </div>
lambda_create_event_source_mapping.html:298:1 (lambda_create_event_source_mapping.Rd:171): Warning: missing </ul> before </div>
lambda_create_function.html:251:1 (lambda_create_function.Rd:151): Warning: missing </ul> before </div>
lambda_create_function_url_config.html:109:1 (lambda_create_function_url_config.Rd:51): Warning: missing </ul> before </div>
lambda_delete_alias.html:70:1 (lambda_delete_alias.Rd:23): Warning: missing </ul> before </div>
lambda_delete_code_signing_config.html:48:1 (lambda_delete_code_signing_config.Rd:10): Warning: missing </ul> before </div>
lambda_delete_event_source_mapping.html:48:1 (lambda_delete_event_source_mapping.Rd:10): Warning: missing </ul> before </div>
lambda_delete_function.html:73:1 (lambda_delete_function.Rd:26): Warning: missing </ul> before </div>
lambda_delete_function_code_signing_config.html:66:1 (lambda_delete_function_code_signing_config.Rd:21): Warning: missing </ul> before </div>
lambda_delete_function_concurrency.html:66:1 (lambda_delete_function_concurrency.Rd:21): Warning: missing </ul> before </div>
lambda_delete_function_event_invoke_config.html:73:1 (lambda_delete_function_event_invoke_config.Rd:26): Warning: missing </ul> before </div>
lambda_delete_function_url_config.html:70:1 (lambda_delete_function_url_config.Rd:23): Warning: missing </ul> before </div>
lambda_delete_layer_version.html:52:1 (lambda_delete_layer_version.Rd:12): Warning: missing </ul> before </div>
lambda_delete_provisioned_concurrency_config.html:70:1 (lambda_delete_provisioned_concurrency_config.Rd:23): Warning: missing </ul> before </div>
lambda_get_alias.html:70:1 (lambda_get_alias.Rd:23): Warning: missing </ul> before </div>
lambda_get_code_signing_config.html:48:1 (lambda_get_code_signing_config.Rd:10): Warning: missing </ul> before </div>
lambda_get_event_source_mapping.html:48:1 (lambda_get_event_source_mapping.Rd:10): Warning: missing </ul> before </div>
lambda_get_function.html:74:1 (lambda_get_function.Rd:27): Warning: missing </ul> before </div>
lambda_get_function_code_signing_config.html:66:1 (lambda_get_function_code_signing_config.Rd:21): Warning: missing </ul> before </div>
lambda_get_function_concurrency.html:67:1 (lambda_get_function_concurrency.Rd:22): Warning: missing </ul> before </div>
lambda_get_function_configuration.html:73:1 (lambda_get_function_configuration.Rd:26): Warning: missing </ul> before </div>
lambda_get_function_event_invoke_config.html:73:1 (lambda_get_function_event_invoke_config.Rd:26): Warning: missing </ul> before </div>
lambda_get_function_recursion_config.html:48:1 (lambda_get_function_recursion_config.Rd:10): Warning: missing </ul> before </div>
lambda_get_function_url_config.html:70:1 (lambda_get_function_url_config.Rd:23): Warning: missing </ul> before </div>
lambda_get_layer_version.html:53:1 (lambda_get_layer_version.Rd:13): Warning: missing </ul> before </div>
lambda_get_layer_version_by_arn.html:49:1 (lambda_get_layer_version_by_arn.Rd:11): Warning: missing </ul> before </div>
lambda_get_layer_version_policy.html:52:1 (lambda_get_layer_version_policy.Rd:12): Warning: missing </ul> before </div>
lambda_get_policy.html:72:1 (lambda_get_policy.Rd:25): Warning: missing </ul> before </div>
lambda_get_provisioned_concurrency_config.html:71:1 (lambda_get_provisioned_concurrency_config.Rd:24): Warning: missing </ul> before </div>
lambda_get_runtime_management_config.html:72:1 (lambda_get_runtime_management_config.Rd:25): Warning: missing </ul> before </div>
lambda_invoke.html:122:1 (lambda_invoke.Rd:60): Warning: missing </ul> before </div>
lambda_invoke_async.html:70:1 (lambda_invoke_async.Rd:23): Warning: missing </ul> before </div>
lambda_invoke_with_response_stream.html:113:1 (lambda_invoke_with_response_stream.Rd:53): Warning: missing </ul> before </div>
lambda_list_aliases.html:85:1 (lambda_list_aliases.Rd:34): Warning: missing </ul> before </div>
lambda_list_code_signing_configs.html:53:1 (lambda_list_code_signing_configs.Rd:13): Warning: missing </ul> before </div>
lambda_list_event_source_mappings.html:112:1 (lambda_list_event_source_mappings.Rd:46): Warning: missing </ul> before </div>
lambda_list_function_event_invoke_configs.html:80:1 (lambda_list_function_event_invoke_configs.Rd:31): Warning: missing </ul> before </div>
lambda_list_function_url_configs.html:78:1 (lambda_list_function_url_configs.Rd:29): Warning: missing </ul> before </div>
lambda_list_functions.html:74:1 (lambda_list_functions.Rd:30): Warning: missing </ul> before </div>
lambda_list_functions_by_code_signing_config.html:61:1 (lambda_list_functions_by_code_signing_config.Rd:19): Warning: missing </ul> before </div>
lambda_list_layer_versions.html:75:1 (lambda_list_layer_versions.Rd:29): Warning: missing </ul> before </div>
lambda_list_layers.html:71:1 (lambda_list_layers.Rd:27): Warning: missing </ul> before </div>
lambda_list_provisioned_concurrency_configs.html:80:1 (lambda_list_provisioned_concurrency_configs.Rd:31): Warning: missing </ul> before </div>
lambda_list_tags.html:50:1 (lambda_list_tags.Rd:12): Warning: missing </ul> before </div>
lambda_list_versions_by_function.html:79:1 (lambda_list_versions_by_function.Rd:30): Warning: missing </ul> before </div>
lambda_publish_layer_version.html:94:1 (lambda_publish_layer_version.Rd:39): Warning: missing </ul> before </div>
lambda_publish_version.html:90:1 (lambda_publish_version.Rd:39): Warning: missing </ul> before </div>
lambda_put_function_code_signing_config.html:70:1 (lambda_put_function_code_signing_config.Rd:23): Warning: missing </ul> before </div>
lambda_put_function_concurrency.html:71:1 (lambda_put_function_concurrency.Rd:24): Warning: missing </ul> before </div>
lambda_put_function_event_invoke_config.html:116:1 (lambda_put_function_event_invoke_config.Rd:52): Warning: missing </ul> before </div>
lambda_put_function_recursion_config.html:89:1 (lambda_put_function_recursion_config.Rd:42): Warning: missing </ul> before </div>
lambda_put_provisioned_concurrency_config.html:80:1 (lambda_put_provisioned_concurrency_config.Rd:31): Warning: missing </ul> before </div>
lambda_put_runtime_management_config.html:114:1 (lambda_put_runtime_management_config.Rd:56): Warning: missing </ul> before </div>
lambda_remove_layer_version_permission.html:68:1 (lambda_remove_layer_version_permission.Rd:24): Warning: missing </ul> before </div>
lambda_remove_permission.html:89:1 (lambda_remove_permission.Rd:38): Warning: missing </ul> before </div>
lambda_tag_resource.html:53:1 (lambda_tag_resource.Rd:13): Warning: missing </ul> before </div>
lambda_untag_resource.html:53:1 (lambda_untag_resource.Rd:13): Warning: missing </ul> before </div>
lambda_update_alias.html:96:1 (lambda_update_alias.Rd:41): Warning: missing </ul> before </div>
lambda_update_code_signing_config.html:65:1 (lambda_update_code_signing_config.Rd:21): Warning: missing </ul> before </div>
lambda_update_event_source_mapping.html:229:1 (lambda_update_event_source_mapping.Rd:131): Warning: missing </ul> before </div>
lambda_update_function_code.html:136:1 (lambda_update_function_code.Rd:71): Warning: missing </ul> before </div>
lambda_update_function_configuration.html:219:1 (lambda_update_function_configuration.Rd:129): Warning: missing </ul> before </div>
lambda_update_function_event_invoke_config.html:116:1 (lambda_update_function_event_invoke_config.Rd:52): Warning: missing </ul> before </div>
lambda_update_function_url_config.html:108:1 (lambda_update_function_url_config.Rd:50): Warning: missing </ul> before </div>
lightsail_allocate_static_ip.html:48:1 (lightsail_allocate_static_ip.Rd:10): Warning: missing </ul> before </div>
lightsail_attach_certificate_to_distribution.html:68:1 (lightsail_attach_certificate_to_distribution.Rd:28): Warning: missing </ul> before </div>
lightsail_attach_disk.html:65:1 (lightsail_attach_disk.Rd:21): Warning: missing </ul> before </div>
lightsail_attach_instances_to_load_balancer.html:60:1 (lightsail_attach_instances_to_load_balancer.Rd:20): Warning: missing </ul> before </div>
lightsail_attach_load_balancer_tls_certificate.html:57:1 (lightsail_attach_load_balancer_tls_certificate.Rd:17): Warning: missing </ul> before </div>
lightsail_attach_static_ip.html:52:1 (lightsail_attach_static_ip.Rd:12): Warning: missing </ul> before </div>
lightsail_close_instance_public_ports.html:52:1 (lightsail_close_instance_public_ports.Rd:12): Warning: missing </ul> before </div>
lightsail_copy_snapshot.html:132:1 (lightsail_copy_snapshot.Rd:66): Warning: missing </ul> before </div>
lightsail_create_bucket.html:84:1 (lightsail_create_bucket.Rd:40): Warning: missing </ul> before </div>
lightsail_create_bucket_access_key.html:49:1 (lightsail_create_bucket_access_key.Rd:11): Warning: missing </ul> before </div>
lightsail_create_certificate.html:76:1 (lightsail_create_certificate.Rd:32): Warning: missing </ul> before </div>
lightsail_create_cloud_formation_stack.html:52:1 (lightsail_create_cloud_formation_stack.Rd:14): Warning: missing </ul> before </div>
lightsail_create_contact_method.html:94:1 (lightsail_create_contact_method.Rd:41): Warning: missing </ul> before </div>
lightsail_create_container_service.html:162:1 (lightsail_create_container_service.Rd:103): Warning: missing </ul> before </div>
lightsail_create_container_service_deployment.html:62:1 (lightsail_create_container_service_deployment.Rd:20): Warning: missing </ul> before </div>
lightsail_create_disk.html:80:1 (lightsail_create_disk.Rd:34): Warning: missing </ul> before </div>
lightsail_create_disk_from_snapshot.html:161:1 (lightsail_create_disk_from_snapshot.Rd:87): Warning: missing </ul> before </div>
lightsail_create_disk_snapshot.html:79:1 (lightsail_create_disk_snapshot.Rd:35): Warning: missing </ul> before </div>
lightsail_create_distribution.html:120:1 (lightsail_create_distribution.Rd:64): Warning: missing </ul> before </div>
lightsail_create_domain.html:55:1 (lightsail_create_domain.Rd:15): Warning: missing </ul> before </div>
lightsail_create_domain_entry.html:57:1 (lightsail_create_domain_entry.Rd:17): Warning: missing </ul> before </div>
lightsail_create_gui_session_access_details.html:49:1 (lightsail_create_gui_session_access_details.Rd:11): Warning: missing </ul> before </div>
lightsail_create_instance_snapshot.html:63:1 (lightsail_create_instance_snapshot.Rd:21): Warning: missing </ul> before </div>
lightsail_create_instances.html:128:1 (lightsail_create_instances.Rd:72): Warning: missing </ul> before </div>
lightsail_create_instances_from_snapshot.html:193:1 (lightsail_create_instances_from_snapshot.Rd:111): Warning: missing </ul> before </div>
lightsail_create_key_pair.html:56:1 (lightsail_create_key_pair.Rd:16): Warning: missing </ul> before </div>
lightsail_create_load_balancer.html:120:1 (lightsail_create_load_balancer.Rd:66): Warning: missing </ul> before </div>
lightsail_create_load_balancer_tls_certificate.html:83:1 (lightsail_create_load_balancer_tls_certificate.Rd:37): Warning: missing </ul> before </div>
lightsail_create_relational_database.html:292:1 (lightsail_create_relational_database.Rd:177): Warning: missing </ul> before </div>
lightsail_create_relational_database_from_snapshot.html:150:1 (lightsail_create_relational_database_from_snapshot.Rd:82): Warning: missing </ul> before </div>
lightsail_create_relational_database_snapshot.html:74:1 (lightsail_create_relational_database_snapshot.Rd:27): Warning: missing </ul> before </div>
lightsail_delete_alarm.html:48:1 (lightsail_delete_alarm.Rd:10): Warning: missing </ul> before </div>
lightsail_delete_auto_snapshot.html:55:1 (lightsail_delete_auto_snapshot.Rd:15): Warning: missing </ul> before </div>
lightsail_delete_bucket.html:79:1 (lightsail_delete_bucket.Rd:30): Warning: missing </ul> before </div>
lightsail_delete_bucket_access_key.html:55:1 (lightsail_delete_bucket_access_key.Rd:15): Warning: missing </ul> before </div>
lightsail_delete_certificate.html:52:1 (lightsail_delete_certificate.Rd:14): Warning: missing </ul> before </div>
lightsail_delete_contact_method.html:54:1 (lightsail_delete_contact_method.Rd:16): Warning: missing </ul> before </div>
lightsail_delete_container_image.html:64:1 (lightsail_delete_container_image.Rd:24): Warning: missing </ul> before </div>
lightsail_delete_container_service.html:48:1 (lightsail_delete_container_service.Rd:10): Warning: missing </ul> before </div>
lightsail_delete_disk.html:52:1 (lightsail_delete_disk.Rd:12): Warning: missing </ul> before </div>
lightsail_delete_disk_snapshot.html:48:1 (lightsail_delete_disk_snapshot.Rd:10): Warning: missing </ul> before </div>
lightsail_delete_distribution.html:52:1 (lightsail_delete_distribution.Rd:14): Warning: missing </ul> before </div>
lightsail_delete_domain.html:48:1 (lightsail_delete_domain.Rd:10): Warning: missing </ul> before </div>
lightsail_delete_domain_entry.html:53:1 (lightsail_delete_domain_entry.Rd:13): Warning: missing </ul> before </div>
lightsail_delete_instance.html:53:1 (lightsail_delete_instance.Rd:13): Warning: missing </ul> before </div>
lightsail_delete_instance_snapshot.html:48:1 (lightsail_delete_instance_snapshot.Rd:10): Warning: missing </ul> before </div>
lightsail_delete_key_pair.html:56:1 (lightsail_delete_key_pair.Rd:16): Warning: missing </ul> before </div>
lightsail_delete_known_host_keys.html:50:1 (lightsail_delete_known_host_keys.Rd:12): Warning: missing </ul> before </div>
lightsail_delete_load_balancer.html:49:1 (lightsail_delete_load_balancer.Rd:11): Warning: missing </ul> before </div>
lightsail_delete_load_balancer_tls_certificate.html:65:1 (lightsail_delete_load_balancer_tls_certificate.Rd:23): Warning: missing </ul> before </div>
lightsail_delete_relational_database.html:83:1 (lightsail_delete_relational_database.Rd:36): Warning: missing </ul> before </div>
lightsail_delete_relational_database_snapshot.html:48:1 (lightsail_delete_relational_database_snapshot.Rd:10): Warning: missing </ul> before </div>
lightsail_detach_certificate_from_distribution.html:52:1 (lightsail_detach_certificate_from_distribution.Rd:14): Warning: missing </ul> before </div>
lightsail_detach_disk.html:49:1 (lightsail_detach_disk.Rd:11): Warning: missing </ul> before </div>
lightsail_detach_instances_from_load_balancer.html:53:1 (lightsail_detach_instances_from_load_balancer.Rd:13): Warning: missing </ul> before </div>
lightsail_detach_static_ip.html:49:1 (lightsail_detach_static_ip.Rd:11): Warning: missing </ul> before </div>
lightsail_disable_add_on.html:52:1 (lightsail_disable_add_on.Rd:12): Warning: missing </ul> before </div>
lightsail_enable_add_on.html:53:1 (lightsail_enable_add_on.Rd:13): Warning: missing </ul> before </div>
lightsail_export_snapshot.html:49:1 (lightsail_export_snapshot.Rd:11): Warning: missing </ul> before </div>
lightsail_get_active_names.html:53:1 (lightsail_get_active_names.Rd:15): Warning: missing </ul> before </div>
lightsail_get_alarms.html:70:1 (lightsail_get_alarms.Rd:28): Warning: missing </ul> before </div>
lightsail_get_auto_snapshots.html:49:1 (lightsail_get_auto_snapshots.Rd:11): Warning: missing </ul> before </div>
lightsail_get_blueprints.html:69:1 (lightsail_get_blueprints.Rd:27): Warning: missing </ul> before </div>
lightsail_get_bucket_access_keys.html:49:1 (lightsail_get_bucket_access_keys.Rd:11): Warning: missing </ul> before </div>
lightsail_get_bucket_bundles.html:49:1 (lightsail_get_bucket_bundles.Rd:11): Warning: missing </ul> before </div>
lightsail_get_bucket_metric_data.html:147:1 (lightsail_get_bucket_metric_data.Rd:81): Warning: missing </ul> before </div>
lightsail_get_buckets.html:71:1 (lightsail_get_buckets.Rd:29): Warning: missing </ul> before </div>
lightsail_get_bundles.html:69:1 (lightsail_get_bundles.Rd:27): Warning: missing </ul> before </div>
lightsail_get_certificates.html:85:1 (lightsail_get_certificates.Rd:41): Warning: missing </ul> before </div>
lightsail_get_cloud_formation_stack_records.html:54:1 (lightsail_get_cloud_formation_stack_records.Rd:16): Warning: missing </ul> before </div>
lightsail_get_contact_methods.html:52:1 (lightsail_get_contact_methods.Rd:14): Warning: missing </ul> before </div>
lightsail_get_container_images.html:50:1 (lightsail_get_container_images.Rd:12): Warning: missing </ul> before </div>
lightsail_get_container_log.html:141:1 (lightsail_get_container_log.Rd:72): Warning: missing </ul> before </div>
lightsail_get_container_service_deployments.html:48:1 (lightsail_get_container_service_deployments.Rd:10): Warning: missing </ul> before </div>
lightsail_get_container_service_metric_data.html:138:1 (lightsail_get_container_service_metric_data.Rd:74): Warning: missing </ul> before </div>
lightsail_get_container_services.html:52:1 (lightsail_get_container_services.Rd:14): Warning: missing </ul> before </div>
lightsail_get_cost_estimate.html:90:1 (lightsail_get_cost_estimate.Rd:38): Warning: missing </ul> before </div>
lightsail_get_disk.html:48:1 (lightsail_get_disk.Rd:10): Warning: missing </ul> before </div>
lightsail_get_disk_snapshot.html:48:1 (lightsail_get_disk_snapshot.Rd:10): Warning: missing </ul> before </div>
lightsail_get_disk_snapshots.html:54:1 (lightsail_get_disk_snapshots.Rd:16): Warning: missing </ul> before </div>
lightsail_get_disks.html:54:1 (lightsail_get_disks.Rd:16): Warning: missing </ul> before </div>
lightsail_get_distribution_latest_cache_reset.html:56:1 (lightsail_get_distribution_latest_cache_reset.Rd:18): Warning: missing </ul> before </div>
lightsail_get_distribution_metric_data.html:216:1 (lightsail_get_distribution_metric_data.Rd:132): Warning: missing </ul> before </div>
lightsail_get_distributions.html:61:1 (lightsail_get_distributions.Rd:21): Warning: missing </ul> before </div>
lightsail_get_domain.html:48:1 (lightsail_get_domain.Rd:10): Warning: missing </ul> before </div>
lightsail_get_domains.html:53:1 (lightsail_get_domains.Rd:15): Warning: missing </ul> before </div>
lightsail_get_export_snapshot_records.html:55:1 (lightsail_get_export_snapshot_records.Rd:17): Warning: missing </ul> before </div>
lightsail_get_instance.html:49:1 (lightsail_get_instance.Rd:11): Warning: missing </ul> before </div>
lightsail_get_instance_access_details.html:53:1 (lightsail_get_instance_access_details.Rd:13): Warning: missing </ul> before </div>
lightsail_get_instance_metric_data.html:237:1 (lightsail_get_instance_metric_data.Rd:157): Warning: missing </ul> before </div>
lightsail_get_instance_port_states.html:50:1 (lightsail_get_instance_port_states.Rd:12): Warning: missing </ul> before </div>
lightsail_get_instance_snapshot.html:48:1 (lightsail_get_instance_snapshot.Rd:10): Warning: missing </ul> before </div>
lightsail_get_instance_snapshots.html:53:1 (lightsail_get_instance_snapshots.Rd:15): Warning: missing </ul> before </div>
lightsail_get_instance_state.html:48:1 (lightsail_get_instance_state.Rd:10): Warning: missing </ul> before </div>
lightsail_get_instances.html:54:1 (lightsail_get_instances.Rd:16): Warning: missing </ul> before </div>
lightsail_get_key_pair.html:48:1 (lightsail_get_key_pair.Rd:10): Warning: missing </ul> before </div>
lightsail_get_key_pairs.html:58:1 (lightsail_get_key_pairs.Rd:18): Warning: missing </ul> before </div>
lightsail_get_load_balancer.html:48:1 (lightsail_get_load_balancer.Rd:10): Warning: missing </ul> before </div>
lightsail_get_load_balancer_metric_data.html:243:1 (lightsail_get_load_balancer_metric_data.Rd:157): Warning: missing </ul> before </div>
lightsail_get_load_balancer_tls_certificates.html:50:1 (lightsail_get_load_balancer_tls_certificates.Rd:12): Warning: missing </ul> before </div>
lightsail_get_load_balancer_tls_policies.html:55:1 (lightsail_get_load_balancer_tls_policies.Rd:17): Warning: missing </ul> before </div>
lightsail_get_load_balancers.html:53:1 (lightsail_get_load_balancers.Rd:15): Warning: missing </ul> before </div>
lightsail_get_operation.html:48:1 (lightsail_get_operation.Rd:10): Warning: missing </ul> before </div>
lightsail_get_operations.html:53:1 (lightsail_get_operations.Rd:15): Warning: missing </ul> before </div>
lightsail_get_operations_for_resource.html:58:1 (lightsail_get_operations_for_resource.Rd:18): Warning: missing </ul> before </div>
lightsail_get_regions.html:59:1 (lightsail_get_regions.Rd:19): Warning: missing </ul> before </div>
lightsail_get_relational_database.html:48:1 (lightsail_get_relational_database.Rd:10): Warning: missing </ul> before </div>
lightsail_get_relational_database_blueprints.html:54:1 (lightsail_get_relational_database_blueprints.Rd:16): Warning: missing </ul> before </div>
lightsail_get_relational_database_bundles.html:62:1 (lightsail_get_relational_database_bundles.Rd:22): Warning: missing </ul> before </div>
lightsail_get_relational_database_events.html:71:1 (lightsail_get_relational_database_events.Rd:29): Warning: missing </ul> before </div>
lightsail_get_relational_database_log_events.html:118:1 (lightsail_get_relational_database_log_events.Rd:60): Warning: missing </ul> before </div>
lightsail_get_relational_database_log_streams.html:49:1 (lightsail_get_relational_database_log_streams.Rd:11): Warning: missing </ul> before </div>
lightsail_get_relational_database_master_user_password.html:64:1 (lightsail_get_relational_database_master_user_password.Rd:24): Warning: missing </ul> before </div>
lightsail_get_relational_database_metric_data.html:204:1 (lightsail_get_relational_database_metric_data.Rd:120): Warning: missing </ul> before </div>
lightsail_get_relational_database_parameters.html:62:1 (lightsail_get_relational_database_parameters.Rd:22): Warning: missing </ul> before </div>
lightsail_get_relational_database_snapshot.html:49:1 (lightsail_get_relational_database_snapshot.Rd:11): Warning: missing </ul> before </div>
lightsail_get_relational_database_snapshots.html:55:1 (lightsail_get_relational_database_snapshots.Rd:17): Warning: missing </ul> before </div>
lightsail_get_relational_databases.html:54:1 (lightsail_get_relational_databases.Rd:16): Warning: missing </ul> before </div>
lightsail_get_setup_history.html:58:1 (lightsail_get_setup_history.Rd:18): Warning: missing </ul> before </div>
lightsail_get_static_ip.html:48:1 (lightsail_get_static_ip.Rd:10): Warning: missing </ul> before </div>
lightsail_get_static_ips.html:53:1 (lightsail_get_static_ips.Rd:15): Warning: missing </ul> before </div>
lightsail_import_key_pair.html:52:1 (lightsail_import_key_pair.Rd:12): Warning: missing </ul> before </div>
lightsail_open_instance_public_ports.html:54:1 (lightsail_open_instance_public_ports.Rd:14): Warning: missing </ul> before </div>
lightsail_put_alarm.html:226:1 (lightsail_put_alarm.Rd:140): Warning: missing </ul> before </div>
lightsail_put_instance_public_ports.html:55:1 (lightsail_put_instance_public_ports.Rd:15): Warning: missing </ul> before </div>
lightsail_reboot_instance.html:48:1 (lightsail_reboot_instance.Rd:10): Warning: missing </ul> before </div>
lightsail_reboot_relational_database.html:48:1 (lightsail_reboot_relational_database.Rd:10): Warning: missing </ul> before </div>
lightsail_register_container_image.html:84:1 (lightsail_register_container_image.Rd:39): Warning: missing </ul> before </div>
lightsail_release_static_ip.html:48:1 (lightsail_release_static_ip.Rd:10): Warning: missing </ul> before </div>
lightsail_reset_distribution_cache.html:52:1 (lightsail_reset_distribution_cache.Rd:14): Warning: missing </ul> before </div>
lightsail_send_contact_method_verification.html:49:1 (lightsail_send_contact_method_verification.Rd:11): Warning: missing </ul> before </div>
lightsail_set_ip_address_type.html:85:1 (lightsail_set_ip_address_type.Rd:41): Warning: missing </ul> before </div>
lightsail_set_resource_access_for_bucket.html:71:1 (lightsail_set_resource_access_for_bucket.Rd:24): Warning: missing </ul> before </div>
lightsail_setup_instance_https.html:67:1 (lightsail_setup_instance_https.Rd:23): Warning: missing </ul> before </div>
lightsail_start_gui_session.html:49:1 (lightsail_start_gui_session.Rd:11): Warning: missing </ul> before </div>
lightsail_start_instance.html:48:1 (lightsail_start_instance.Rd:10): Warning: missing </ul> before </div>
lightsail_start_relational_database.html:48:1 (lightsail_start_relational_database.Rd:10): Warning: missing </ul> before </div>
lightsail_stop_gui_session.html:49:1 (lightsail_stop_gui_session.Rd:11): Warning: missing </ul> before </div>
lightsail_stop_instance.html:57:1 (lightsail_stop_instance.Rd:17): Warning: missing </ul> before </div>
lightsail_stop_relational_database.html:56:1 (lightsail_stop_relational_database.Rd:16): Warning: missing </ul> before </div>
lightsail_tag_resource.html:57:1 (lightsail_tag_resource.Rd:15): Warning: missing </ul> before </div>
lightsail_test_alarm.html:68:1 (lightsail_test_alarm.Rd:21): Warning: missing </ul> before </div>
lightsail_untag_resource.html:58:1 (lightsail_untag_resource.Rd:16): Warning: missing </ul> before </div>
lightsail_update_bucket.html:88:1 (lightsail_update_bucket.Rd:37): Warning: missing </ul> before </div>
lightsail_update_bucket_bundle.html:56:1 (lightsail_update_bucket_bundle.Rd:16): Warning: missing </ul> before </div>
lightsail_update_container_service.html:115:1 (lightsail_update_container_service.Rd:67): Warning: missing </ul> before </div>
lightsail_update_distribution.html:117:1 (lightsail_update_distribution.Rd:63): Warning: missing </ul> before </div>
lightsail_update_distribution_bundle.html:59:1 (lightsail_update_distribution_bundle.Rd:19): Warning: missing </ul> before </div>
lightsail_update_domain_entry.html:53:1 (lightsail_update_domain_entry.Rd:13): Warning: missing </ul> before </div>
lightsail_update_instance_metadata_options.html:94:1 (lightsail_update_instance_metadata_options.Rd:48): Warning: missing </ul> before </div>
lightsail_update_load_balancer_attribute.html:99:1 (lightsail_update_load_balancer_attribute.Rd:46): Warning: missing </ul> before </div>
lightsail_update_relational_database.html:183:1 (lightsail_update_relational_database.Rd:105): Warning: missing </ul> before </div>
lightsail_update_relational_database_parameters.html:56:1 (lightsail_update_relational_database_parameters.Rd:16): Warning: missing </ul> before </div>
proton_accept_environment_account_connection.html:49:1 (proton_accept_environment_account_connection.Rd:11): Warning: missing </ul> before </div>
proton_cancel_component_deployment.html:49:1 (proton_cancel_component_deployment.Rd:11): Warning: missing </ul> before </div>
proton_cancel_environment_deployment.html:49:1 (proton_cancel_environment_deployment.Rd:11): Warning: missing </ul> before </div>
proton_cancel_service_instance_deployment.html:53:1 (proton_cancel_service_instance_deployment.Rd:13): Warning: missing </ul> before </div>
proton_cancel_service_pipeline_deployment.html:49:1 (proton_cancel_service_pipeline_deployment.Rd:11): Warning: missing </ul> before </div>
proton_create_component.html:115:1 (proton_create_component.Rd:59): Warning: missing </ul> before </div>
proton_create_environment.html:149:1 (proton_create_environment.Rd:89): Warning: missing </ul> before </div>
proton_create_environment_account_connection.html:108:1 (proton_create_environment_account_connection.Rd:58): Warning: missing </ul> before </div>
proton_create_environment_template.html:80:1 (proton_create_environment_template.Rd:32): Warning: missing </ul> before </div>
proton_create_environment_template_version.html:86:1 (proton_create_environment_template_version.Rd:38): Warning: missing </ul> before </div>
proton_create_repository.html:78:1 (proton_create_repository.Rd:32): Warning: missing </ul> before </div>
proton_create_service.html:111:1 (proton_create_service.Rd:55): Warning: missing </ul> before </div>
proton_create_service_instance.html:86:1 (proton_create_service_instance.Rd:36): Warning: missing </ul> before </div>
proton_create_service_sync_config.html:70:1 (proton_create_service_sync_config.Rd:24): Warning: missing </ul> before </div>
proton_create_service_template.html:84:1 (proton_create_service_template.Rd:36): Warning: missing </ul> before </div>
proton_create_service_template_version.html:103:1 (proton_create_service_template_version.Rd:51): Warning: missing </ul> before </div>
proton_create_template_sync_config.html:78:1 (proton_create_template_sync_config.Rd:30): Warning: missing </ul> before </div>
proton_delete_component.html:48:1 (proton_delete_component.Rd:10): Warning: missing </ul> before </div>
proton_delete_deployment.html:48:1 (proton_delete_deployment.Rd:10): Warning: missing </ul> before </div>
proton_delete_environment.html:48:1 (proton_delete_environment.Rd:10): Warning: missing </ul> before </div>
proton_delete_environment_account_connection.html:48:1 (proton_delete_environment_account_connection.Rd:10): Warning: missing </ul> before </div>
proton_delete_environment_template.html:49:1 (proton_delete_environment_template.Rd:11): Warning: missing </ul> before </div>
proton_delete_environment_template_version.html:62:1 (proton_delete_environment_template_version.Rd:20): Warning: missing </ul> before </div>
proton_delete_repository.html:52:1 (proton_delete_repository.Rd:12): Warning: missing </ul> before </div>
proton_delete_service.html:48:1 (proton_delete_service.Rd:10): Warning: missing </ul> before </div>
proton_delete_service_sync_config.html:49:1 (proton_delete_service_sync_config.Rd:11): Warning: missing </ul> before </div>
proton_delete_service_template.html:49:1 (proton_delete_service_template.Rd:11): Warning: missing </ul> before </div>
proton_delete_service_template_version.html:61:1 (proton_delete_service_template_version.Rd:19): Warning: missing </ul> before </div>
proton_delete_template_sync_config.html:52:1 (proton_delete_template_sync_config.Rd:12): Warning: missing </ul> before </div>
proton_get_component.html:48:1 (proton_get_component.Rd:10): Warning: missing </ul> before </div>
proton_get_deployment.html:71:1 (proton_get_deployment.Rd:25): Warning: missing </ul> before </div>
proton_get_environment.html:48:1 (proton_get_environment.Rd:10): Warning: missing </ul> before </div>
proton_get_environment_account_connection.html:50:1 (proton_get_environment_account_connection.Rd:12): Warning: missing </ul> before </div>
proton_get_environment_template.html:49:1 (proton_get_environment_template.Rd:11): Warning: missing </ul> before </div>
proton_get_environment_template_version.html:64:1 (proton_get_environment_template_version.Rd:22): Warning: missing </ul> before </div>
proton_get_repository.html:52:1 (proton_get_repository.Rd:12): Warning: missing </ul> before </div>
proton_get_repository_sync_status.html:65:1 (proton_get_repository_sync_status.Rd:21): Warning: missing </ul> before </div>
proton_get_service.html:48:1 (proton_get_service.Rd:10): Warning: missing </ul> before </div>
proton_get_service_instance.html:53:1 (proton_get_service_instance.Rd:13): Warning: missing </ul> before </div>
proton_get_service_instance_sync_status.html:53:1 (proton_get_service_instance_sync_status.Rd:13): Warning: missing </ul> before </div>
proton_get_service_sync_blocker_summary.html:58:1 (proton_get_service_sync_blocker_summary.Rd:18): Warning: missing </ul> before </div>
proton_get_service_sync_config.html:49:1 (proton_get_service_sync_config.Rd:11): Warning: missing </ul> before </div>
proton_get_service_template.html:48:1 (proton_get_service_template.Rd:10): Warning: missing </ul> before </div>
proton_get_service_template_version.html:59:1 (proton_get_service_template_version.Rd:17): Warning: missing </ul> before </div>
proton_get_template_sync_config.html:52:1 (proton_get_template_sync_config.Rd:12): Warning: missing </ul> before </div>
proton_get_template_sync_status.html:56:1 (proton_get_template_sync_status.Rd:14): Warning: missing </ul> before </div>
proton_list_component_outputs.html:61:1 (proton_list_component_outputs.Rd:19): Warning: missing </ul> before </div>
proton_list_component_provisioned_resources.html:54:1 (proton_list_component_provisioned_resources.Rd:14): Warning: missing </ul> before </div>
proton_list_components.html:76:1 (proton_list_components.Rd:30): Warning: missing </ul> before </div>
proton_list_deployments.html:81:1 (proton_list_deployments.Rd:33): Warning: missing </ul> before </div>
proton_list_environment_account_connections.html:75:1 (proton_list_environment_account_connections.Rd:29): Warning: missing </ul> before </div>
proton_list_environment_outputs.html:62:1 (proton_list_environment_outputs.Rd:20): Warning: missing </ul> before </div>
proton_list_environment_provisioned_resources.html:57:1 (proton_list_environment_provisioned_resources.Rd:17): Warning: missing </ul> before </div>
proton_list_environment_template_versions.html:72:1 (proton_list_environment_template_versions.Rd:28): Warning: missing </ul> before </div>
proton_list_environment_templates.html:54:1 (proton_list_environment_templates.Rd:14): Warning: missing </ul> before </div>
proton_list_environments.html:62:1 (proton_list_environments.Rd:20): Warning: missing </ul> before </div>
proton_list_repositories.html:53:1 (proton_list_repositories.Rd:13): Warning: missing </ul> before </div>
proton_list_repository_sync_definitions.html:67:1 (proton_list_repository_sync_definitions.Rd:23): Warning: missing </ul> before </div>
proton_list_service_instance_outputs.html:66:1 (proton_list_service_instance_outputs.Rd:22): Warning: missing </ul> before </div>
proton_list_service_instance_provisioned_resources.html:62:1 (proton_list_service_instance_provisioned_resources.Rd:20): Warning: missing </ul> before </div>
proton_list_service_instances.html:86:1 (proton_list_service_instances.Rd:38): Warning: missing </ul> before </div>
proton_list_service_pipeline_outputs.html:61:1 (proton_list_service_pipeline_outputs.Rd:19): Warning: missing </ul> before </div>
proton_list_service_pipeline_provisioned_resources.html:57:1 (proton_list_service_pipeline_provisioned_resources.Rd:17): Warning: missing </ul> before </div>
proton_list_service_template_versions.html:72:1 (proton_list_service_template_versions.Rd:28): Warning: missing </ul> before </div>
proton_list_service_templates.html:54:1 (proton_list_service_templates.Rd:14): Warning: missing </ul> before </div>
proton_list_services.html:53:1 (proton_list_services.Rd:13): Warning: missing </ul> before </div>
proton_list_tags_for_resource.html:58:1 (proton_list_tags_for_resource.Rd:16): Warning: missing </ul> before </div>
proton_notify_resource_deployment_status_change.html:72:1 (proton_notify_resource_deployment_status_change.Rd:26): Warning: missing </ul> before </div>
proton_reject_environment_account_connection.html:49:1 (proton_reject_environment_account_connection.Rd:11): Warning: missing </ul> before </div>
proton_tag_resource.html:53:1 (proton_tag_resource.Rd:13): Warning: missing </ul> before </div>
proton_untag_resource.html:54:1 (proton_untag_resource.Rd:14): Warning: missing </ul> before </div>
proton_update_account_settings.html:83:1 (proton_update_account_settings.Rd:39): Warning: missing </ul> before </div>
proton_update_component.html:111:1 (proton_update_component.Rd:59): Warning: missing </ul> before </div>
proton_update_environment.html:146:1 (proton_update_environment.Rd:88): Warning: missing </ul> before </div>
proton_update_environment_account_connection.html:80:1 (proton_update_environment_account_connection.Rd:36): Warning: missing </ul> before </div>
proton_update_environment_template.html:61:1 (proton_update_environment_template.Rd:19): Warning: missing </ul> before </div>
proton_update_environment_template_version.html:72:1 (proton_update_environment_template_version.Rd:26): Warning: missing </ul> before </div>
proton_update_service.html:61:1 (proton_update_service.Rd:19): Warning: missing </ul> before </div>
proton_update_service_instance.html:107:1 (proton_update_service_instance.Rd:57): Warning: missing </ul> before </div>
proton_update_service_pipeline.html:101:1 (proton_update_service_pipeline.Rd:55): Warning: missing </ul> before </div>
proton_update_service_sync_blocker.html:52:1 (proton_update_service_sync_blocker.Rd:12): Warning: missing </ul> before </div>
proton_update_service_sync_config.html:71:1 (proton_update_service_sync_config.Rd:25): Warning: missing </ul> before </div>
proton_update_service_template.html:57:1 (proton_update_service_template.Rd:15): Warning: missing </ul> before </div>
proton_update_service_template_version.html:92:1 (proton_update_service_template_version.Rd:42): Warning: missing </ul> before </div>
proton_update_template_sync_config.html:77:1 (proton_update_template_sync_config.Rd:29): Warning: missing </ul> before </div>
serverlessapplicationrepository_cre_clo_for_cha_set.html:168:1 (serverlessapplicationrepository_cre_clo_for_cha_set.Rd:106): Warning: missing </ul> before </div>
serverlessapplicationrepository_cre_clo_for_tem.html:57:1 (serverlessapplicationrepository_cre_clo_for_tem.Rd:17): Warning: missing </ul> before </div>
serverlessapplicationrepository_create_application.html:176:1 (serverlessapplicationrepository_create_application.Rd:110): Warning: missing </ul> before </div>
serverlessapplicationrepository_create_application_version.html:79:1 (serverlessapplicationrepository_create_application_version.Rd:31): Warning: missing </ul> before </div>
serverlessapplicationrepository_delete_application.html:48:1 (serverlessapplicationrepository_delete_application.Rd:10): Warning: missing </ul> before </div>
serverlessapplicationrepository_get_application.html:55:1 (serverlessapplicationrepository_get_application.Rd:15): Warning: missing </ul> before </div>
serverlessapplicationrepository_get_application_policy.html:48:1 (serverlessapplicationrepository_get_application_policy.Rd:10): Warning: missing </ul> before </div>
serverlessapplicationrepository_get_cloud_formation_template.html:58:1 (serverlessapplicationrepository_get_cloud_formation_template.Rd:18): Warning: missing </ul> before </div>
serverlessapplicationrepository_lis_app_dep.html:65:1 (serverlessapplicationrepository_lis_app_dep.Rd:21): Warning: missing </ul> before </div>
serverlessapplicationrepository_list_application_versions.html:60:1 (serverlessapplicationrepository_list_application_versions.Rd:18): Warning: missing </ul> before </div>
serverlessapplicationrepository_list_applications.html:55:1 (serverlessapplicationrepository_list_applications.Rd:15): Warning: missing </ul> before </div>
serverlessapplicationrepository_put_application_policy.html:55:1 (serverlessapplicationrepository_put_application_policy.Rd:15): Warning: missing </ul> before </div>
serverlessapplicationrepository_unshare_application.html:55:1 (serverlessapplicationrepository_unshare_application.Rd:15): Warning: missing </ul> before </div>
serverlessapplicationrepository_update_application.html:97:1 (serverlessapplicationrepository_update_application.Rd:47): Warning: missing </ul> before </div>
Flavor: r-devel-linux-x86_64-debian-gcc
Version: 0.9.0
Check: installed package size
Result: NOTE
installed size is 8.0Mb
sub-directories of 1Mb or more:
R 4.1Mb
help 3.7Mb
Flavors: r-oldrel-macos-arm64, r-oldrel-macos-x86_64, r-oldrel-windows-x86_64