Last updated on 2025-10-21 09:48:40 CEST.
Flavor | Version | Tinstall | Tcheck | Ttotal | Status | Flags |
---|---|---|---|---|---|---|
r-devel-linux-x86_64-debian-clang | 1.0-6 | 4.04 | 64.37 | 68.41 | OK | |
r-devel-linux-x86_64-debian-gcc | 1.0-6 | 2.58 | 47.80 | 50.38 | NOTE | |
r-devel-linux-x86_64-fedora-clang | 1.0-6 | 99.99 | OK | |||
r-devel-linux-x86_64-fedora-gcc | 1.0-6 | 109.05 | OK | |||
r-devel-windows-x86_64 | 1.0-6 | 7.00 | 89.00 | 96.00 | OK | |
r-patched-linux-x86_64 | 1.0-6 | 4.68 | 60.15 | 64.83 | OK | |
r-release-linux-x86_64 | 1.0-6 | 3.49 | 60.53 | 64.02 | OK | |
r-release-macos-arm64 | 1.0-6 | 42.00 | OK | |||
r-release-macos-x86_64 | 1.0-6 | 83.00 | OK | |||
r-release-windows-x86_64 | 1.0-6 | 6.00 | 90.00 | 96.00 | OK | |
r-oldrel-macos-arm64 | 1.0-6 | 48.00 | OK | |||
r-oldrel-macos-x86_64 | 1.0-6 | 84.00 | OK | |||
r-oldrel-windows-x86_64 | 1.0-6 | 8.00 | 105.00 | 113.00 | OK |
Version: 1.0-6
Check: top-level files
Result: NOTE
Found the following validation problem for the NEWS.Rd HTML conversion:
NEWS.html:66:1 (inst/NEWS.Rd:24): Warning: <h4> anchor "Bug-fixes" already defined
NEWS.html:82:1 (inst/NEWS.Rd:32): Warning: <h4> anchor "Bug-fixes" already defined
NEWS.html:104:1 (inst/NEWS.Rd:42): Warning: <h4> anchor "Bug-fixes" already defined
NEWS.html:124:1 (inst/NEWS.Rd:52): Warning: <h4> anchor "Miscellaneous" already defined
NEWS.html:135:1 (inst/NEWS.Rd:57): Warning: <h4> anchor "Bug-fixes" already defined
NEWS.html:181:1 (inst/NEWS.Rd:79): Warning: <h4> anchor "Bug-fixes" already defined
NEWS.html:199:1 (inst/NEWS.Rd:87): Warning: <h4> anchor "User-visible-changes" already defined
NEWS.html:223:1 (inst/NEWS.Rd:101): Warning: <h4> anchor "Miscellaneous" already defined
NEWS.html:242:1 (inst/NEWS.Rd:110): Warning: <h4> anchor "Bug-fixes" already defined
NEWS.html:258:1 (inst/NEWS.Rd:120): Warning: <h4> anchor "Miscellaneous" already defined
NEWS.html:274:1 (inst/NEWS.Rd:128): Warning: <h4> anchor "Bug-fixes" already defined
NEWS.html:290:1 (inst/NEWS.Rd:137): Warning: <h4> anchor "User-visible-changes" already defined
NEWS.html:320:1 (inst/NEWS.Rd:150): Warning: <h4> anchor "Miscellaneous" already defined
NEWS.html:344:1 (inst/NEWS.Rd:160): Warning: <h4> anchor "Bug-fixes" already defined
NEWS.html:370:1 (inst/NEWS.Rd:172): Warning: <h4> anchor "User-visible-changes" already defined
NEWS.html:386:1 (inst/NEWS.Rd:180): Warning: <h4> anchor "Miscellaneous" already defined
NEWS.html:402:1 (inst/NEWS.Rd:188): Warning: <h4> anchor "Bug-fixes" already defined
Flavor: r-devel-linux-x86_64-debian-gcc