Last updated on 2025-10-21 09:48:40 CEST.
Flavor | Version | Tinstall | Tcheck | Ttotal | Status | Flags |
---|---|---|---|---|---|---|
r-devel-linux-x86_64-debian-clang | 0.9.0 | 204.82 | 64.24 | 269.06 | OK | |
r-devel-linux-x86_64-debian-gcc | 0.9.0 | 155.93 | 48.84 | 204.77 | NOTE | |
r-devel-linux-x86_64-fedora-clang | 0.9.0 | 419.45 | OK | |||
r-devel-linux-x86_64-fedora-gcc | 0.9.0 | 456.74 | OK | |||
r-devel-windows-x86_64 | 0.9.0 | 494.00 | 83.00 | 577.00 | OK | |
r-patched-linux-x86_64 | 0.9.0 | 208.55 | 59.47 | 268.02 | OK | |
r-release-linux-x86_64 | 0.9.0 | 208.14 | 59.75 | 267.89 | OK | |
r-release-macos-arm64 | 0.9.0 | 180.00 | OK | |||
r-release-macos-x86_64 | 0.9.0 | 317.00 | OK | |||
r-release-windows-x86_64 | 0.9.0 | 492.00 | 84.00 | 576.00 | OK | |
r-oldrel-macos-arm64 | 0.9.0 | 156.00 | NOTE | |||
r-oldrel-macos-x86_64 | 0.9.0 | 329.00 | NOTE | |||
r-oldrel-windows-x86_64 | 0.9.0 | 542.00 | 98.00 | 640.00 | NOTE |
Version: 0.9.0
Check: HTML version of manual
Result: NOTE
Found the following HTML validation problems:
faq.html:192:1 (faq.Rd:163): Warning: missing </ul> before </div>
features.html:207:1 (features.Rd:122): Warning: missing </ul> before </div>
get-started.html:867:1 (get-started.Rd:826): Warning: missing </ul> before </div>
install.html:172:1 (install.Rd:97): Warning: missing </ul> before </div>
package-dependency-types.html:131:1 (package-dependency-types.Rd:10): Warning: missing </ul> before </div>
pak-config.html:246:1 (pak-config.Rd:52): Warning: missing </ul> before </div>
pak_package_sources.html:708:1 (pak_package_sources.Rd:15): Warning: missing </ul> before </div>
sysreqs.html:715:1 (sysreqs.Rd:676): Warning: missing </ul> before </div>
Flavor: r-devel-linux-x86_64-debian-gcc
Version: 0.9.0
Check: installed package size
Result: NOTE
installed size is 12.4Mb
sub-directories of 1Mb or more:
library 11.5Mb
Flavors: r-oldrel-macos-arm64, r-oldrel-macos-x86_64, r-oldrel-windows-x86_64