Last updated on 2025-10-21 09:48:40 CEST.
Flavor | Version | Tinstall | Tcheck | Ttotal | Status | Flags |
---|---|---|---|---|---|---|
r-devel-linux-x86_64-debian-clang | 0.5.1 | 3.29 | 33.16 | 36.45 | NOTE | |
r-devel-linux-x86_64-debian-gcc | 0.5.1 | 2.46 | 25.53 | 27.99 | NOTE | |
r-devel-linux-x86_64-fedora-clang | 0.5.1 | 52.44 | OK | |||
r-devel-linux-x86_64-fedora-gcc | 0.5.1 | 52.19 | OK | |||
r-devel-windows-x86_64 | 0.5.1 | 6.00 | 57.00 | 63.00 | OK | |
r-patched-linux-x86_64 | 0.5.1 | 3.87 | 30.42 | 34.29 | OK | |
r-release-linux-x86_64 | 0.5.1 | 3.06 | 30.20 | 33.26 | OK | |
r-release-macos-arm64 | 0.5.1 | 20.00 | OK | |||
r-release-macos-x86_64 | 0.5.1 | 38.00 | OK | |||
r-release-windows-x86_64 | 0.5.1 | 5.00 | 56.00 | 61.00 | OK | |
r-oldrel-macos-arm64 | 0.5.1 | 20.00 | OK | |||
r-oldrel-macos-x86_64 | 0.5.1 | 37.00 | OK | |||
r-oldrel-windows-x86_64 | 0.5.1 | 6.00 | 64.00 | 70.00 | OK |
Version: 0.5.1
Check: CRAN incoming feasibility
Result: NOTE
Maintainer: ‘Tyler Rinker <tyler.rinker@gmail.com>’
Package CITATION file contains call(s) to old-style citEntry(). Please
use bibentry() instead.
Flavors: r-devel-linux-x86_64-debian-clang, r-devel-linux-x86_64-debian-gcc
Version: 0.5.1
Check: HTML version of manual
Result: NOTE
Found the following HTML validation problems:
p_set_cranrepo.html:46:1 (p_set_cranrepo.Rd:10): Warning: missing </ul> before </div>
print.p_version_diff.html:51:1 (print.p_version_diff.Rd:12): Warning: missing </ul> before </div>
print.search_any.html:51:1 (print.search_any.Rd:12): Warning: missing </ul> before </div>
print.wide_table.html:55:1 (print.wide_table.Rd:14): Warning: missing </ul> before </div>
Flavor: r-devel-linux-x86_64-debian-gcc