Last updated on 2025-02-21 09:50:55 CET.
Flavor | Version | Tinstall | Tcheck | Ttotal | Status | Flags |
---|---|---|---|---|---|---|
r-devel-linux-x86_64-debian-clang | 1.2-4 | 7.52 | 74.79 | 82.31 | NOTE | |
r-devel-linux-x86_64-debian-gcc | 1.2-4 | 4.81 | 56.92 | 61.73 | NOTE | |
r-devel-linux-x86_64-fedora-clang | 1.2-4 | 129.60 | NOTE | |||
r-devel-linux-x86_64-fedora-gcc | 1.2-4 | 138.98 | NOTE | |||
r-devel-macos-arm64 | 1.2-4 | 50.00 | NOTE | |||
r-devel-macos-x86_64 | 1.2-4 | 97.00 | NOTE | |||
r-devel-windows-x86_64 | 1.2-4 | 9.00 | 113.00 | 122.00 | NOTE | |
r-patched-linux-x86_64 | 1.2-4 | 7.72 | 71.51 | 79.23 | NOTE | |
r-release-linux-x86_64 | 1.2-4 | 6.74 | 71.12 | 77.86 | NOTE | |
r-release-macos-arm64 | 1.2-4 | 46.00 | NOTE | |||
r-release-macos-x86_64 | 1.2-4 | 73.00 | NOTE | |||
r-release-windows-x86_64 | 1.2-4 | 8.00 | 114.00 | 122.00 | NOTE | |
r-oldrel-macos-arm64 | 1.2-4 | 56.00 | OK | |||
r-oldrel-macos-x86_64 | 1.2-4 | 122.00 | OK | |||
r-oldrel-windows-x86_64 | 1.2-4 | 10.00 | 141.00 | 151.00 | OK |
Version: 1.2-4
Check: Rd files
Result: NOTE
checkRd: (-1) returns.Rd:21: Lost braces; missing escapes or markup?
21 | \item{...}{Other options including {type} which refers to the
| ^
Flavors: r-devel-linux-x86_64-debian-clang, r-devel-linux-x86_64-debian-gcc, r-devel-linux-x86_64-fedora-clang, r-devel-linux-x86_64-fedora-gcc, r-devel-macos-arm64, r-devel-macos-x86_64, r-devel-windows-x86_64, r-patched-linux-x86_64, r-release-linux-x86_64, r-release-macos-arm64, r-release-macos-x86_64, r-release-windows-x86_64