Last updated on 2025-10-21 09:48:40 CEST.
Flavor | Version | Tinstall | Tcheck | Ttotal | Status | Flags |
---|---|---|---|---|---|---|
r-devel-linux-x86_64-debian-clang | 0.0.1 | 2.82 | 55.15 | 57.97 | OK | |
r-devel-linux-x86_64-debian-gcc | 0.0.1 | 2.62 | 39.86 | 42.48 | NOTE | |
r-devel-linux-x86_64-fedora-clang | 0.0.1 | 97.49 | OK | |||
r-devel-linux-x86_64-fedora-gcc | 0.0.1 | 87.40 | OK | |||
r-devel-windows-x86_64 | 0.0.1 | 5.00 | 81.00 | 86.00 | OK | |
r-patched-linux-x86_64 | 0.0.1 | 4.65 | 50.90 | 55.55 | OK | |
r-release-linux-x86_64 | 0.0.1 | 2.76 | 51.55 | 54.31 | OK | |
r-release-macos-arm64 | 0.0.1 | 29.00 | OK | |||
r-release-macos-x86_64 | 0.0.1 | 52.00 | OK | |||
r-release-windows-x86_64 | 0.0.1 | 5.00 | 81.00 | 86.00 | OK | |
r-oldrel-macos-arm64 | 0.0.1 | 35.00 | OK | |||
r-oldrel-macos-x86_64 | 0.0.1 | 53.00 | OK | |||
r-oldrel-windows-x86_64 | 0.0.1 | 8.00 | 92.00 | 100.00 | OK |
Version: 0.0.1
Check: HTML version of manual
Result: NOTE
Found the following HTML validation problems:
validate_outliermbc_gmm.html:46:1 (validate_outliermbc_gmm.Rd:10): Warning: missing </ul> before </div>
validate_outliermbc_lcwm.html:46:1 (validate_outliermbc_lcwm.Rd:10): Warning: missing </ul> before </div>
Flavor: r-devel-linux-x86_64-debian-gcc