Last updated on 2025-10-21 09:48:40 CEST.
Flavor | Version | Tinstall | Tcheck | Ttotal | Status | Flags |
---|---|---|---|---|---|---|
r-devel-linux-x86_64-debian-clang | 1.0.0.3 | 65.37 | 547.20 | 612.57 | OK | |
r-devel-linux-x86_64-debian-gcc | 1.0.0.3 | 37.94 | 313.62 | 351.56 | NOTE | |
r-devel-linux-x86_64-fedora-clang | 1.0.0.3 | 981.36 | OK | |||
r-devel-linux-x86_64-fedora-gcc | 1.0.0.3 | 935.54 | OK | |||
r-devel-windows-x86_64 | 1.0.0.3 | 55.00 | 485.00 | 540.00 | OK | |
r-patched-linux-x86_64 | 1.0.0.3 | 65.60 | 499.70 | 565.30 | OK | |
r-release-linux-x86_64 | 1.0.0.3 | 59.74 | 495.82 | 555.56 | OK | |
r-release-macos-arm64 | 1.0.0.3 | 225.00 | OK | |||
r-release-macos-x86_64 | 1.0.0.3 | 493.00 | OK | |||
r-release-windows-x86_64 | 1.0.0.3 | 54.00 | 490.00 | 544.00 | OK | |
r-oldrel-macos-arm64 | 1.0.0.3 | 256.00 | OK | |||
r-oldrel-macos-x86_64 | 1.0.0.3 | 453.00 | OK | |||
r-oldrel-windows-x86_64 | 1.0.0.3 | 55.00 | 644.00 | 699.00 | OK |
Version: 1.0.0.3
Check: HTML version of manual
Result: NOTE
Found the following HTML validation problems:
Agresti_equation_1.html:54:1 (Agresti_equation_1.Rd:14): Warning: missing </ul> before </div>
Agresti_equation_2.html:58:1 (Agresti_equation_2.Rd:16): Warning: missing </ul> before </div>
Agresti_equation_3.html:54:1 (Agresti_equation_3.Rd:14): Warning: missing </ul> before </div>
Agresti_f.html:54:1 (Agresti_f.Rd:14): Warning: missing </ul> before </div>
Cliff_dependent_compute_cov.html:46:1 (Cliff_dependent_compute_cov.Rd:10): Warning: missing </ul> before </div>
McCullagh_compute_df.html:50:1 (McCullagh_compute_df.Rd:12): Warning: missing </ul> before </div>
McCullagh_compute_lambda.html:51:1 (McCullagh_compute_lambda.Rd:13): Warning: missing </ul> before </div>
McCullagh_derivative_omega_wrt_psi.html:70:1 (McCullagh_derivative_omega_wrt_psi.Rd:22): Warning: missing </ul> before </div>
McCullagh_logits.html:51:1 (McCullagh_logits.Rd:13): Warning: missing </ul> before </div>
Schuster_second_deriv_log_l_wrt_kappa_2.html:59:1 (Schuster_second_deriv_log_l_wrt_kappa_2.Rd:17): Warning: missing </ul> before </div>
Schuster_second_deriv_log_l_wrt_kappa_v.html:59:1 (Schuster_second_deriv_log_l_wrt_kappa_v.Rd:17): Warning: missing </ul> before </div>
Schuster_second_deriv_log_l_wrt_marginal_pi_2.html:59:1 (Schuster_second_deriv_log_l_wrt_marginal_pi_2.Rd:17): Warning: missing </ul> before </div>
Schuster_second_deriv_log_l_wrt_marginal_pi_kappa.html:59:1 (Schuster_second_deriv_log_l_wrt_marginal_pi_kappa.Rd:17): Warning: missing </ul> before </div>
Schuster_second_deriv_log_l_wrt_marginal_pi_v.html:59:1 (Schuster_second_deriv_log_l_wrt_marginal_pi_v.Rd:17): Warning: missing </ul> before </div>
Schuster_second_deriv_log_l_wrt_v_2.html:59:1 (Schuster_second_deriv_log_l_wrt_v_2.Rd:17): Warning: missing </ul> before </div>
handle_untied_below_maximum.html:70:1 (handle_untied_below_maximum.Rd:22): Warning: missing </ul> before </div>
Flavor: r-devel-linux-x86_64-debian-gcc