Last updated on 2025-10-21 09:48:40 CEST.
Flavor | Version | Tinstall | Tcheck | Ttotal | Status | Flags |
---|---|---|---|---|---|---|
r-devel-linux-x86_64-debian-clang | 0.10.8 | 38.55 | 217.28 | 255.83 | OK | |
r-devel-linux-x86_64-debian-gcc | 0.10.8 | 23.48 | 137.84 | 161.32 | NOTE | |
r-devel-linux-x86_64-fedora-clang | 0.10.8 | 402.44 | OK | |||
r-devel-linux-x86_64-fedora-gcc | 0.10.8 | 416.86 | OK | |||
r-devel-windows-x86_64 | 0.10.8 | 46.00 | 221.00 | 267.00 | OK | |
r-patched-linux-x86_64 | 0.10.8 | 39.99 | 203.62 | 243.61 | OK | |
r-release-linux-x86_64 | 0.10.8 | 34.20 | 202.62 | 236.82 | OK | |
r-release-macos-arm64 | 0.10.8 | 191.00 | OK | |||
r-release-macos-x86_64 | 0.10.8 | 216.00 | OK | |||
r-release-windows-x86_64 | 0.10.8 | 46.00 | 217.00 | 263.00 | OK | |
r-oldrel-macos-arm64 | 0.10.8 | 110.00 | NOTE | |||
r-oldrel-macos-x86_64 | 0.10.8 | 225.00 | NOTE | |||
r-oldrel-windows-x86_64 | 0.10.8 | 59.00 | 290.00 | 349.00 | NOTE |
Version: 0.10.8
Check: HTML version of manual
Result: NOTE
Found the following HTML validation problems:
show-BlockedInfinitySparseMatrix-method.html:47:1 (show-BlockedInfinitySparseMatrix-method.Rd:10): Warning: missing </ul> before </div>
show-InfinitySparseMatrix-method.html:48:1 (show-InfinitySparseMatrix-method.Rd:10): Warning: missing </ul> before </div>
Flavor: r-devel-linux-x86_64-debian-gcc
Version: 0.10.8
Check: package dependencies
Result: NOTE
Package suggested but not available for checking: ‘rrelaxiv’
Flavors: r-oldrel-macos-arm64, r-oldrel-macos-x86_64, r-oldrel-windows-x86_64