Last updated on 2025-10-21 09:48:40 CEST.
Flavor | Version | Tinstall | Tcheck | Ttotal | Status | Flags |
---|---|---|---|---|---|---|
r-devel-linux-x86_64-debian-clang | 1.2.1 | 20.44 | 136.87 | 157.31 | OK | |
r-devel-linux-x86_64-debian-gcc | 1.2.1 | 12.03 | 98.84 | 110.87 | NOTE | |
r-devel-linux-x86_64-fedora-clang | 1.2.1 | 247.03 | OK | |||
r-devel-linux-x86_64-fedora-gcc | 1.2.1 | 234.33 | OK | |||
r-devel-windows-x86_64 | 1.2.1 | 20.00 | 132.00 | 152.00 | OK | |
r-patched-linux-x86_64 | 1.2.1 | 19.54 | 130.73 | 150.27 | OK | |
r-release-linux-x86_64 | 1.2.1 | 19.23 | 129.97 | 149.20 | OK | |
r-release-macos-arm64 | 1.2.1 | 56.00 | OK | |||
r-release-macos-x86_64 | 1.2.1 | 87.00 | OK | |||
r-release-windows-x86_64 | 1.2.1 | 21.00 | 133.00 | 154.00 | OK | |
r-oldrel-macos-arm64 | 1.2.1 | 60.00 | OK | |||
r-oldrel-macos-x86_64 | 1.2.1 | 85.00 | OK | |||
r-oldrel-windows-x86_64 | 1.2.1 | 27.00 | 174.00 | 201.00 | OK |
Version: 1.2.1
Check: HTML version of manual
Result: NOTE
Found the following HTML validation problems:
Objective.html:185:1 (Objective.Rd:129): Warning: <h5> anchor "Usage" already defined
Objective.html:191:1 (Objective.Rd:133): Warning: <h5> anchor "Arguments" already defined
Objective.html:221:1 (Objective.Rd:153): Warning: <h5> anchor "Usage" already defined
Objective.html:227:1 (Objective.Rd:157): Warning: <h5> anchor "Arguments" already defined
Objective.html:254:1 (Objective.Rd:174): Warning: <h5> anchor "Usage" already defined
Objective.html:260:1 (Objective.Rd:178): Warning: <h5> anchor "Arguments" already defined
Objective.html:287:1 (Objective.Rd:195): Warning: <h5> anchor "Usage" already defined
Objective.html:299:1 (Objective.Rd:205): Warning: <h5> anchor "Arguments" already defined
Objective.html:345:1 (Objective.Rd:241): Warning: <h5> anchor "Usage" already defined
Objective.html:357:1 (Objective.Rd:251): Warning: <h5> anchor "Arguments" already defined
Objective.html:403:1 (Objective.Rd:287): Warning: <h5> anchor "Usage" already defined
Objective.html:419:1 (Objective.Rd:301): Warning: <h5> anchor "Arguments" already defined
Objective.html:485:1 (Objective.Rd:357): Warning: <h5> anchor "Usage" already defined
Objective.html:491:1 (Objective.Rd:361): Warning: <h5> anchor "Arguments" already defined
Objective.html:523:1 (Objective.Rd:383): Warning: <h5> anchor "Usage" already defined
Objective.html:529:1 (Objective.Rd:387): Warning: <h5> anchor "Arguments" already defined
Objective.html:561:1 (Objective.Rd:409): Warning: <h5> anchor "Usage" already defined
Objective.html:567:1 (Objective.Rd:413): Warning: <h5> anchor "Arguments" already defined
Objective.html:599:1 (Objective.Rd:435): Warning: <h5> anchor "Usage" already defined
Objective.html:605:1 (Objective.Rd:439): Warning: <h5> anchor "Arguments" already defined
Objective.html:637:1 (Objective.Rd:461): Warning: <h5> anchor "Usage" already defined
Objective.html:653:1 (Objective.Rd:471): Warning: <h5> anchor "Usage" already defined
Objective.html:659:1 (Objective.Rd:475): Warning: <h5> anchor "Arguments" already defined
Optimizer.html:245:1 (Optimizer.Rd:217): Warning: <h5> anchor "Usage" already defined
Optimizer.html:264:1 (Optimizer.Rd:234): Warning: <h5> anchor "Arguments" already defined
Optimizer.html:346:1 (Optimizer.Rd:306): Warning: <h5> anchor "Usage" already defined
Optimizer.html:352:1 (Optimizer.Rd:310): Warning: <h5> anchor "Arguments" already defined
Optimizer.html:367:1 (Optimizer.Rd:319): Warning: <h5> anchor "Returns" already defined
Optimizer.html:384:1 (Optimizer.Rd:328): Warning: <h5> anchor "Usage" already defined
Optimizer.html:390:1 (Optimizer.Rd:332): Warning: <h5> anchor "Arguments" already defined
Optimizer.html:437:1 (Optimizer.Rd:368): Warning: <h5> anchor "Returns" already defined
Optimizer.html:487:1 (Optimizer.Rd:401): Warning: <h5> anchor "Usage" already defined
Optimizer.html:493:1 (Optimizer.Rd:405): Warning: <h5> anchor "Arguments" already defined
Optimizer.html:540:1 (Optimizer.Rd:441): Warning: <h5> anchor "Returns" already defined
Optimizer.html:570:1 (Optimizer.Rd:459): Warning: <h5> anchor "Examples" already defined
Optimizer.html:590:1 (Optimizer.Rd:474): Warning: <h5> anchor "Usage" already defined
Optimizer.html:603:1 (Optimizer.Rd:485): Warning: <h5> anchor "Arguments" already defined
Optimizer.html:653:1 (Optimizer.Rd:524): Warning: <h5> anchor "Returns" already defined
Optimizer.html:683:1 (Optimizer.Rd:542): Warning: <h5> anchor "Examples" already defined
Optimizer.html:705:1 (Optimizer.Rd:559): Warning: <h5> anchor "Usage" already defined
Optimizer.html:711:1 (Optimizer.Rd:563): Warning: <h5> anchor "Arguments" already defined
Optimizer.html:726:1 (Optimizer.Rd:572): Warning: <h5> anchor "Returns" already defined
Optimizer.html:743:1 (Optimizer.Rd:581): Warning: <h5> anchor "Usage" already defined
Optimizer.html:749:1 (Optimizer.Rd:585): Warning: <h5> anchor "Arguments" already defined
ParameterSpaces.html:124:1 (ParameterSpaces.Rd:115): Warning: <h5> anchor "Usage" already defined
ParameterSpaces.html:130:1 (ParameterSpaces.Rd:119): Warning: <h5> anchor "Arguments" already defined
ParameterSpaces.html:154:1 (ParameterSpaces.Rd:133): Warning: <h5> anchor "Usage" already defined
ParameterSpaces.html:160:1 (ParameterSpaces.Rd:137): Warning: <h5> anchor "Arguments" already defined
ParameterSpaces.html:201:1 (ParameterSpaces.Rd:163): Warning: <h5> anchor "Usage" already defined
ParameterSpaces.html:207:1 (ParameterSpaces.Rd:167): Warning: <h5> anchor "Arguments" already defined
ParameterSpaces.html:235:1 (ParameterSpaces.Rd:185): Warning: <h5> anchor "Usage" already defined
ParameterSpaces.html:241:1 (ParameterSpaces.Rd:189): Warning: <h5> anchor "Arguments" already defined
ParameterSpaces.html:268:1 (ParameterSpaces.Rd:206): Warning: <h5> anchor "Usage" already defined
ParameterSpaces.html:274:1 (ParameterSpaces.Rd:210): Warning: <h5> anchor "Arguments" already defined
Flavor: r-devel-linux-x86_64-debian-gcc