Last updated on 2025-10-21 09:48:40 CEST.
Flavor | Version | Tinstall | Tcheck | Ttotal | Status | Flags |
---|---|---|---|---|---|---|
r-devel-linux-x86_64-debian-clang | 1.4.1 | 46.54 | 156.88 | 203.42 | OK | |
r-devel-linux-x86_64-debian-gcc | 1.4.1 | 28.64 | 109.43 | 138.07 | NOTE | |
r-devel-linux-x86_64-fedora-clang | 1.4.1 | 316.03 | OK | |||
r-devel-linux-x86_64-fedora-gcc | 1.4.1 | 315.98 | OK | |||
r-devel-windows-x86_64 | 1.4.1 | 44.00 | 162.00 | 206.00 | OK | |
r-patched-linux-x86_64 | 1.4.1 | 45.96 | 146.05 | 192.01 | OK | |
r-release-linux-x86_64 | 1.4.1 | 39.68 | 146.88 | 186.56 | OK | |
r-release-macos-arm64 | 1.4.1 | 83.00 | OK | |||
r-release-macos-x86_64 | 1.4.1 | 209.00 | OK | |||
r-release-windows-x86_64 | 1.4.1 | 42.00 | 162.00 | 204.00 | OK | |
r-oldrel-macos-arm64 | 1.4.1 | 86.00 | OK | |||
r-oldrel-macos-x86_64 | 1.4.1 | 213.00 | OK | |||
r-oldrel-windows-x86_64 | 1.4.1 | 57.00 | 201.00 | 258.00 | OK |
Version: 1.4.1
Check: HTML version of manual
Result: NOTE
Found the following HTML validation problems:
collection_viewer.html:53:1 (collection_viewer.Rd:14): Warning: missing </ul> before </div>
conformance.html:49:1 (conformance.Rd:11): Warning: missing </ul> before </div>
delete_service.html:51:1 (delete_service.Rd:13): Warning: missing </ul> before </div>
delete_user_process.html:52:1 (delete_user_process.Rd:13): Warning: missing </ul> before </div>
list_jobs.html:47:1 (list_jobs.Rd:11): Warning: missing </ul> before </div>
logout.html:47:1 (logout.Rd:11): Warning: missing </ul> before </div>
print.ProcessInfo.html:51:1 (print.ProcessInfo.Rd:12): Warning: missing </ul> before </div>
print.User.html:51:1 (print.User.Rd:12): Warning: missing </ul> before </div>
process_viewer.html:53:1 (process_viewer.Rd:14): Warning: missing </ul> before </div>
toJSON-deprecated.html:52:1 (toJSON-deprecated.Rd:17): Warning: missing </ul> before </div>
update_user_process.html:76:1 (update_user_process.Rd:28): Warning: missing </ul> before </div>
validate_process.html:56:1 (validate_process.Rd:15): Warning: missing </ul> before </div>
Flavor: r-devel-linux-x86_64-debian-gcc