CRAN Package Check Results for Package openbankeR

Last updated on 2025-07-12 09:49:25 CEST.

Flavor Version Tinstall Tcheck Ttotal Status Flags
r-devel-linux-x86_64-debian-clang 0.1.1 2.31 23.36 25.67 OK
r-devel-linux-x86_64-debian-gcc 0.1.1 1.33 19.20 20.53 OK
r-devel-linux-x86_64-fedora-clang 0.1.1 40.60 NOTE
r-devel-linux-x86_64-fedora-gcc 0.1.1 50.31 NOTE
r-devel-windows-x86_64 0.1.1 4.00 45.00 49.00 OK
r-patched-linux-x86_64 0.1.1 2.03 21.53 23.56 OK
r-release-linux-x86_64 0.1.1 2.00 21.16 23.16 OK
r-release-macos-arm64 0.1.1 25.00 OK
r-release-macos-x86_64 0.1.1 41.00 OK
r-release-windows-x86_64 0.1.1 4.00 43.00 47.00 OK
r-oldrel-macos-arm64 0.1.1 22.00 OK
r-oldrel-macos-x86_64 0.1.1 32.00 OK
r-oldrel-windows-x86_64 0.1.1 5.00 48.00 53.00 OK

Check Details

Version: 0.1.1
Check: dependencies in R code
Result: NOTE Namespaces in Imports field not imported from: ‘dplyr’ ‘glue’ ‘httpcode’ ‘httr’ ‘jsonlite’ ‘tidyr’ All declared Imports should be used. Flavors: r-devel-linux-x86_64-fedora-clang, r-devel-linux-x86_64-fedora-gcc