Last updated on 2025-02-21 09:50:54 CET.
Flavor | Version | Tinstall | Tcheck | Ttotal | Status | Flags |
---|---|---|---|---|---|---|
r-devel-linux-x86_64-debian-clang | 1.5.3-5 | 3.58 | 22.59 | 26.17 | OK | |
r-devel-linux-x86_64-debian-gcc | 1.5.3-5 | 2.83 | 17.04 | 19.87 | OK | |
r-devel-linux-x86_64-fedora-clang | 1.5.3-5 | 41.21 | OK | |||
r-devel-linux-x86_64-fedora-gcc | 1.5.3-5 | 38.68 | OK | |||
r-devel-macos-arm64 | 1.5.3-5 | 18.00 | OK | |||
r-devel-macos-x86_64 | 1.5.3-5 | 29.00 | OK | |||
r-devel-windows-x86_64 | 1.5.3-5 | 4.00 | 35.00 | 39.00 | OK | |
r-patched-linux-x86_64 | 1.5.3-5 | 2.82 | 21.29 | 24.11 | OK | |
r-release-linux-x86_64 | 1.5.3-5 | 3.55 | 21.32 | 24.87 | OK | |
r-release-macos-arm64 | 1.5.3-5 | 18.00 | NOTE | |||
r-release-macos-x86_64 | 1.5.3-5 | 24.00 | NOTE | |||
r-release-windows-x86_64 | 1.5.3-5 | 4.00 | 32.00 | 36.00 | NOTE | |
r-oldrel-macos-arm64 | 1.5.3-5 | 24.00 | NOTE | |||
r-oldrel-macos-x86_64 | 1.5.3-5 | 40.00 | NOTE | |||
r-oldrel-windows-x86_64 | 1.5.3-5 | 6.00 | 39.00 | 45.00 | NOTE |
Version: 1.5.3-5
Check: installed package size
Result: NOTE
installed size is 7.2Mb
sub-directories of 1Mb or more:
java 1.2Mb
models 6.0Mb
Flavors: r-release-macos-arm64, r-release-macos-x86_64, r-release-windows-x86_64, r-oldrel-macos-arm64, r-oldrel-macos-x86_64, r-oldrel-windows-x86_64