Last updated on 2025-10-21 09:48:40 CEST.
Flavor | Version | Tinstall | Tcheck | Ttotal | Status | Flags |
---|---|---|---|---|---|---|
r-devel-linux-x86_64-debian-clang | 1.0.1 | 14.11 | 113.75 | 127.86 | OK | |
r-devel-linux-x86_64-debian-gcc | 1.0.1 | 9.92 | 80.59 | 90.51 | NOTE | |
r-devel-linux-x86_64-fedora-clang | 1.0.1 | 195.80 | OK | |||
r-devel-linux-x86_64-fedora-gcc | 1.0.1 | 176.70 | OK | |||
r-devel-windows-x86_64 | 1.0.1 | 16.00 | 108.00 | 124.00 | OK | |
r-patched-linux-x86_64 | 1.0.1 | 14.47 | 102.98 | 117.45 | OK | |
r-release-linux-x86_64 | 1.0.1 | 15.22 | 103.47 | 118.69 | OK | |
r-release-macos-arm64 | 1.0.1 | 49.00 | OK | |||
r-release-macos-x86_64 | 1.0.1 | 86.00 | OK | |||
r-release-windows-x86_64 | 1.0.1 | 18.00 | 108.00 | 126.00 | OK | |
r-oldrel-macos-arm64 | 1.0.1 | 47.00 | OK | |||
r-oldrel-macos-x86_64 | 1.0.1 | 89.00 | OK | |||
r-oldrel-windows-x86_64 | 1.0.1 | 21.00 | 139.00 | 160.00 | OK |
Version: 1.0.1
Check: HTML version of manual
Result: NOTE
Found the following HTML validation problems:
get_at_age_ts.html:67:1 (get_at_age_ts.Rd:25): Warning: missing </ul> before </div>
get_ts.html:105:1 (get_ts.Rd:73): Warning: missing </ul> before </div>
Flavor: r-devel-linux-x86_64-debian-gcc