Last updated on 2025-10-21 09:48:40 CEST.
Flavor | Version | Tinstall | Tcheck | Ttotal | Status | Flags |
---|---|---|---|---|---|---|
r-devel-linux-x86_64-debian-clang | 1.3.2 | 11.19 | 268.99 | 280.18 | OK | |
r-devel-linux-x86_64-debian-gcc | 1.3.2 | 7.28 | 180.12 | 187.40 | NOTE | |
r-devel-linux-x86_64-fedora-clang | 1.3.2 | 480.40 | OK | |||
r-devel-linux-x86_64-fedora-gcc | 1.3.2 | 429.16 | OK | |||
r-devel-windows-x86_64 | 1.3.2 | 12.00 | 221.00 | 233.00 | OK | |
r-patched-linux-x86_64 | 1.3.2 | 12.40 | 255.97 | 268.37 | OK | |
r-release-linux-x86_64 | 1.3.2 | 8.83 | 255.15 | 263.98 | OK | |
r-release-macos-arm64 | 1.3.2 | 106.00 | OK | |||
r-release-macos-x86_64 | 1.3.2 | 248.00 | OK | |||
r-release-windows-x86_64 | 1.3.2 | 12.00 | 219.00 | 231.00 | OK | |
r-oldrel-macos-arm64 | 1.3.2 | 107.00 | OK | |||
r-oldrel-macos-x86_64 | 1.3.2 | 12.00 | ERROR | |||
r-oldrel-windows-x86_64 | 1.3.2 | 18.00 | 255.00 | 273.00 | OK |
Version: 1.3.2
Check: HTML version of manual
Result: NOTE
Found the following HTML validation problems:
assertCharacter.html:89:1 (assertCharacter.Rd:37): Warning: missing </ul> before </div>
assertChoice.html:88:1 (assertChoice.Rd:36): Warning: missing </ul> before </div>
assertClass.html:84:1 (assertClass.Rd:34): Warning: missing </ul> before </div>
assertList.html:88:1 (assertList.Rd:36): Warning: missing </ul> before </div>
assertLogical.html:78:1 (assertLogical.Rd:30): Warning: missing </ul> before </div>
assertNumeric.html:98:1 (assertNumeric.Rd:42): Warning: missing </ul> before </div>
assertTable.html:94:1 (assertTable.Rd:40): Warning: missing </ul> before </div>
assertTrue.html:58:1 (assertTrue.Rd:16): Warning: missing </ul> before </div>
exportSummarisedResult.html:81:1 (exportSummarisedResult.Rd:33): Warning: missing </ul> before </div>
validateNameLevel.html:69:1 (validateNameLevel.Rd:25): Warning: missing </ul> before </div>
Flavor: r-devel-linux-x86_64-debian-gcc
Version: 1.3.2
Check: package dependencies
Result: ERROR
Package required and available but unsuitable version: ‘dbplyr’
See section ‘The DESCRIPTION file’ in the ‘Writing R Extensions’
manual.
Flavor: r-oldrel-macos-x86_64