Last updated on 2025-10-21 09:48:39 CEST.
Flavor | Version | Tinstall | Tcheck | Ttotal | Status | Flags |
---|---|---|---|---|---|---|
r-devel-linux-x86_64-debian-clang | 1.6.3 | 70.00 | 73.52 | 143.52 | OK | |
r-devel-linux-x86_64-debian-gcc | 1.6.3 | 53.64 | 56.59 | 110.23 | NOTE | |
r-devel-linux-x86_64-fedora-clang | 1.6.3 | 260.34 | OK | |||
r-devel-linux-x86_64-fedora-gcc | 1.6.3 | 270.94 | OK | |||
r-devel-windows-x86_64 | 1.6.3 | 115.00 | 112.00 | 227.00 | OK | |
r-patched-linux-x86_64 | 1.6.3 | 76.65 | 68.72 | 145.37 | OK | |
r-release-linux-x86_64 | 1.6.3 | 77.61 | 69.23 | 146.84 | OK | |
r-release-macos-arm64 | 1.6.3 | 84.00 | OK | |||
r-release-macos-x86_64 | 1.6.3 | 175.00 | OK | |||
r-release-windows-x86_64 | 1.6.3 | 117.00 | 110.00 | 227.00 | OK | |
r-oldrel-macos-arm64 | 1.6.3 | 81.00 | NOTE | |||
r-oldrel-macos-x86_64 | 1.6.3 | 152.00 | NOTE | |||
r-oldrel-windows-x86_64 | 1.6.3 | 135.00 | 134.00 | 269.00 | OK |
Version: 1.6.3
Check: HTML version of manual
Result: NOTE
Found the following HTML validation problems:
OdbcConnection.html:199:1 (OdbcConnection.Rd:132): Warning: missing </ul> before </div>
OdbcDriver.html:76:1 (OdbcDriver.Rd:35): Warning: missing </ul> before </div>
OdbcResult.html:102:1 (OdbcResult.Rd:57): Warning: missing </ul> before </div>
SQLServer.html:90:1 (SQLServer.Rd:70): Warning: <h4> anchor "+E2+80+98odbcConnectionColumns_+28+29+E2+80+99" already defined
driver-Snowflake.html:83:1 (driver-Snowflake.Rd:26): Warning: missing </ul> before </div>
isTempTable.html:63:1 (isTempTable.Rd:21): Warning: missing </ul> before </div>
odbcPreviewQuery.html:68:1 (odbcPreviewQuery.Rd:26): Warning: missing </ul> before </div>
Flavor: r-devel-linux-x86_64-debian-gcc
Version: 1.6.3
Check: installed package size
Result: NOTE
installed size is 12.8Mb
sub-directories of 1Mb or more:
libs 11.9Mb
Flavors: r-oldrel-macos-arm64, r-oldrel-macos-x86_64