Last updated on 2025-10-21 09:48:39 CEST.
Flavor | Version | Tinstall | Tcheck | Ttotal | Status | Flags |
---|---|---|---|---|---|---|
r-devel-linux-x86_64-debian-clang | 1.0.3 | 75.84 | 152.51 | 228.35 | OK | |
r-devel-linux-x86_64-debian-gcc | 1.0.3 | 52.73 | 105.27 | 158.00 | NOTE | |
r-devel-linux-x86_64-fedora-clang | 1.0.3 | 386.21 | OK | |||
r-devel-linux-x86_64-fedora-gcc | 1.0.3 | 388.13 | OK | |||
r-devel-windows-x86_64 | 1.0.3 | 95.00 | 167.00 | 262.00 | OK | |
r-patched-linux-x86_64 | 1.0.3 | 77.06 | 145.50 | 222.56 | OK | |
r-release-linux-x86_64 | 1.0.3 | 77.27 | 146.53 | 223.80 | OK | |
r-release-macos-arm64 | 1.0.3 | 92.00 | OK | |||
r-release-macos-x86_64 | 1.0.3 | 139.00 | OK | |||
r-release-windows-x86_64 | 1.0.3 | 106.00 | 167.00 | 273.00 | OK | |
r-oldrel-macos-arm64 | 1.0.3 | 87.00 | NOTE | |||
r-oldrel-macos-x86_64 | 1.0.3 | 147.00 | NOTE | |||
r-oldrel-windows-x86_64 | 1.0.3 | 119.00 | 202.00 | 321.00 | OK |
Version: 1.0.3
Check: HTML version of manual
Result: NOTE
Found the following HTML validation problems:
check_alpha.html:46:1 (check_alpha.Rd:10): Warning: missing </ul> before </div>
check_honesty_inference.html:54:1 (check_honesty_inference.Rd:14): Warning: missing </ul> before </div>
check_maxdepth.html:46:1 (check_maxdepth.Rd:10): Warning: missing </ul> before </div>
check_minnodesize.html:46:1 (check_minnodesize.Rd:10): Warning: missing </ul> before </div>
check_ntrees.html:46:1 (check_ntrees.Rd:10): Warning: missing </ul> before </div>
check_samplefraction.html:46:1 (check_samplefraction.Rd:10): Warning: missing </ul> before </div>
check_x_y.html:50:1 (check_x_y.Rd:12): Warning: missing </ul> before </div>
forest_weights_fitted_cpp.html:58:1 (forest_weights_fitted_cpp.Rd:18): Warning: missing </ul> before </div>
forest_weights_predicted_cpp.html:63:1 (forest_weights_predicted_cpp.Rd:21): Warning: missing </ul> before </div>
honest_fitted_cpp.html:68:1 (honest_fitted_cpp.Rd:24): Warning: missing </ul> before </div>
honest_predictions_cpp.html:68:1 (honest_predictions_cpp.Rd:24): Warning: missing </ul> before </div>
Flavor: r-devel-linux-x86_64-debian-gcc
Version: 1.0.3
Check: installed package size
Result: NOTE
installed size is 6.1Mb
sub-directories of 1Mb or more:
libs 5.3Mb
Flavors: r-oldrel-macos-arm64, r-oldrel-macos-x86_64