Last updated on 2025-10-21 09:48:39 CEST.
Flavor | Version | Tinstall | Tcheck | Ttotal | Status | Flags |
---|---|---|---|---|---|---|
r-devel-linux-x86_64-debian-clang | 1.4.2 | 44.03 | 175.21 | 219.24 | OK | |
r-devel-linux-x86_64-debian-gcc | 1.4.2 | 24.33 | 122.01 | 146.34 | NOTE | |
r-devel-linux-x86_64-fedora-clang | 1.4.2 | 363.51 | NOTE | |||
r-devel-linux-x86_64-fedora-gcc | 1.4.2 | 315.59 | NOTE | |||
r-devel-windows-x86_64 | 1.4.2 | 50.00 | 191.00 | 241.00 | OK | |
r-patched-linux-x86_64 | 1.4.2 | 40.91 | 160.68 | 201.59 | OK | |
r-release-linux-x86_64 | 1.4.2 | 37.15 | 160.18 | 197.33 | OK | |
r-release-macos-arm64 | 1.4.2 | 84.00 | OK | |||
r-release-macos-x86_64 | 1.4.2 | 267.00 | OK | |||
r-release-windows-x86_64 | 1.4.2 | 48.00 | 190.00 | 238.00 | OK | |
r-oldrel-macos-arm64 | 1.4.2 | 73.00 | NOTE | |||
r-oldrel-macos-x86_64 | 1.4.2 | 247.00 | NOTE | |||
r-oldrel-windows-x86_64 | 1.4.2 | 62.00 | 244.00 | 306.00 | NOTE |
Version: 1.4.2
Check: HTML version of manual
Result: NOTE
Found the following HTML validation problems:
Numbat.html:397:1 (Numbat.Rd:230): Warning: missing </ul> before </div>
Numbat.html:165:1 (Numbat.Rd:94): Warning: <h5> anchor "Usage" already defined
Numbat.html:171:1 (Numbat.Rd:98): Warning: <h5> anchor "Arguments" already defined
Numbat.html:194:1 (Numbat.Rd:111): Warning: <h5> anchor "Usage" already defined
Numbat.html:200:1 (Numbat.Rd:115): Warning: <h5> anchor "Arguments" already defined
Numbat.html:227:1 (Numbat.Rd:132): Warning: <h5> anchor "Usage" already defined
Numbat.html:233:1 (Numbat.Rd:136): Warning: <h5> anchor "Arguments" already defined
Numbat.html:256:1 (Numbat.Rd:149): Warning: <h5> anchor "Usage" already defined
Numbat.html:262:1 (Numbat.Rd:153): Warning: <h5> anchor "Arguments" already defined
Numbat.html:285:1 (Numbat.Rd:166): Warning: <h5> anchor "Usage" already defined
Numbat.html:291:1 (Numbat.Rd:170): Warning: <h5> anchor "Arguments" already defined
Numbat.html:314:1 (Numbat.Rd:183): Warning: <h5> anchor "Usage" already defined
Numbat.html:320:1 (Numbat.Rd:187): Warning: <h5> anchor "Arguments" already defined
Numbat.html:343:1 (Numbat.Rd:200): Warning: <h5> anchor "Usage" already defined
Numbat.html:349:1 (Numbat.Rd:204): Warning: <h5> anchor "Arguments" already defined
Numbat.html:374:1 (Numbat.Rd:219): Warning: <h5> anchor "Usage" already defined
Numbat.html:380:1 (Numbat.Rd:223): Warning: <h5> anchor "Arguments" already defined
approx_theta_post.html:78:1 (approx_theta_post.Rd:30): Warning: missing </ul> before </div>
calc_allele_lik.html:62:1 (calc_allele_lik.Rd:18): Warning: missing </ul> before </div>
check_contam.html:46:1 (check_contam.Rd:10): Warning: missing </ul> before </div>
check_exp_noise.html:46:1 (check_exp_noise.Rd:10): Warning: missing </ul> before </div>
exp_hclust.html:78:1 (exp_hclust.Rd:30): Warning: missing </ul> before </div>
get_internal_nodes.html:54:1 (get_internal_nodes.Rd:14): Warning: missing </ul> before </div>
get_lambdas_bar.html:54:1 (get_lambdas_bar.Rd:14): Warning: missing </ul> before </div>
log_message.html:50:1 (log_message.Rd:12): Warning: missing </ul> before </div>
relevel_chrom.html:46:1 (relevel_chrom.Rd:10): Warning: missing </ul> before </div>
run_group_hmms.html:98:1 (run_group_hmms.Rd:44): Warning: missing </ul> before </div>
upgma.html:56:1 (upgma.Rd:16): Warning: missing </ul> before </div>
viterbi_loh.html:51:1 (viterbi_loh.Rd:15): Warning: missing </ul> before </div>
Flavor: r-devel-linux-x86_64-debian-gcc
Version: 1.4.2
Check: dependencies in R code
Result: NOTE
Namespaces in Imports field not imported from:
‘R.utils’ ‘optparse’ ‘vcfR’
All declared Imports should be used.
Flavors: r-devel-linux-x86_64-fedora-clang, r-devel-linux-x86_64-fedora-gcc
Version: 1.4.2
Check: installed package size
Result: NOTE
installed size is 5.5Mb
sub-directories of 1Mb or more:
data 4.2Mb
Flavors: r-oldrel-macos-arm64, r-oldrel-macos-x86_64, r-oldrel-windows-x86_64
Version: 1.4.2
Check: for GNU extensions in Makefiles
Result: NOTE
GNU make is a SystemRequirements.
Flavors: r-oldrel-macos-arm64, r-oldrel-macos-x86_64, r-oldrel-windows-x86_64