Last updated on 2025-10-21 09:48:39 CEST.
Flavor | Version | Tinstall | Tcheck | Ttotal | Status | Flags |
---|---|---|---|---|---|---|
r-devel-linux-x86_64-debian-clang | 1.6 | 6.30 | 55.44 | 61.74 | NOTE | |
r-devel-linux-x86_64-debian-gcc | 1.6 | 5.36 | 42.81 | 48.17 | NOTE | |
r-devel-linux-x86_64-fedora-clang | 1.6 | 93.21 | OK | |||
r-devel-linux-x86_64-fedora-gcc | 1.6 | 89.26 | OK | |||
r-devel-windows-x86_64 | 1.6 | 7.00 | 66.00 | 73.00 | OK | |
r-patched-linux-x86_64 | 1.6 | 7.09 | 53.73 | 60.82 | OK | |
r-release-linux-x86_64 | 1.6 | 5.70 | 53.43 | 59.13 | OK | |
r-release-macos-arm64 | 1.6 | 33.00 | OK | |||
r-release-macos-x86_64 | 1.6 | 51.00 | OK | |||
r-release-windows-x86_64 | 1.6 | 8.00 | 68.00 | 76.00 | OK | |
r-oldrel-macos-arm64 | 1.6 | 29.00 | OK | |||
r-oldrel-macos-x86_64 | 1.6 | 42.00 | OK | |||
r-oldrel-windows-x86_64 | 1.6 | 10.00 | 80.00 | 90.00 | OK |
Version: 1.6
Check: CRAN incoming feasibility
Result: NOTE
Maintainer: ‘Eisuke Inoue <eisuke.inoue@marianna-u.ac.jp>’
No Authors@R field in DESCRIPTION.
Please add one, modifying
Authors@R: person(given = "Eisuke",
family = "Inoue",
role = c("aut", "cre"),
email = "eisuke.inoue@marianna-u.ac.jp")
as necessary.
Flavors: r-devel-linux-x86_64-debian-clang, r-devel-linux-x86_64-debian-gcc
Version: 1.6
Check: HTML version of manual
Result: NOTE
Found the following HTML validation problems:
categorize.html:56:1 (categorize.Rd:18): Warning: missing </ul> before </div>
get.risk.coxph.html:57:1 (get.risk.coxph.Rd:19): Warning: missing </ul> before </div>
get.risk.survreg.html:58:1 (get.risk.survreg.Rd:20): Warning: missing </ul> before </div>
get.surv.km.html:72:1 (get.surv.km.Rd:28): Warning: missing </ul> before </div>
get.uppdwn.html:105:1 (get.uppdwn.Rd:46): Warning: missing </ul> before </div>
get.uppdwn.bin.html:93:1 (get.uppdwn.bin.Rd:41): Warning: missing </ul> before </div>
nribin.count.main.html:59:1 (nribin.count.main.Rd:21): Warning: missing </ul> before </div>
nricens.ipw.main.html:72:1 (nricens.ipw.main.Rd:28): Warning: missing </ul> before </div>
nricens.km.main.html:72:1 (nricens.km.main.Rd:28): Warning: missing </ul> before </div>
Flavor: r-devel-linux-x86_64-debian-gcc