CRAN Package Check Results for Package nonpar

Last updated on 2025-02-21 09:50:53 CET.

Flavor Version Tinstall Tcheck Ttotal Status Flags
r-devel-linux-x86_64-debian-clang 1.0.2 1.77 19.44 21.21 OK
r-devel-linux-x86_64-debian-gcc 1.0.2 1.64 16.04 17.68 OK
r-devel-linux-x86_64-fedora-clang 1.0.2 33.80 OK
r-devel-linux-x86_64-fedora-gcc 1.0.2 32.58 OK
r-devel-macos-arm64 1.0.2 17.00 OK
r-devel-macos-x86_64 1.0.2 29.00 OK
r-devel-windows-x86_64 1.0.2 3.00 43.00 46.00 OK
r-patched-linux-x86_64 1.0.2 2.02 18.45 20.47 NOTE
r-release-linux-x86_64 1.0.2 1.60 18.36 19.96 NOTE
r-release-macos-arm64 1.0.2 16.00 NOTE
r-release-macos-x86_64 1.0.2 21.00 NOTE
r-release-windows-x86_64 1.0.2 3.00 41.00 44.00 NOTE
r-oldrel-macos-arm64 1.0.2 16.00 NOTE
r-oldrel-macos-x86_64 1.0.2 21.00 NOTE
r-oldrel-windows-x86_64 1.0.2 4.00 41.00 45.00 NOTE

Check Details

Version: 1.0.2
Check: LazyData
Result: NOTE 'LazyData' is specified without a 'data' directory Flavors: r-patched-linux-x86_64, r-release-linux-x86_64, r-release-macos-arm64, r-release-macos-x86_64, r-release-windows-x86_64, r-oldrel-macos-arm64, r-oldrel-macos-x86_64, r-oldrel-windows-x86_64