Last updated on 2025-10-21 09:48:39 CEST.
Flavor | Version | Tinstall | Tcheck | Ttotal | Status | Flags |
---|---|---|---|---|---|---|
r-devel-linux-x86_64-debian-clang | 0.1.4 | 4.33 | 45.70 | 50.03 | NOTE | |
r-devel-linux-x86_64-debian-gcc | 0.1.4 | 3.11 | 35.59 | 38.70 | NOTE | |
r-devel-linux-x86_64-fedora-clang | 0.1.4 | 76.77 | OK | |||
r-devel-linux-x86_64-fedora-gcc | 0.1.4 | 89.52 | OK | |||
r-devel-windows-x86_64 | 0.1.4 | 6.00 | 71.00 | 77.00 | OK | |
r-patched-linux-x86_64 | 0.1.4 | 5.02 | 43.85 | 48.87 | OK | |
r-release-linux-x86_64 | 0.1.4 | 3.92 | 44.17 | 48.09 | OK | |
r-release-macos-arm64 | 0.1.4 | 32.00 | OK | |||
r-release-macos-x86_64 | 0.1.4 | 55.00 | OK | |||
r-release-windows-x86_64 | 0.1.4 | 6.00 | 105.00 | 111.00 | OK | |
r-oldrel-macos-arm64 | 0.1.4 | 30.00 | OK | |||
r-oldrel-macos-x86_64 | 0.1.4 | 45.00 | OK | |||
r-oldrel-windows-x86_64 | 0.1.4 | 9.00 | 93.00 | 102.00 | OK |
Version: 0.1.4
Check: CRAN incoming feasibility
Result: NOTE
Maintainer: ‘Tabea Rebafka <tabea.rebafka@sorbonne-universite.fr>’
The Description field contains
Roquain, F. Villers (2020) <arXiv:1907.10176>.
Please refer to arXiv e-prints via their arXiv DOI <doi:10.48550/arXiv.YYMM.NNNNN>.
Flavors: r-devel-linux-x86_64-debian-clang, r-devel-linux-x86_64-debian-gcc
Version: 0.1.4
Check: HTML version of manual
Result: NOTE
Found the following HTML validation problems:
convertGroupPair.html:58:1 (convertGroupPair.Rd:16): Warning: missing </ul> before </div>
convertGroupPairIdentifier.html:50:1 (convertGroupPairIdentifier.Rd:12): Warning: missing </ul> before </div>
correctTau.html:46:1 (correctTau.Rd:10): Warning: missing </ul> before </div>
getTauql.html:62:1 (getTauql.Rd:18): Warning: missing </ul> before </div>
modelDensity.html:55:1 (modelDensity.Rd:15): Warning: missing </ul> before </div>
q_delta_ql.html:59:1 (q_delta_ql.Rd:17): Warning: missing </ul> before </div>
Flavor: r-devel-linux-x86_64-debian-gcc