Last updated on 2025-10-21 09:48:39 CEST.
Flavor | Version | Tinstall | Tcheck | Ttotal | Status | Flags |
---|---|---|---|---|---|---|
r-devel-linux-x86_64-debian-clang | 1.0.7 | 24.35 | 71.02 | 95.37 | OK | |
r-devel-linux-x86_64-debian-gcc | 1.0.7 | 15.61 | 55.13 | 70.74 | NOTE | |
r-devel-linux-x86_64-fedora-clang | 1.0.7 | 158.19 | OK | |||
r-devel-linux-x86_64-fedora-gcc | 1.0.7 | 159.53 | OK | |||
r-devel-windows-x86_64 | 1.0.7 | 31.00 | 95.00 | 126.00 | OK | |
r-patched-linux-x86_64 | 1.0.7 | 23.62 | 67.09 | 90.71 | OK | |
r-release-linux-x86_64 | 1.0.7 | 22.31 | 67.56 | 89.87 | OK | |
r-release-macos-arm64 | 1.0.7 | 59.00 | OK | |||
r-release-macos-x86_64 | 1.0.7 | 124.00 | OK | |||
r-release-windows-x86_64 | 1.0.7 | 32.00 | 100.00 | 132.00 | OK | |
r-oldrel-macos-arm64 | 1.0.7 | 49.00 | OK | |||
r-oldrel-macos-x86_64 | 1.0.7 | 71.00 | OK | |||
r-oldrel-windows-x86_64 | 1.0.7 | 36.00 | 119.00 | 155.00 | OK |
Version: 1.0.7
Check: HTML version of manual
Result: NOTE
Found the following HTML validation problems:
NMSlib.html:73:1 (NMSlib.Rd:96): Warning: <h3> anchor "Methods" already defined
NMSlib.html:166:1 (NMSlib.Rd:158): Warning: <h5> anchor "Usage" already defined
NMSlib.html:172:1 (NMSlib.Rd:162): Warning: <h5> anchor "Arguments" already defined
NMSlib.html:197:1 (NMSlib.Rd:178): Warning: <h5> anchor "Usage" already defined
NMSlib.html:203:1 (NMSlib.Rd:182): Warning: <h5> anchor "Arguments" already defined
NMSlib.html:228:1 (NMSlib.Rd:198): Warning: <h5> anchor "Usage" already defined
NMSlib.html:234:1 (NMSlib.Rd:202): Warning: <h5> anchor "Arguments" already defined
NMSlib.html:259:1 (NMSlib.Rd:217): Warning: <h5> anchor "Usage" already defined
NMSlib.html:265:1 (NMSlib.Rd:221): Warning: <h5> anchor "Arguments" already defined
Flavor: r-devel-linux-x86_64-debian-gcc