Last updated on 2025-10-21 09:48:39 CEST.
Flavor | Version | Tinstall | Tcheck | Ttotal | Status | Flags |
---|---|---|---|---|---|---|
r-devel-linux-x86_64-debian-clang | 0.4.5 | 7.23 | 119.04 | 126.27 | OK | |
r-devel-linux-x86_64-debian-gcc | 0.4.5 | 4.48 | 86.90 | 91.38 | NOTE | |
r-devel-linux-x86_64-fedora-clang | 0.4.5 | 208.95 | OK | |||
r-devel-linux-x86_64-fedora-gcc | 0.4.5 | 203.59 | OK | |||
r-devel-windows-x86_64 | 0.4.5 | 9.00 | 155.00 | 164.00 | OK | |
r-patched-linux-x86_64 | 0.4.5 | 8.17 | 112.56 | 120.73 | OK | |
r-release-linux-x86_64 | 0.4.5 | 6.91 | 113.82 | 120.73 | OK | |
r-release-macos-arm64 | 0.4.5 | 79.00 | OK | |||
r-release-macos-x86_64 | 0.4.5 | 129.00 | OK | |||
r-release-windows-x86_64 | 0.4.5 | 14.00 | 156.00 | 170.00 | OK | |
r-oldrel-macos-arm64 | 0.4.5 | 76.00 | OK | |||
r-oldrel-macos-x86_64 | 0.4.5 | 96.00 | OK | |||
r-oldrel-windows-x86_64 | 0.4.5 | 13.00 | 184.00 | 197.00 | OK |
Version: 0.4.5
Check: HTML version of manual
Result: NOTE
Found the following HTML validation problems:
util_call_nl.html:59:1 (util_call_nl.Rd:17): Warning: missing </ul> before </div>
util_cleanup.html:68:1 (util_cleanup.Rd:24): Warning: missing </ul> before </div>
util_create_agentset_reporter.html:50:1 (util_create_agentset_reporter.Rd:12): Warning: missing </ul> before </div>
util_create_lhs.html:55:1 (util_create_lhs.Rd:15): Warning: missing </ul> before </div>
util_create_sim_XML.html:60:1 (util_create_sim_XML.Rd:17): Warning: missing </ul> before </div>
util_eval_constants.html:48:1 (util_eval_constants.Rd:12): Warning: missing </ul> before </div>
util_gather_results.html:58:1 (util_gather_results.Rd:16): Warning: missing </ul> before </div>
util_generate_seeds.html:46:1 (util_generate_seeds.Rd:10): Warning: missing </ul> before </div>
util_read_write_batch.html:46:1 (util_read_write_batch.Rd:10): Warning: missing </ul> before </div>
util_run_nl_dyn_ABCmcmc.html:68:1 (util_run_nl_dyn_ABCmcmc.Rd:24): Warning: missing </ul> before </div>
util_run_nl_dyn_GenAlg.html:62:1 (util_run_nl_dyn_GenAlg.Rd:18): Warning: missing </ul> before </div>
util_run_nl_dyn_GenAlg_fn.html:82:1 (util_run_nl_dyn_GenAlg_fn.Rd:33): Warning: missing </ul> before </div>
util_run_nl_dyn_GenSA.html:62:1 (util_run_nl_dyn_GenSA.Rd:18): Warning: missing </ul> before </div>
util_run_nl_dyn_GenSA_fn.html:78:1 (util_run_nl_dyn_GenSA_fn.Rd:30): Warning: missing </ul> before </div>
Flavor: r-devel-linux-x86_64-debian-gcc