Last updated on 2025-10-21 09:48:39 CEST.
Flavor | Version | Tinstall | Tcheck | Ttotal | Status | Flags |
---|---|---|---|---|---|---|
r-devel-linux-x86_64-debian-clang | 4.0.1 | 7.89 | 88.26 | 96.15 | OK | |
r-devel-linux-x86_64-debian-gcc | 4.0.1 | 5.42 | 65.00 | 70.42 | NOTE | |
r-devel-linux-x86_64-fedora-clang | 4.0.1 | 153.76 | OK | |||
r-devel-linux-x86_64-fedora-gcc | 4.0.1 | 232.83 | OK | |||
r-devel-windows-x86_64 | 4.0.1 | 14.00 | 105.00 | 119.00 | OK | |
r-patched-linux-x86_64 | 4.0.1 | 7.62 | 82.17 | 89.79 | OK | |
r-release-linux-x86_64 | 4.0.1 | 7.63 | 83.06 | 90.69 | OK | |
r-release-macos-arm64 | 4.0.1 | 34.00 | OK | |||
r-release-macos-x86_64 | 4.0.1 | 67.00 | OK | |||
r-release-windows-x86_64 | 4.0.1 | 12.00 | 103.00 | 115.00 | OK | |
r-oldrel-macos-arm64 | 4.0.1 | 38.00 | OK | |||
r-oldrel-macos-x86_64 | 4.0.1 | 75.00 | OK | |||
r-oldrel-windows-x86_64 | 4.0.1 | 17.00 | 125.00 | 142.00 | OK |
Version: 4.0.1
Check: HTML version of manual
Result: NOTE
Found the following HTML validation problems:
nlmixr2deps.html:47:1 (nlmixr2deps.Rd:11): Warning: missing </ul> before </div>
Flavor: r-devel-linux-x86_64-debian-gcc