CRAN Package Check Results for Package nettskjemar

Last updated on 2025-10-21 09:48:39 CEST.

Flavor Version Tinstall Tcheck Ttotal Status Flags
r-devel-linux-x86_64-debian-clang 1.0.4 2.55 58.76 61.31 OK
r-devel-linux-x86_64-debian-gcc 1.0.4 1.86 47.12 48.98 NOTE
r-devel-linux-x86_64-fedora-clang 1.0.4 95.05 OK
r-devel-linux-x86_64-fedora-gcc 1.0.4 106.98 OK
r-devel-windows-x86_64 1.0.4 4.00 81.00 85.00 OK
r-patched-linux-x86_64 1.0.4 2.76 55.09 57.85 OK
r-release-linux-x86_64 1.0.4 1.98 55.48 57.46 OK
r-release-macos-arm64 1.0.4 46.00 OK
r-release-macos-x86_64 1.0.4 95.00 OK
r-release-windows-x86_64 1.0.4 5.00 81.00 86.00 OK
r-oldrel-macos-arm64 1.0.4 52.00 OK
r-oldrel-macos-x86_64 1.0.4 84.00 OK
r-oldrel-windows-x86_64 1.0.4 6.00 96.00 102.00 OK

Check Details

Version: 1.0.4
Check: HTML version of manual
Result: NOTE Found the following HTML validation problems: ns_req_auth.html:70:1 (ns_req_auth.Rd:24): Warning: missing </ul> before </div> Flavor: r-devel-linux-x86_64-debian-gcc