Last updated on 2025-10-21 09:48:39 CEST.
Flavor | Version | Tinstall | Tcheck | Ttotal | Status | Flags |
---|---|---|---|---|---|---|
r-devel-linux-x86_64-debian-clang | 0.5.1 | 7.25 | 62.59 | 69.84 | NOTE | |
r-devel-linux-x86_64-debian-gcc | 0.5.1 | 4.59 | 44.68 | 49.27 | NOTE | |
r-devel-linux-x86_64-fedora-clang | 0.5.1 | 110.10 | NOTE | |||
r-devel-linux-x86_64-fedora-gcc | 0.5.1 | 98.68 | NOTE | |||
r-devel-windows-x86_64 | 0.5.1 | 8.00 | 75.00 | 83.00 | NOTE | |
r-patched-linux-x86_64 | 0.5.1 | 6.30 | 56.41 | 62.71 | NOTE | |
r-release-linux-x86_64 | 0.5.1 | 5.88 | 57.16 | 63.04 | NOTE | |
r-release-macos-arm64 | 0.5.1 | 43.00 | NOTE | |||
r-release-macos-x86_64 | 0.5.1 | 62.00 | NOTE | |||
r-release-windows-x86_64 | 0.5.1 | 8.00 | 77.00 | 85.00 | NOTE | |
r-oldrel-macos-arm64 | 0.5.1 | 34.00 | OK | |||
r-oldrel-macos-x86_64 | 0.5.1 | 47.00 | OK | |||
r-oldrel-windows-x86_64 | 0.5.1 | 12.00 | 93.00 | 105.00 | OK |
Version: 0.5.1
Check: DESCRIPTION meta-information
Result: NOTE
Missing dependency on R >= 4.1.0 because package code uses the pipe
|> or function shorthand \(...) syntax added in R 4.1.0.
File(s) using such syntax:
‘neon_cloud.R’
Flavors: r-devel-linux-x86_64-debian-clang, r-devel-linux-x86_64-debian-gcc, r-devel-linux-x86_64-fedora-clang, r-devel-linux-x86_64-fedora-gcc, r-devel-windows-x86_64, r-patched-linux-x86_64, r-release-linux-x86_64, r-release-macos-arm64, r-release-macos-x86_64, r-release-windows-x86_64
Version: 0.5.1
Check: HTML version of manual
Result: NOTE
Found the following HTML validation problems:
neon_disconnect.html:46:1 (neon_disconnect.Rd:10): Warning: missing </ul> before </div>
neon_export_db.html:53:1 (neon_export_db.Rd:12): Warning: missing </ul> before </div>
neon_import_db.html:53:1 (neon_import_db.Rd:15): Warning: missing </ul> before </div>
neon_sites.html:59:1 (neon_sites.Rd:20): Warning: missing </ul> before </div>
Flavor: r-devel-linux-x86_64-debian-gcc