Last updated on 2025-10-21 09:48:39 CEST.
Flavor | Version | Tinstall | Tcheck | Ttotal | Status | Flags |
---|---|---|---|---|---|---|
r-devel-linux-x86_64-debian-clang | 1.2.6 | 13.26 | 280.91 | 294.17 | OK | |
r-devel-linux-x86_64-debian-gcc | 1.2.6 | 8.82 | 187.56 | 196.38 | NOTE | |
r-devel-linux-x86_64-fedora-clang | 1.2.6 | 483.50 | OK | |||
r-devel-linux-x86_64-fedora-gcc | 1.2.6 | 476.84 | OK | |||
r-devel-windows-x86_64 | 1.2.6 | 15.00 | 277.00 | 292.00 | OK | |
r-patched-linux-x86_64 | 1.2.6 | 10.32 | 269.43 | 279.75 | OK | |
r-release-linux-x86_64 | 1.2.6 | 11.16 | 268.43 | 279.59 | OK | |
r-release-macos-arm64 | 1.2.6 | 132.00 | OK | |||
r-release-macos-x86_64 | 1.2.6 | 308.00 | OK | |||
r-release-windows-x86_64 | 1.2.6 | 15.00 | 277.00 | 292.00 | OK | |
r-oldrel-macos-arm64 | 1.2.6 | 129.00 | OK | |||
r-oldrel-macos-x86_64 | 1.2.6 | 332.00 | OK | |||
r-oldrel-windows-x86_64 | 1.2.6 | 20.00 | 337.00 | 357.00 | OK |
Version: 1.2.6
Check: HTML version of manual
Result: NOTE
Found the following HTML validation problems:
coef.mvord.html:52:1 (coef.mvord.Rd:12): Warning: missing </ul> before </div>
constraints.html:50:1 (constraints.Rd:13): Warning: missing </ul> before </div>
error_struct.html:98:1 (error_struct.Rd:33): Warning: missing </ul> before </div>
fitted.mvord.html:52:1 (fitted.mvord.Rd:12): Warning: missing </ul> before </div>
logLik.mvord.html:52:1 (logLik.mvord.Rd:12): Warning: missing </ul> before </div>
model.matrix.mvord.html:52:1 (model.matrix.mvord.Rd:12): Warning: missing </ul> before </div>
names_constraints.html:54:1 (names_constraints.Rd:14): Warning: missing </ul> before </div>
nobs.mvord.html:52:1 (nobs.mvord.Rd:12): Warning: missing </ul> before </div>
polycor.html:50:1 (polycor.Rd:12): Warning: missing </ul> before </div>
print.error_struct.html:51:1 (print.error_struct.Rd:12): Warning: missing </ul> before </div>
print.mvord.html:56:1 (print.mvord.Rd:14): Warning: missing </ul> before </div>
summary.mvord.html:60:1 (summary.mvord.Rd:16): Warning: missing </ul> before </div>
terms.mvord.html:52:1 (terms.mvord.Rd:12): Warning: missing </ul> before </div>
thresholds.html:54:1 (thresholds.Rd:15): Warning: missing </ul> before </div>
vcov.mvord.html:52:1 (vcov.mvord.Rd:12): Warning: missing </ul> before </div>
Flavor: r-devel-linux-x86_64-debian-gcc