Last updated on 2025-10-21 09:48:39 CEST.
Flavor | Version | Tinstall | Tcheck | Ttotal | Status | Flags |
---|---|---|---|---|---|---|
r-devel-linux-x86_64-debian-clang | 1.3.0 | 13.74 | 163.81 | 177.55 | OK | |
r-devel-linux-x86_64-debian-gcc | 1.3.0 | 9.99 | 116.16 | 126.15 | NOTE | |
r-devel-linux-x86_64-fedora-clang | 1.3.0 | 283.24 | OK | |||
r-devel-linux-x86_64-fedora-gcc | 1.3.0 | 294.95 | OK | |||
r-devel-windows-x86_64 | 1.3.0 | 17.00 | 176.00 | 193.00 | OK | |
r-patched-linux-x86_64 | 1.3.0 | 13.23 | 154.93 | 168.16 | OK | |
r-release-linux-x86_64 | 1.3.0 | 12.44 | 157.54 | 169.98 | OK | |
r-release-macos-arm64 | 1.3.0 | 78.00 | OK | |||
r-release-macos-x86_64 | 1.3.0 | 163.00 | OK | |||
r-release-windows-x86_64 | 1.3.0 | 16.00 | 174.00 | 190.00 | OK | |
r-oldrel-macos-arm64 | 1.3.0 | 89.00 | OK | |||
r-oldrel-macos-x86_64 | 1.3.0 | 142.00 | OK | |||
r-oldrel-windows-x86_64 | 1.3.0 | 20.00 | 212.00 | 232.00 | OK |
Version: 1.3.0
Check: HTML version of manual
Result: NOTE
Found the following HTML validation problems:
align.plots.html:55:1 (align.plots.Rd:14): Warning: missing </ul> before </div>
covariate.balance.html:62:1 (covariate.balance.Rd:18): Warning: missing </ul> before </div>
is.mlpsa.html:46:1 (is.mlpsa.Rd:10): Warning: missing </ul> before </div>
print.covariate.balance.html:51:1 (print.covariate.balance.Rd:12): Warning: missing </ul> before </div>
print.mlpsa.html:51:1 (print.mlpsa.Rd:12): Warning: missing </ul> before </div>
print.psrange.html:51:1 (print.psrange.Rd:12): Warning: missing </ul> before </div>
print.xmlpsa.html:59:1 (print.xmlpsa.Rd:16): Warning: missing </ul> before </div>
summary.mlpsa.html:55:1 (summary.mlpsa.Rd:14): Warning: missing </ul> before </div>
summary.psrange.html:51:1 (summary.psrange.Rd:12): Warning: missing </ul> before </div>
xtable.mlpsa.html:90:1 (xtable.mlpsa.Rd:37): Warning: missing </ul> before </div>
Flavor: r-devel-linux-x86_64-debian-gcc