CRAN Package Check Results for Package multifear

Last updated on 2025-10-21 09:48:39 CEST.

Flavor Version Tinstall Tcheck Ttotal Status Flags
r-devel-linux-x86_64-debian-clang 0.1.4 13.94 192.63 206.57 OK
r-devel-linux-x86_64-debian-gcc 0.1.4 8.94 130.95 139.89 NOTE
r-devel-linux-x86_64-fedora-clang 0.1.4 340.33 OK
r-devel-linux-x86_64-fedora-gcc 0.1.4 333.31 OK
r-devel-windows-x86_64 0.1.4 15.00 184.00 199.00 OK
r-patched-linux-x86_64 0.1.4 12.07 185.11 197.18 OK
r-release-linux-x86_64 0.1.4 13.30 186.77 200.07 OK
r-release-macos-arm64 0.1.4 85.00 OK
r-release-macos-x86_64 0.1.4 166.00 OK
r-release-windows-x86_64 0.1.4 16.00 186.00 202.00 OK
r-oldrel-macos-arm64 0.1.4 85.00 OK
r-oldrel-macos-x86_64 0.1.4 174.00 OK
r-oldrel-windows-x86_64 0.1.4 21.00 241.00 262.00 OK

Check Details

Version: 0.1.4
Check: HTML version of manual
Result: NOTE Found the following HTML validation problems: chop_css.html:89:1 (chop_css.Rd:41): Warning: missing </ul> before </div> Flavor: r-devel-linux-x86_64-debian-gcc