CRAN Package Check Results for Package multicmp

Last updated on 2025-02-21 09:50:53 CET.

Flavor Version Tinstall Tcheck Ttotal Status Flags
r-devel-linux-x86_64-debian-clang 1.1 1.80 20.57 22.37 NOTE
r-devel-linux-x86_64-debian-gcc 1.1 1.59 15.84 17.43 NOTE
r-devel-linux-x86_64-fedora-clang 1.1 35.74 NOTE
r-devel-linux-x86_64-fedora-gcc 1.1 33.96 NOTE
r-devel-macos-arm64 1.1 17.00 NOTE
r-devel-macos-x86_64 1.1 48.00 NOTE
r-devel-windows-x86_64 1.1 2.00 44.00 46.00 NOTE
r-patched-linux-x86_64 1.1 1.52 19.53 21.05 NOTE
r-release-linux-x86_64 1.1 1.67 19.36 21.03 NOTE
r-release-macos-arm64 1.1 15.00 NOTE
r-release-macos-x86_64 1.1 33.00 NOTE
r-release-windows-x86_64 1.1 2.00 40.00 42.00 NOTE
r-oldrel-macos-arm64 1.1 18.00 OK
r-oldrel-macos-x86_64 1.1 22.00 OK
r-oldrel-windows-x86_64 1.1 4.00 41.00 45.00 OK

Check Details

Version: 1.1
Check: Rd files
Result: NOTE checkRd: (-1) dbivCMP.Rd:14: Lost braces; missing escapes or markup? 14 | \item{bivprob}{Bivariate probabilities, {p00, p01, p10, p11}.} | ^ Flavors: r-devel-linux-x86_64-debian-clang, r-devel-linux-x86_64-debian-gcc, r-devel-linux-x86_64-fedora-clang, r-devel-linux-x86_64-fedora-gcc, r-devel-macos-arm64, r-devel-macos-x86_64, r-devel-windows-x86_64, r-patched-linux-x86_64, r-release-linux-x86_64, r-release-macos-arm64, r-release-macos-x86_64, r-release-windows-x86_64