Last updated on 2025-07-12 09:49:24 CEST.
Flavor | Version | Tinstall | Tcheck | Ttotal | Status | Flags |
---|---|---|---|---|---|---|
r-devel-linux-x86_64-debian-clang | 0.1.0 | 6.86 | 63.33 | 70.19 | NOTE | |
r-devel-linux-x86_64-debian-gcc | 0.1.0 | 4.68 | 45.56 | 50.24 | NOTE | |
r-devel-linux-x86_64-fedora-clang | 0.1.0 | 105.82 | OK | |||
r-devel-linux-x86_64-fedora-gcc | 0.1.0 | 97.56 | OK | |||
r-devel-windows-x86_64 | 0.1.0 | 8.00 | 81.00 | 89.00 | OK | |
r-patched-linux-x86_64 | 0.1.0 | 6.14 | 57.54 | 63.68 | OK | |
r-release-linux-x86_64 | 0.1.0 | 7.10 | 57.38 | 64.48 | OK | |
r-release-macos-arm64 | 0.1.0 | 35.00 | OK | |||
r-release-macos-x86_64 | 0.1.0 | 65.00 | OK | |||
r-release-windows-x86_64 | 0.1.0 | 10.00 | 83.00 | 93.00 | OK | |
r-oldrel-macos-arm64 | 0.1.0 | 41.00 | OK | |||
r-oldrel-macos-x86_64 | 0.1.0 | 53.00 | OK | |||
r-oldrel-windows-x86_64 | 0.1.0 | 12.00 | 104.00 | 116.00 | OK |
Version: 0.1.0
Check: CRAN incoming feasibility
Result: NOTE
Maintainer: ‘Phuc H. Nguyen <phuc.nguyen.rcran@gmail.com>’
The Description field contains
Nguyen et al. (2022) <arXiv:2209.08036>.
Please refer to arXiv e-prints via their arXiv DOI <doi:10.48550/arXiv.YYMM.NNNNN>.
Flavors: r-devel-linux-x86_64-debian-clang, r-devel-linux-x86_64-debian-gcc