CRAN Package Check Results for Package mplot

Last updated on 2025-10-21 09:48:38 CEST.

Flavor Version Tinstall Tcheck Ttotal Status Flags
r-devel-linux-x86_64-debian-clang 1.0.6 8.09 68.18 76.27 NOTE
r-devel-linux-x86_64-debian-gcc 1.0.6 4.78 49.07 53.85 NOTE
r-devel-linux-x86_64-fedora-clang 1.0.6 117.22 NOTE
r-devel-linux-x86_64-fedora-gcc 1.0.6 108.07 NOTE
r-devel-windows-x86_64 1.0.6 9.00 87.00 96.00 NOTE
r-patched-linux-x86_64 1.0.6 7.84 63.73 71.57 NOTE
r-release-linux-x86_64 1.0.6 7.44 63.66 71.10 NOTE
r-release-macos-arm64 1.0.6 35.00 NOTE
r-release-macos-x86_64 1.0.6 64.00 NOTE
r-release-windows-x86_64 1.0.6 9.00 87.00 96.00 NOTE
r-oldrel-macos-arm64 1.0.6 44.00 NOTE
r-oldrel-macos-x86_64 1.0.6 55.00 NOTE
r-oldrel-windows-x86_64 1.0.6 12.00 103.00 115.00 NOTE

Check Details

Version: 1.0.6
Check: Rd files
Result: NOTE checkRd: (-1) glmfence.Rd:21: Lost braces; missing escapes or markup? 21 | is performed where the boundary is cstar*hat(sigma)_{M,tildeM}.} | ^ checkRd: (-1) lmfence.Rd:21: Lost braces; missing escapes or markup? 21 | is performed where the boundary is cstar*hat(sigma)_{M,tildeM}.} | ^ Flavors: r-devel-linux-x86_64-debian-clang, r-devel-linux-x86_64-debian-gcc, r-devel-linux-x86_64-fedora-clang, r-devel-linux-x86_64-fedora-gcc, r-devel-windows-x86_64, r-patched-linux-x86_64, r-release-linux-x86_64, r-release-macos-arm64, r-release-macos-x86_64, r-release-windows-x86_64, r-oldrel-macos-arm64, r-oldrel-macos-x86_64, r-oldrel-windows-x86_64

Version: 1.0.6
Check: HTML version of manual
Result: NOTE Found the following HTML validation problems: print.af.html:60:1 (print.af.Rd:18): Warning: missing </ul> before </div> print.vis.html:62:1 (print.vis.Rd:18): Warning: missing </ul> before </div> process.fn.html:51:1 (process.fn.Rd:12): Warning: missing </ul> before </div> summary.af.html:60:1 (summary.af.Rd:18): Warning: missing </ul> before </div> txt.fn.html:55:1 (txt.fn.Rd:14): Warning: missing </ul> before </div> Flavor: r-devel-linux-x86_64-debian-gcc