Last updated on 2025-10-21 09:48:38 CEST.
Flavor | Version | Tinstall | Tcheck | Ttotal | Status | Flags |
---|---|---|---|---|---|---|
r-devel-linux-x86_64-debian-clang | 1.1.8 | 3.14 | 142.56 | 145.70 | OK | |
r-devel-linux-x86_64-debian-gcc | 1.1.8 | 2.29 | 102.93 | 105.22 | NOTE | |
r-devel-linux-x86_64-fedora-clang | 1.1.8 | 234.88 | OK | |||
r-devel-linux-x86_64-fedora-gcc | 1.1.8 | 230.70 | OK | |||
r-devel-windows-x86_64 | 1.1.8 | 6.00 | 136.00 | 142.00 | OK | |
r-patched-linux-x86_64 | 1.1.8 | 4.36 | 136.68 | 141.04 | OK | |
r-release-linux-x86_64 | 1.1.8 | 3.29 | 134.57 | 137.86 | OK | |
r-release-macos-arm64 | 1.1.8 | 62.00 | OK | |||
r-release-macos-x86_64 | 1.1.8 | 115.00 | OK | |||
r-release-windows-x86_64 | 1.1.8 | 6.00 | 135.00 | 141.00 | OK | |
r-oldrel-macos-arm64 | 1.1.8 | 67.00 | OK | |||
r-oldrel-macos-x86_64 | 1.1.8 | 130.00 | OK | |||
r-oldrel-windows-x86_64 | 1.1.8 | 8.00 | 165.00 | 173.00 | OK |
Version: 1.1.8
Check: HTML version of manual
Result: NOTE
Found the following HTML validation problems:
mortaar_plot_dx.html:54:1 (mortaar_plot_dx.Rd:14): Warning: missing </ul> before </div>
mortaar_plot_dx_frame.html:58:1 (mortaar_plot_dx_frame.Rd:16): Warning: missing </ul> before </div>
mortaar_plot_ex.html:54:1 (mortaar_plot_ex.Rd:14): Warning: missing </ul> before </div>
mortaar_plot_ex_frame.html:58:1 (mortaar_plot_ex_frame.Rd:16): Warning: missing </ul> before </div>
mortaar_plot_lx.html:54:1 (mortaar_plot_lx.Rd:14): Warning: missing </ul> before </div>
mortaar_plot_lx_frame.html:58:1 (mortaar_plot_lx_frame.Rd:16): Warning: missing </ul> before </div>
mortaar_plot_qx.html:54:1 (mortaar_plot_qx.Rd:14): Warning: missing </ul> before </div>
mortaar_plot_qx_frame.html:58:1 (mortaar_plot_qx_frame.Rd:16): Warning: missing </ul> before </div>
mortaar_plot_rel_popx.html:54:1 (mortaar_plot_rel_popx.Rd:14): Warning: missing </ul> before </div>
mortaar_plot_rel_popx_frame.html:58:1 (mortaar_plot_rel_popx_frame.Rd:16): Warning: missing </ul> before </div>
Flavor: r-devel-linux-x86_64-debian-gcc