Last updated on 2025-10-21 09:48:38 CEST.
Flavor | Version | Tinstall | Tcheck | Ttotal | Status | Flags |
---|---|---|---|---|---|---|
r-devel-linux-x86_64-debian-clang | 0.1.3 | 447.22 | 267.04 | 714.26 | OK | |
r-devel-linux-x86_64-debian-gcc | 0.1.3 | 410.37 | 218.69 | 629.06 | NOTE | |
r-devel-linux-x86_64-fedora-clang | 0.1.3 | 1144.81 | OK | |||
r-devel-linux-x86_64-fedora-gcc | 0.1.3 | 1386.70 | OK | |||
r-devel-windows-x86_64 | 0.1.3 | 489.00 | 298.00 | 787.00 | OK | |
r-patched-linux-x86_64 | 0.1.3 | 531.72 | 297.19 | 828.91 | OK | |
r-release-linux-x86_64 | 0.1.3 | 499.93 | 301.22 | 801.15 | OK | |
r-release-macos-arm64 | 0.1.3 | 293.00 | OK | |||
r-release-macos-x86_64 | 0.1.3 | 274.00 | OK | |||
r-release-windows-x86_64 | 0.1.3 | 487.00 | 299.00 | 786.00 | OK | |
r-oldrel-macos-arm64 | 0.1.3 | 251.00 | NOTE | |||
r-oldrel-macos-x86_64 | 0.1.3 | 308.00 | NOTE | |||
r-oldrel-windows-x86_64 | 0.1.3 | 551.00 | 380.00 | 931.00 | NOTE |
Version: 0.1.3
Check: HTML version of manual
Result: NOTE
Found the following HTML validation problems:
build_dN.html:48:1 (build_dN.Rd:10): Warning: missing </ul> before </div>
build_dX.html:48:1 (build_dX.Rd:10): Warning: missing </ul> before </div>
group_array.html:47:1 (group_array.Rd:10): Warning: missing </ul> before </div>
Flavor: r-devel-linux-x86_64-debian-gcc
Version: 0.1.3
Check: installed package size
Result: NOTE
installed size is 86.8Mb
sub-directories of 1Mb or more:
doc 1.0Mb
libs 85.2Mb
Flavors: r-oldrel-macos-arm64, r-oldrel-macos-x86_64, r-oldrel-windows-x86_64
Version: 0.1.3
Check: for GNU extensions in Makefiles
Result: NOTE
GNU make is a SystemRequirements.
Flavors: r-oldrel-macos-arm64, r-oldrel-macos-x86_64, r-oldrel-windows-x86_64