CRAN Package Check Results for Package mlr3mbo

Last updated on 2025-10-21 09:48:38 CEST.

Flavor Version Tinstall Tcheck Ttotal Status Flags
r-devel-linux-x86_64-debian-clang 0.3.3 7.75 537.02 544.77 OK
r-devel-linux-x86_64-debian-gcc 0.3.3 6.14 370.55 376.69 NOTE
r-devel-linux-x86_64-fedora-clang 0.3.3 863.49 OK
r-devel-linux-x86_64-fedora-gcc 0.3.3 756.27 OK
r-devel-windows-x86_64 0.3.3 13.00 481.00 494.00 OK
r-patched-linux-x86_64 0.3.3 10.27 486.36 496.63 OK
r-release-linux-x86_64 0.3.3 6.59 485.87 492.46 OK
r-release-macos-arm64 0.3.3 223.00 OK
r-release-macos-x86_64 0.3.3 469.00 OK
r-release-windows-x86_64 0.3.3 13.00 462.00 475.00 OK
r-oldrel-macos-arm64 0.3.3 230.00 OK
r-oldrel-macos-x86_64 0.3.3 491.00 OK
r-oldrel-windows-x86_64 0.3.3 14.00 508.00 522.00 OK

Check Details

Version: 0.3.3
Check: HTML version of manual
Result: NOTE Found the following HTML validation problems: AcqFunction.html:190:1 (AcqFunction.Rd:148): Warning: <h5> anchor "Usage" already defined AcqFunction.html:208:1 (AcqFunction.Rd:160): Warning: <h5> anchor "Usage" already defined AcqFunction.html:224:1 (AcqFunction.Rd:170): Warning: <h5> anchor "Usage" already defined AcqFunction.html:230:1 (AcqFunction.Rd:174): Warning: <h5> anchor "Arguments" already defined AcqFunction.html:264:1 (AcqFunction.Rd:194): Warning: <h5> anchor "Usage" already defined AcqFunction.html:270:1 (AcqFunction.Rd:198): Warning: <h5> anchor "Arguments" already defined AcqFunction.html:284:1 (AcqFunction.Rd:206): Warning: <h5> anchor "Returns" already defined AcqFunction.html:303:1 (AcqFunction.Rd:217): Warning: <h5> anchor "Usage" already defined AcqFunction.html:309:1 (AcqFunction.Rd:221): Warning: <h5> anchor "Arguments" already defined AcqOptimizer.html:189:1 (AcqOptimizer.Rd:157): Warning: <h5> anchor "Usage" already defined AcqOptimizer.html:212:1 (AcqOptimizer.Rd:170): Warning: <h5> anchor "Usage" already defined AcqOptimizer.html:218:1 (AcqOptimizer.Rd:174): Warning: <h5> anchor "Returns" already defined AcqOptimizer.html:235:1 (AcqOptimizer.Rd:183): Warning: <h5> anchor "Usage" already defined AcqOptimizer.html:241:1 (AcqOptimizer.Rd:187): Warning: <h5> anchor "Returns" already defined AcqOptimizer.html:260:1 (AcqOptimizer.Rd:198): Warning: <h5> anchor "Usage" already defined AcqOptimizer.html:276:1 (AcqOptimizer.Rd:208): Warning: <h5> anchor "Usage" already defined AcqOptimizer.html:282:1 (AcqOptimizer.Rd:212): Warning: <h5> anchor "Arguments" already defined InputTrafo.html:131:1 (InputTrafo.Rd:79): Warning: <h5> anchor "Usage" already defined InputTrafo.html:137:1 (InputTrafo.Rd:83): Warning: <h5> anchor "Arguments" already defined InputTrafo.html:162:1 (InputTrafo.Rd:98): Warning: <h5> anchor "Usage" already defined InputTrafo.html:168:1 (InputTrafo.Rd:102): Warning: <h5> anchor "Arguments" already defined InputTrafo.html:199:1 (InputTrafo.Rd:119): Warning: <h5> anchor "Usage" already defined InputTrafo.html:205:1 (InputTrafo.Rd:123): Warning: <h5> anchor "Returns" already defined InputTrafo.html:222:1 (InputTrafo.Rd:132): Warning: <h5> anchor "Usage" already defined InputTrafo.html:228:1 (InputTrafo.Rd:136): Warning: <h5> anchor "Returns" already defined InputTrafo.html:245:1 (InputTrafo.Rd:145): Warning: <h5> anchor "Usage" already defined InputTrafo.html:251:1 (InputTrafo.Rd:149): Warning: <h5> anchor "Arguments" already defined InputTrafoUnitcube.html:106:1 (InputTrafoUnitcube.Rd:97): Warning: <h5> anchor "Usage" already defined InputTrafoUnitcube.html:136:1 (InputTrafoUnitcube.Rd:115): Warning: <h5> anchor "Usage" already defined InputTrafoUnitcube.html:142:1 (InputTrafoUnitcube.Rd:119): Warning: <h5> anchor "Arguments" already defined InputTrafoUnitcube.html:173:1 (InputTrafoUnitcube.Rd:136): Warning: <h5> anchor "Usage" already defined InputTrafoUnitcube.html:179:1 (InputTrafoUnitcube.Rd:140): Warning: <h5> anchor "Arguments" already defined OutputTrafo.html:143:1 (OutputTrafo.Rd:88): Warning: <h5> anchor "Usage" already defined OutputTrafo.html:149:1 (OutputTrafo.Rd:92): Warning: <h5> anchor "Arguments" already defined OutputTrafo.html:174:1 (OutputTrafo.Rd:107): Warning: <h5> anchor "Usage" already defined OutputTrafo.html:180:1 (OutputTrafo.Rd:111): Warning: <h5> anchor "Arguments" already defined OutputTrafo.html:212:1 (OutputTrafo.Rd:129): Warning: <h5> anchor "Usage" already defined OutputTrafo.html:218:1 (OutputTrafo.Rd:133): Warning: <h5> anchor "Arguments" already defined OutputTrafo.html:232:1 (OutputTrafo.Rd:141): Warning: <h5> anchor "Returns" already defined OutputTrafo.html:250:1 (OutputTrafo.Rd:151): Warning: <h5> anchor "Usage" already defined OutputTrafo.html:256:1 (OutputTrafo.Rd:155): Warning: <h5> anchor "Arguments" already defined OutputTrafo.html:270:1 (OutputTrafo.Rd:163): Warning: <h5> anchor "Returns" already defined OutputTrafo.html:287:1 (OutputTrafo.Rd:172): Warning: <h5> anchor "Usage" already defined OutputTrafo.html:293:1 (OutputTrafo.Rd:176): Warning: <h5> anchor "Returns" already defined OutputTrafo.html:310:1 (OutputTrafo.Rd:185): Warning: <h5> anchor "Usage" already defined OutputTrafo.html:316:1 (OutputTrafo.Rd:189): Warning: <h5> anchor "Returns" already defined OutputTrafo.html:333:1 (OutputTrafo.Rd:198): Warning: <h5> anchor "Usage" already defined OutputTrafo.html:339:1 (OutputTrafo.Rd:202): Warning: <h5> anchor "Arguments" already defined OutputTrafoLog.html:125:1 (OutputTrafoLog.Rd:111): Warning: <h5> anchor "Usage" already defined OutputTrafoLog.html:131:1 (OutputTrafoLog.Rd:115): Warning: <h5> anchor "Arguments" already defined OutputTrafoLog.html:155:1 (OutputTrafoLog.Rd:129): Warning: <h5> anchor "Usage" already defined OutputTrafoLog.html:161:1 (OutputTrafoLog.Rd:133): Warning: <h5> anchor "Arguments" already defined OutputTrafoLog.html:192:1 (OutputTrafoLog.Rd:150): Warning: <h5> anchor "Usage" already defined OutputTrafoLog.html:198:1 (OutputTrafoLog.Rd:154): Warning: <h5> anchor "Arguments" already defined OutputTrafoLog.html:213:1 (OutputTrafoLog.Rd:163): Warning: <h5> anchor "Returns" already defined OutputTrafoLog.html:231:1 (OutputTrafoLog.Rd:173): Warning: <h5> anchor "Usage" already defined OutputTrafoLog.html:237:1 (OutputTrafoLog.Rd:177): Warning: <h5> anchor "Arguments" already defined OutputTrafoLog.html:251:1 (OutputTrafoLog.Rd:185): Warning: <h5> anchor "Returns" already defined OutputTrafoLog.html:268:1 (OutputTrafoLog.Rd:194): Warning: <h5> anchor "Usage" already defined OutputTrafoLog.html:274:1 (OutputTrafoLog.Rd:198): Warning: <h5> anchor "Arguments" already defined OutputTrafoStandardize.html:125:1 (OutputTrafoStandardize.Rd:111): Warning: <h5> anchor "Usage" already defined OutputTrafoStandardize.html:131:1 (OutputTrafoStandardize.Rd:115): Warning: <h5> anchor "Arguments" already defined OutputTrafoStandardize.html:155:1 (OutputTrafoStandardize.Rd:129): Warning: <h5> anchor "Usage" already defined OutputTrafoStandardize.html:161:1 (OutputTrafoStandardize.Rd:133): Warning: <h5> anchor "Arguments" already defined OutputTrafoStandardize.html:192:1 (OutputTrafoStandardize.Rd:150): Warning: <h5> anchor "Usage" already defined OutputTrafoStandardize.html:198:1 (OutputTrafoStandardize.Rd:154): Warning: <h5> anchor "Arguments" already defined OutputTrafoStandardize.html:213:1 (OutputTrafoStandardize.Rd:163): Warning: <h5> anchor "Returns" already defined OutputTrafoStandardize.html:231:1 (OutputTrafoStandardize.Rd:173): Warning: <h5> anchor "Usage" already defined OutputTrafoStandardize.html:237:1 (OutputTrafoStandardize.Rd:177): Warning: <h5> anchor "Arguments" already defined OutputTrafoStandardize.html:251:1 (OutputTrafoStandardize.Rd:185): Warning: <h5> anchor "Returns" already defined OutputTrafoStandardize.html:268:1 (OutputTrafoStandardize.Rd:194): Warning: <h5> anchor "Usage" already defined OutputTrafoStandardize.html:274:1 (OutputTrafoStandardize.Rd:198): Warning: <h5> anchor "Arguments" already defined ResultAssigner.html:119:1 (ResultAssigner.Rd:70): Warning: <h5> anchor "Usage" already defined ResultAssigner.html:125:1 (ResultAssigner.Rd:74): Warning: <h5> anchor "Arguments" already defined ResultAssigner.html:149:1 (ResultAssigner.Rd:88): Warning: <h5> anchor "Usage" already defined ResultAssigner.html:172:1 (ResultAssigner.Rd:101): Warning: <h5> anchor "Usage" already defined ResultAssigner.html:178:1 (ResultAssigner.Rd:105): Warning: <h5> anchor "Returns" already defined ResultAssigner.html:195:1 (ResultAssigner.Rd:114): Warning: <h5> anchor "Usage" already defined ResultAssigner.html:201:1 (ResultAssigner.Rd:118): Warning: <h5> anchor "Arguments" already defined Surrogate.html:331:1 (Surrogate.Rd:198): Warning: missing </ul> before </div> Surrogate.html:177:1 (Surrogate.Rd:112): Warning: <h5> anchor "Usage" already defined Surrogate.html:201:1 (Surrogate.Rd:126): Warning: <h5> anchor "Usage" already defined Surrogate.html:207:1 (Surrogate.Rd:130): Warning: <h5> anchor "Returns" already defined Surrogate.html:225:1 (Surrogate.Rd:140): Warning: <h5> anchor "Usage" already defined Surrogate.html:231:1 (Surrogate.Rd:144): Warning: <h5> anchor "Arguments" already defined Surrogate.html:245:1 (Surrogate.Rd:152): Warning: <h5> anchor "Returns" already defined Surrogate.html:262:1 (Surrogate.Rd:161): Warning: <h5> anchor "Usage" already defined Surrogate.html:268:1 (Surrogate.Rd:165): Warning: <h5> anchor "Returns" already defined Surrogate.html:285:1 (Surrogate.Rd:174): Warning: <h5> anchor "Usage" already defined Surrogate.html:291:1 (Surrogate.Rd:178): Warning: <h5> anchor "Returns" already defined Surrogate.html:308:1 (Surrogate.Rd:187): Warning: <h5> anchor "Usage" already defined Surrogate.html:314:1 (Surrogate.Rd:191): Warning: <h5> anchor "Arguments" already defined SurrogateLearner.html:199:1 (SurrogateLearner.Rd:167): Warning: <h5> anchor "Usage" already defined SurrogateLearner.html:205:1 (SurrogateLearner.Rd:171): Warning: <h5> anchor "Arguments" already defined SurrogateLearner.html:236:1 (SurrogateLearner.Rd:188): Warning: <h5> anchor "Usage" already defined SurrogateLearner.html:242:1 (SurrogateLearner.Rd:192): Warning: <h5> anchor "Arguments" already defined SurrogateLearnerCollection.html:203:1 (SurrogateLearnerCollection.Rd:178): Warning: <h5> anchor "Usage" already defined SurrogateLearnerCollection.html:209:1 (SurrogateLearnerCollection.Rd:182): Warning: <h5> anchor "Arguments" already defined SurrogateLearnerCollection.html:240:1 (SurrogateLearnerCollection.Rd:199): Warning: <h5> anchor "Usage" already defined SurrogateLearnerCollection.html:246:1 (SurrogateLearnerCollection.Rd:203): Warning: <h5> anchor "Arguments" already defined mlr_acqfunctions_aei.html:148:1 (mlr_acqfunctions_aei.Rd:159): Warning: <h5> anchor "Usage" already defined mlr_acqfunctions_aei.html:164:1 (mlr_acqfunctions_aei.Rd:169): Warning: <h5> anchor "Usage" already defined mlr_acqfunctions_aei.html:170:1 (mlr_acqfunctions_aei.Rd:173): Warning: <h5> anchor "Arguments" already defined mlr_acqfunctions_cb.html:127:1 (mlr_acqfunctions_cb.Rd:135): Warning: <h5> anchor "Usage" already defined mlr_acqfunctions_cb.html:133:1 (mlr_acqfunctions_cb.Rd:139): Warning: <h5> anchor "Arguments" already defined mlr_acqfunctions_ehvi.html:130:1 (mlr_acqfunctions_ehvi.Rd:136): Warning: <h5> anchor "Usage" already defined mlr_acqfunctions_ehvi.html:146:1 (mlr_acqfunctions_ehvi.Rd:146): Warning: <h5> anchor "Usage" already defined mlr_acqfunctions_ehvi.html:152:1 (mlr_acqfunctions_ehvi.Rd:150): Warning: <h5> anchor "Arguments" already defined mlr_acqfunctions_ehvigh.html:159:1 (mlr_acqfunctions_ehvigh.Rd:159): Warning: <h5> anchor "Usage" already defined mlr_acqfunctions_ehvigh.html:175:1 (mlr_acqfunctions_ehvigh.Rd:169): Warning: <h5> anchor "Usage" already defined mlr_acqfunctions_ehvigh.html:181:1 (mlr_acqfunctions_ehvigh.Rd:173): Warning: <h5> anchor "Arguments" already defined mlr_acqfunctions_ei.html:145:1 (mlr_acqfunctions_ei.Rd:147): Warning: <h5> anchor "Usage" already defined mlr_acqfunctions_ei.html:161:1 (mlr_acqfunctions_ei.Rd:157): Warning: <h5> anchor "Usage" already defined mlr_acqfunctions_ei.html:167:1 (mlr_acqfunctions_ei.Rd:161): Warning: <h5> anchor "Arguments" already defined mlr_acqfunctions_ei_log.html:147:1 (mlr_acqfunctions_ei_log.Rd:144): Warning: <h5> anchor "Usage" already defined mlr_acqfunctions_ei_log.html:163:1 (mlr_acqfunctions_ei_log.Rd:154): Warning: <h5> anchor "Usage" already defined mlr_acqfunctions_ei_log.html:169:1 (mlr_acqfunctions_ei_log.Rd:158): Warning: <h5> anchor "Arguments" already defined mlr_acqfunctions_eips.html:150:1 (mlr_acqfunctions_eips.Rd:151): Warning: <h5> anchor "Usage" already defined mlr_acqfunctions_eips.html:166:1 (mlr_acqfunctions_eips.Rd:161): Warning: <h5> anchor "Usage" already defined mlr_acqfunctions_eips.html:172:1 (mlr_acqfunctions_eips.Rd:165): Warning: <h5> anchor "Arguments" already defined mlr_acqfunctions_mean.html:113:1 (mlr_acqfunctions_mean.Rd:118): Warning: <h5> anchor "Usage" already defined mlr_acqfunctions_mean.html:119:1 (mlr_acqfunctions_mean.Rd:122): Warning: <h5> anchor "Arguments" already defined mlr_acqfunctions_multi.html:146:1 (mlr_acqfunctions_multi.Rd:147): Warning: <h5> anchor "Usage" already defined mlr_acqfunctions_multi.html:162:1 (mlr_acqfunctions_multi.Rd:157): Warning: <h5> anchor "Usage" already defined mlr_acqfunctions_multi.html:168:1 (mlr_acqfunctions_multi.Rd:161): Warning: <h5> anchor "Arguments" already defined mlr_acqfunctions_pi.html:129:1 (mlr_acqfunctions_pi.Rd:134): Warning: <h5> anchor "Usage" already defined mlr_acqfunctions_pi.html:145:1 (mlr_acqfunctions_pi.Rd:144): Warning: <h5> anchor "Usage" already defined mlr_acqfunctions_pi.html:151:1 (mlr_acqfunctions_pi.Rd:148): Warning: <h5> anchor "Arguments" already defined mlr_acqfunctions_sd.html:113:1 (mlr_acqfunctions_sd.Rd:118): Warning: <h5> anchor "Usage" already defined mlr_acqfunctions_sd.html:119:1 (mlr_acqfunctions_sd.Rd:122): Warning: <h5> anchor "Arguments" already defined mlr_acqfunctions_smsego.html:169:1 (mlr_acqfunctions_smsego.Rd:168): Warning: <h5> anchor "Usage" already defined mlr_acqfunctions_smsego.html:186:1 (mlr_acqfunctions_smsego.Rd:179): Warning: <h5> anchor "Usage" already defined mlr_acqfunctions_smsego.html:202:1 (mlr_acqfunctions_smsego.Rd:189): Warning: <h5> anchor "Usage" already defined mlr_acqfunctions_smsego.html:208:1 (mlr_acqfunctions_smsego.Rd:193): Warning: <h5> anchor "Arguments" already defined mlr_acqfunctions_stochastic_cb.html:193:1 (mlr_acqfunctions_stochastic_cb.Rd:188): Warning: <h5> anchor "Usage" already defined mlr_acqfunctions_stochastic_cb.html:210:1 (mlr_acqfunctions_stochastic_cb.Rd:199): Warning: <h5> anchor "Usage" already defined mlr_acqfunctions_stochastic_cb.html:226:1 (mlr_acqfunctions_stochastic_cb.Rd:209): Warning: <h5> anchor "Usage" already defined mlr_acqfunctions_stochastic_cb.html:232:1 (mlr_acqfunctions_stochastic_cb.Rd:213): Warning: <h5> anchor "Arguments" already defined mlr_acqfunctions_stochastic_ei.html:183:1 (mlr_acqfunctions_stochastic_ei.Rd:176): Warning: <h5> anchor "Usage" already defined mlr_acqfunctions_stochastic_ei.html:200:1 (mlr_acqfunctions_stochastic_ei.Rd:187): Warning: <h5> anchor "Usage" already defined mlr_acqfunctions_stochastic_ei.html:216:1 (mlr_acqfunctions_stochastic_ei.Rd:197): Warning: <h5> anchor "Usage" already defined mlr_acqfunctions_stochastic_ei.html:222:1 (mlr_acqfunctions_stochastic_ei.Rd:201): Warning: <h5> anchor "Arguments" already defined mlr_optimizers_adbo.html:130:1 (mlr_optimizers_adbo.Rd:129): Warning: <h5> anchor "Usage" already defined mlr_optimizers_adbo.html:166:1 (mlr_optimizers_adbo.Rd:149): Warning: <h5> anchor "Usage" already defined mlr_optimizers_adbo.html:172:1 (mlr_optimizers_adbo.Rd:153): Warning: <h5> anchor "Arguments" already defined mlr_optimizers_async_mbo.html:258:1 (mlr_optimizers_async_mbo.Rd:225): Warning: <h5> anchor "Usage" already defined mlr_optimizers_async_mbo.html:284:1 (mlr_optimizers_async_mbo.Rd:241): Warning: <h5> anchor "Usage" already defined mlr_optimizers_async_mbo.html:302:1 (mlr_optimizers_async_mbo.Rd:253): Warning: <h5> anchor "Usage" already defined mlr_optimizers_async_mbo.html:308:1 (mlr_optimizers_async_mbo.Rd:257): Warning: <h5> anchor "Arguments" already defined mlr_optimizers_async_mbo.html:321:1 (mlr_optimizers_async_mbo.Rd:264): Warning: <h5> anchor "Returns" already defined mlr_optimizers_async_mbo.html:338:1 (mlr_optimizers_async_mbo.Rd:273): Warning: <h5> anchor "Usage" already defined mlr_optimizers_async_mbo.html:344:1 (mlr_optimizers_async_mbo.Rd:277): Warning: <h5> anchor "Arguments" already defined mlr_optimizers_mbo.html:223:1 (mlr_optimizers_mbo.Rd:219): Warning: <h5> anchor "Usage" already defined mlr_optimizers_mbo.html:248:1 (mlr_optimizers_mbo.Rd:234): Warning: <h5> anchor "Usage" already defined mlr_optimizers_mbo.html:265:1 (mlr_optimizers_mbo.Rd:245): Warning: <h5> anchor "Usage" already defined mlr_optimizers_mbo.html:271:1 (mlr_optimizers_mbo.Rd:249): Warning: <h5> anchor "Arguments" already defined mlr_optimizers_mbo.html:284:1 (mlr_optimizers_mbo.Rd:256): Warning: <h5> anchor "Returns" already defined mlr_optimizers_mbo.html:301:1 (mlr_optimizers_mbo.Rd:265): Warning: <h5> anchor "Usage" already defined mlr_optimizers_mbo.html:307:1 (mlr_optimizers_mbo.Rd:269): Warning: <h5> anchor "Arguments" already defined mlr_result_assigners_archive.html:102:1 (mlr_result_assigners_archive.Rd:64): Warning: <h5> anchor "Usage" already defined mlr_result_assigners_archive.html:132:1 (mlr_result_assigners_archive.Rd:82): Warning: <h5> anchor "Usage" already defined mlr_result_assigners_archive.html:138:1 (mlr_result_assigners_archive.Rd:86): Warning: <h5> anchor "Arguments" already defined mlr_result_assigners_surrogate.html:122:1 (mlr_result_assigners_surrogate.Rd:78): Warning: <h5> anchor "Usage" already defined mlr_result_assigners_surrogate.html:128:1 (mlr_result_assigners_surrogate.Rd:82): Warning: <h5> anchor "Arguments" already defined mlr_result_assigners_surrogate.html:152:1 (mlr_result_assigners_surrogate.Rd:96): Warning: <h5> anchor "Usage" already defined mlr_result_assigners_surrogate.html:158:1 (mlr_result_assigners_surrogate.Rd:100): Warning: <h5> anchor "Arguments" already defined mlr_tuners_adbo.html:162:1 (mlr_tuners_adbo.Rd:148): Warning: <h5> anchor "Usage" already defined mlr_tuners_adbo.html:188:1 (mlr_tuners_adbo.Rd:164): Warning: <h5> anchor "Usage" already defined mlr_tuners_adbo.html:204:1 (mlr_tuners_adbo.Rd:174): Warning: <h5> anchor "Usage" already defined mlr_tuners_async_mbo.html:193:1 (mlr_tuners_async_mbo.Rd:167): Warning: <h5> anchor "Usage" already defined mlr_tuners_async_mbo.html:219:1 (mlr_tuners_async_mbo.Rd:183): Warning: <h5> anchor "Usage" already defined mlr_tuners_async_mbo.html:235:1 (mlr_tuners_async_mbo.Rd:193): Warning: <h5> anchor "Usage" already defined mlr_tuners_async_mbo.html:241:1 (mlr_tuners_async_mbo.Rd:197): Warning: <h5> anchor "Arguments" already defined mlr_tuners_mbo.html:180:1 (mlr_tuners_mbo.Rd:166): Warning: <h5> anchor "Usage" already defined mlr_tuners_mbo.html:205:1 (mlr_tuners_mbo.Rd:181): Warning: <h5> anchor "Usage" already defined mlr_tuners_mbo.html:221:1 (mlr_tuners_mbo.Rd:191): Warning: <h5> anchor "Usage" already defined mlr_tuners_mbo.html:227:1 (mlr_tuners_mbo.Rd:195): Warning: <h5> anchor "Arguments" already defined Flavor: r-devel-linux-x86_64-debian-gcc