Last updated on 2025-10-21 09:48:38 CEST.
Flavor | Version | Tinstall | Tcheck | Ttotal | Status | Flags |
---|---|---|---|---|---|---|
r-devel-linux-x86_64-debian-clang | 0.3.0 | 19.68 | 195.06 | 214.74 | OK | |
r-devel-linux-x86_64-debian-gcc | 0.3.0 | 13.08 | 131.46 | 144.54 | NOTE | |
r-devel-linux-x86_64-fedora-clang | 0.3.0 | 338.87 | OK | |||
r-devel-linux-x86_64-fedora-gcc | 0.3.0 | 312.41 | OK | |||
r-devel-windows-x86_64 | 0.3.0 | 19.00 | 183.00 | 202.00 | OK | |
r-patched-linux-x86_64 | 0.2.0 | 16.12 | 115.37 | 131.49 | OK | |
r-release-linux-x86_64 | 0.3.0 | 18.42 | 182.57 | 200.99 | OK | |
r-release-macos-arm64 | 0.3.0 | 84.00 | OK | |||
r-release-macos-x86_64 | 0.3.0 | 199.00 | OK | |||
r-release-windows-x86_64 | 0.3.0 | 22.00 | 180.00 | 202.00 | OK | |
r-oldrel-macos-arm64 | 0.3.0 | 101.00 | OK | |||
r-oldrel-macos-x86_64 | 0.3.0 | 191.00 | OK | |||
r-oldrel-windows-x86_64 | 0.3.0 | 26.00 | 236.00 | 262.00 | OK |
Version: 0.3.0
Check: HTML version of manual
Result: NOTE
Found the following HTML validation problems:
mlr_pipeops_fda.bsignal.html:165:1 (mlr_pipeops_fda.bsignal.Rd:98): Warning: <h5> anchor "Usage" already defined
mlr_pipeops_fda.bsignal.html:171:1 (mlr_pipeops_fda.bsignal.Rd:102): Warning: <h5> anchor "Arguments" already defined
mlr_pipeops_fda.cor.html:123:1 (mlr_pipeops_fda.cor.Rd:80): Warning: <h5> anchor "Usage" already defined
mlr_pipeops_fda.cor.html:129:1 (mlr_pipeops_fda.cor.Rd:84): Warning: <h5> anchor "Arguments" already defined
mlr_pipeops_fda.extract.html:149:1 (mlr_pipeops_fda.extract.Rd:107): Warning: <h5> anchor "Usage" already defined
mlr_pipeops_fda.extract.html:155:1 (mlr_pipeops_fda.extract.Rd:111): Warning: <h5> anchor "Arguments" already defined
mlr_pipeops_fda.flatten.html:122:1 (mlr_pipeops_fda.flatten.Rd:78): Warning: <h5> anchor "Usage" already defined
mlr_pipeops_fda.flatten.html:128:1 (mlr_pipeops_fda.flatten.Rd:82): Warning: <h5> anchor "Arguments" already defined
mlr_pipeops_fda.fpca.html:135:1 (mlr_pipeops_fda.fpca.Rd:87): Warning: <h5> anchor "Usage" already defined
mlr_pipeops_fda.fpca.html:141:1 (mlr_pipeops_fda.fpca.Rd:91): Warning: <h5> anchor "Arguments" already defined
mlr_pipeops_fda.interpol.html:175:1 (mlr_pipeops_fda.interpol.Rd:106): Warning: <h5> anchor "Usage" already defined
mlr_pipeops_fda.interpol.html:181:1 (mlr_pipeops_fda.interpol.Rd:110): Warning: <h5> anchor "Arguments" already defined
mlr_pipeops_fda.random_effect.html:120:1 (mlr_pipeops_fda.random_effect.Rd:76): Warning: <h5> anchor "Usage" already defined
mlr_pipeops_fda.random_effect.html:126:1 (mlr_pipeops_fda.random_effect.Rd:80): Warning: <h5> anchor "Arguments" already defined
mlr_pipeops_fda.scalerange.html:125:1 (mlr_pipeops_fda.scalerange.Rd:78): Warning: <h5> anchor "Usage" already defined
mlr_pipeops_fda.scalerange.html:131:1 (mlr_pipeops_fda.scalerange.Rd:82): Warning: <h5> anchor "Arguments" already defined
mlr_pipeops_fda.smooth.html:147:1 (mlr_pipeops_fda.smooth.Rd:90): Warning: <h5> anchor "Usage" already defined
mlr_pipeops_fda.smooth.html:153:1 (mlr_pipeops_fda.smooth.Rd:94): Warning: <h5> anchor "Arguments" already defined
mlr_pipeops_fda.tsfeats.html:155:1 (mlr_pipeops_fda.tsfeats.Rd:97): Warning: <h5> anchor "Usage" already defined
mlr_pipeops_fda.tsfeats.html:161:1 (mlr_pipeops_fda.tsfeats.Rd:101): Warning: <h5> anchor "Arguments" already defined
mlr_pipeops_fda.wavelets.html:135:1 (mlr_pipeops_fda.wavelets.Rd:84): Warning: <h5> anchor "Usage" already defined
mlr_pipeops_fda.wavelets.html:141:1 (mlr_pipeops_fda.wavelets.Rd:88): Warning: <h5> anchor "Arguments" already defined
mlr_pipeops_fda.zoom.html:128:1 (mlr_pipeops_fda.zoom.Rd:81): Warning: <h5> anchor "Usage" already defined
mlr_pipeops_fda.zoom.html:134:1 (mlr_pipeops_fda.zoom.Rd:85): Warning: <h5> anchor "Arguments" already defined
Flavor: r-devel-linux-x86_64-debian-gcc