Last updated on 2025-10-21 09:48:38 CEST.
Flavor | Version | Tinstall | Tcheck | Ttotal | Status | Flags |
---|---|---|---|---|---|---|
r-devel-linux-x86_64-debian-clang | 0.7.0 | 5.79 | 135.36 | 141.15 | OK | |
r-devel-linux-x86_64-debian-gcc | 0.7.0 | 4.18 | 93.36 | 97.54 | NOTE | |
r-devel-linux-x86_64-fedora-clang | 0.7.0 | 213.55 | OK | |||
r-devel-linux-x86_64-fedora-gcc | 0.7.0 | 198.50 | OK | |||
r-devel-windows-x86_64 | 0.7.0 | 7.00 | 134.00 | 141.00 | OK | |
r-patched-linux-x86_64 | 0.7.0 | 6.26 | 124.47 | 130.73 | OK | |
r-release-linux-x86_64 | 0.7.0 | 4.74 | 126.06 | 130.80 | OK | |
r-release-macos-arm64 | 0.7.0 | 64.00 | OK | |||
r-release-macos-x86_64 | 0.7.0 | 139.00 | OK | |||
r-release-windows-x86_64 | 0.7.0 | 7.00 | 139.00 | 146.00 | OK | |
r-oldrel-macos-arm64 | 0.7.0 | 71.00 | NOTE | |||
r-oldrel-macos-x86_64 | 0.7.0 | 136.00 | NOTE | |||
r-oldrel-windows-x86_64 | 0.7.0 | 9.00 | 182.00 | 191.00 | NOTE |
Version: 0.7.0
Check: HTML version of manual
Result: NOTE
Found the following HTML validation problems:
DataBackendDplyr.html:191:1 (DataBackendDplyr.Rd:173): Warning: <h5> anchor "Usage" already defined
DataBackendDplyr.html:197:1 (DataBackendDplyr.Rd:177): Warning: <h5> anchor "Arguments" already defined
DataBackendDplyr.html:224:1 (DataBackendDplyr.Rd:194): Warning: <h5> anchor "Usage" already defined
DataBackendDplyr.html:230:1 (DataBackendDplyr.Rd:198): Warning: <h5> anchor "Arguments" already defined
DataBackendDplyr.html:264:1 (DataBackendDplyr.Rd:218): Warning: <h5> anchor "Usage" already defined
DataBackendDplyr.html:270:1 (DataBackendDplyr.Rd:222): Warning: <h5> anchor "Arguments" already defined
DataBackendDplyr.html:290:1 (DataBackendDplyr.Rd:236): Warning: <h5> anchor "Returns" already defined
DataBackendDplyr.html:308:1 (DataBackendDplyr.Rd:246): Warning: <h5> anchor "Usage" already defined
DataBackendDplyr.html:314:1 (DataBackendDplyr.Rd:250): Warning: <h5> anchor "Arguments" already defined
DataBackendDplyr.html:331:1 (DataBackendDplyr.Rd:261): Warning: <h5> anchor "Returns" already defined
DataBackendDuckDB.html:194:1 (DataBackendDuckDB.Rd:133): Warning: <h5> anchor "Usage" already defined
DataBackendDuckDB.html:200:1 (DataBackendDuckDB.Rd:137): Warning: <h5> anchor "Arguments" already defined
DataBackendDuckDB.html:227:1 (DataBackendDuckDB.Rd:154): Warning: <h5> anchor "Usage" already defined
DataBackendDuckDB.html:233:1 (DataBackendDuckDB.Rd:158): Warning: <h5> anchor "Arguments" already defined
DataBackendDuckDB.html:267:1 (DataBackendDuckDB.Rd:178): Warning: <h5> anchor "Usage" already defined
DataBackendDuckDB.html:273:1 (DataBackendDuckDB.Rd:182): Warning: <h5> anchor "Arguments" already defined
DataBackendDuckDB.html:293:1 (DataBackendDuckDB.Rd:196): Warning: <h5> anchor "Returns" already defined
DataBackendDuckDB.html:311:1 (DataBackendDuckDB.Rd:206): Warning: <h5> anchor "Usage" already defined
DataBackendDuckDB.html:317:1 (DataBackendDuckDB.Rd:210): Warning: <h5> anchor "Arguments" already defined
DataBackendDuckDB.html:334:1 (DataBackendDuckDB.Rd:221): Warning: <h5> anchor "Returns" already defined
DataBackendPolars.html:178:1 (DataBackendPolars.Rd:169): Warning: <h5> anchor "Usage" already defined
DataBackendPolars.html:184:1 (DataBackendPolars.Rd:173): Warning: <h5> anchor "Arguments" already defined
DataBackendPolars.html:211:1 (DataBackendPolars.Rd:190): Warning: <h5> anchor "Usage" already defined
DataBackendPolars.html:217:1 (DataBackendPolars.Rd:194): Warning: <h5> anchor "Arguments" already defined
DataBackendPolars.html:251:1 (DataBackendPolars.Rd:214): Warning: <h5> anchor "Usage" already defined
DataBackendPolars.html:257:1 (DataBackendPolars.Rd:218): Warning: <h5> anchor "Arguments" already defined
DataBackendPolars.html:277:1 (DataBackendPolars.Rd:232): Warning: <h5> anchor "Returns" already defined
DataBackendPolars.html:295:1 (DataBackendPolars.Rd:242): Warning: <h5> anchor "Usage" already defined
DataBackendPolars.html:301:1 (DataBackendPolars.Rd:246): Warning: <h5> anchor "Arguments" already defined
DataBackendPolars.html:318:1 (DataBackendPolars.Rd:257): Warning: <h5> anchor "Returns" already defined
Flavor: r-devel-linux-x86_64-debian-gcc
Version: 0.7.0
Check: package dependencies
Result: NOTE
Package suggested but not available for checking: ‘polars’
Flavors: r-oldrel-macos-arm64, r-oldrel-macos-x86_64, r-oldrel-windows-x86_64
Version: 0.7.0
Check: Rd cross-references
Result: NOTE
Package unavailable to check Rd xrefs: ‘polars’
Flavors: r-oldrel-macos-arm64, r-oldrel-macos-x86_64, r-oldrel-windows-x86_64