CRAN Package Check Results for Package mlr3

Last updated on 2025-10-21 09:48:38 CEST.

Flavor Version Tinstall Tcheck Ttotal Status Flags
r-devel-linux-x86_64-debian-clang 1.2.0 32.00 625.14 657.14 OK
r-devel-linux-x86_64-debian-gcc 1.2.0 20.45 381.89 402.34 NOTE
r-devel-linux-x86_64-fedora-clang 1.2.0 1039.25 OK
r-devel-linux-x86_64-fedora-gcc 1.2.0 855.33 OK
r-devel-windows-x86_64 1.2.0 33.00 612.00 645.00 OK
r-patched-linux-x86_64 1.2.0 41.18 527.59 568.77 OK
r-release-linux-x86_64 1.2.0 31.74 518.86 550.60 OK
r-release-macos-arm64 1.2.0 279.00 OK
r-release-macos-x86_64 1.2.0 595.00 OK
r-release-windows-x86_64 1.2.0 34.00 615.00 649.00 OK
r-oldrel-macos-arm64 1.2.0 272.00 OK
r-oldrel-macos-x86_64 1.2.0 591.00 OK
r-oldrel-windows-x86_64 1.2.0 46.00 818.00 864.00 OK

Check Details

Version: 1.2.0
Check: HTML version of manual
Result: NOTE Found the following HTML validation problems: BenchmarkResult.html:234:1 (BenchmarkResult.Rd:263): Warning: <h5> anchor "Usage" already defined BenchmarkResult.html:250:1 (BenchmarkResult.Rd:273): Warning: <h5> anchor "Usage" already defined BenchmarkResult.html:256:1 (BenchmarkResult.Rd:277): Warning: <h5> anchor "Arguments" already defined BenchmarkResult.html:279:1 (BenchmarkResult.Rd:290): Warning: <h5> anchor "Usage" already defined BenchmarkResult.html:297:1 (BenchmarkResult.Rd:302): Warning: <h5> anchor "Usage" already defined BenchmarkResult.html:303:1 (BenchmarkResult.Rd:306): Warning: <h5> anchor "Arguments" already defined BenchmarkResult.html:336:1 (BenchmarkResult.Rd:325): Warning: <h5> anchor "Usage" already defined BenchmarkResult.html:342:1 (BenchmarkResult.Rd:329): Warning: <h5> anchor "Arguments" already defined BenchmarkResult.html:375:1 (BenchmarkResult.Rd:351): Warning: <h5> anchor "Usage" already defined BenchmarkResult.html:381:1 (BenchmarkResult.Rd:355): Warning: <h5> anchor "Arguments" already defined BenchmarkResult.html:395:1 (BenchmarkResult.Rd:363): Warning: <h5> anchor "Examples" already defined BenchmarkResult.html:422:1 (BenchmarkResult.Rd:385): Warning: <h5> anchor "Usage" already defined BenchmarkResult.html:433:1 (BenchmarkResult.Rd:394): Warning: <h5> anchor "Arguments" already defined BenchmarkResult.html:460:1 (BenchmarkResult.Rd:415): Warning: <h5> anchor "Returns" already defined BenchmarkResult.html:467:1 (BenchmarkResult.Rd:418): Warning: <h5> anchor "Examples" already defined BenchmarkResult.html:493:1 (BenchmarkResult.Rd:439): Warning: <h5> anchor "Usage" already defined BenchmarkResult.html:499:1 (BenchmarkResult.Rd:443): Warning: <h5> anchor "Arguments" already defined BenchmarkResult.html:516:1 (BenchmarkResult.Rd:454): Warning: <h5> anchor "Examples" already defined BenchmarkResult.html:552:1 (BenchmarkResult.Rd:485): Warning: <h5> anchor "Usage" already defined BenchmarkResult.html:564:1 (BenchmarkResult.Rd:495): Warning: <h5> anchor "Arguments" already defined BenchmarkResult.html:595:1 (BenchmarkResult.Rd:520): Warning: <h5> anchor "Returns" already defined BenchmarkResult.html:602:1 (BenchmarkResult.Rd:523): Warning: <h5> anchor "Examples" already defined BenchmarkResult.html:624:1 (BenchmarkResult.Rd:540): Warning: <h5> anchor "Usage" already defined BenchmarkResult.html:636:1 (BenchmarkResult.Rd:550): Warning: <h5> anchor "Arguments" already defined BenchmarkResult.html:662:1 (BenchmarkResult.Rd:570): Warning: <h5> anchor "Returns" already defined BenchmarkResult.html:671:1 (BenchmarkResult.Rd:575): Warning: <h5> anchor "Examples" already defined BenchmarkResult.html:701:1 (BenchmarkResult.Rd:600): Warning: <h5> anchor "Usage" already defined BenchmarkResult.html:713:1 (BenchmarkResult.Rd:610): Warning: <h5> anchor "Arguments" already defined BenchmarkResult.html:739:1 (BenchmarkResult.Rd:630): Warning: <h5> anchor "Returns" already defined BenchmarkResult.html:746:1 (BenchmarkResult.Rd:633): Warning: <h5> anchor "Examples" already defined BenchmarkResult.html:775:1 (BenchmarkResult.Rd:657): Warning: <h5> anchor "Usage" already defined BenchmarkResult.html:781:1 (BenchmarkResult.Rd:661): Warning: <h5> anchor "Arguments" already defined BenchmarkResult.html:798:1 (BenchmarkResult.Rd:672): Warning: <h5> anchor "Returns" already defined BenchmarkResult.html:807:1 (BenchmarkResult.Rd:677): Warning: <h5> anchor "Examples" already defined BenchmarkResult.html:833:1 (BenchmarkResult.Rd:698): Warning: <h5> anchor "Usage" already defined BenchmarkResult.html:847:1 (BenchmarkResult.Rd:710): Warning: <h5> anchor "Arguments" already defined BenchmarkResult.html:892:1 (BenchmarkResult.Rd:742): Warning: <h5> anchor "Examples" already defined BenchmarkResult.html:919:1 (BenchmarkResult.Rd:764): Warning: <h5> anchor "Usage" already defined BenchmarkResult.html:925:1 (BenchmarkResult.Rd:768): Warning: <h5> anchor "Arguments" already defined CallbackResample.html:121:1 (CallbackResample.Rd:70): Warning: missing </ul> before </div> ContextResample.html:169:1 (ContextResample.Rd:104): Warning: missing </ul> before </div> ContextResample.html:146:1 (ContextResample.Rd:93): Warning: <h5> anchor "Usage" already defined ContextResample.html:152:1 (ContextResample.Rd:97): Warning: <h5> anchor "Arguments" already defined DataBackend.html:150:1 (DataBackend.Rd:111): Warning: <h5> anchor "Usage" already defined DataBackend.html:156:1 (DataBackend.Rd:115): Warning: <h5> anchor "Arguments" already defined DataBackend.html:179:1 (DataBackend.Rd:128): Warning: <h5> anchor "Usage" already defined DataBackendDataTable.html:153:1 (DataBackendDataTable.Rd:119): Warning: <h5> anchor "Usage" already defined DataBackendDataTable.html:159:1 (DataBackendDataTable.Rd:123): Warning: <h5> anchor "Arguments" already defined DataBackendDataTable.html:187:1 (DataBackendDataTable.Rd:141): Warning: <h5> anchor "Usage" already defined DataBackendDataTable.html:193:1 (DataBackendDataTable.Rd:145): Warning: <h5> anchor "Arguments" already defined DataBackendDataTable.html:227:1 (DataBackendDataTable.Rd:165): Warning: <h5> anchor "Usage" already defined DataBackendDataTable.html:233:1 (DataBackendDataTable.Rd:169): Warning: <h5> anchor "Arguments" already defined DataBackendDataTable.html:254:1 (DataBackendDataTable.Rd:184): Warning: <h5> anchor "Returns" already defined DataBackendDataTable.html:272:1 (DataBackendDataTable.Rd:194): Warning: <h5> anchor "Usage" already defined DataBackendDataTable.html:278:1 (DataBackendDataTable.Rd:198): Warning: <h5> anchor "Arguments" already defined DataBackendDataTable.html:296:1 (DataBackendDataTable.Rd:210): Warning: <h5> anchor "Returns" already defined HotstartStack.html:140:1 (HotstartStack.Rd:103): Warning: <h5> anchor "Usage" already defined HotstartStack.html:146:1 (HotstartStack.Rd:107): Warning: <h5> anchor "Arguments" already defined HotstartStack.html:194:1 (HotstartStack.Rd:132): Warning: <h5> anchor "Usage" already defined HotstartStack.html:200:1 (HotstartStack.Rd:136): Warning: <h5> anchor "Arguments" already defined HotstartStack.html:227:1 (HotstartStack.Rd:153): Warning: <h5> anchor "Usage" already defined HotstartStack.html:233:1 (HotstartStack.Rd:157): Warning: <h5> anchor "Arguments" already defined HotstartStack.html:256:1 (HotstartStack.Rd:170): Warning: <h5> anchor "Usage" already defined HotstartStack.html:262:1 (HotstartStack.Rd:174): Warning: <h5> anchor "Arguments" already defined HotstartStack.html:285:1 (HotstartStack.Rd:187): Warning: <h5> anchor "Usage" already defined HotstartStack.html:291:1 (HotstartStack.Rd:191): Warning: <h5> anchor "Arguments" already defined Learner.html:589:1 (Learner.Rd:505): Warning: <h5> anchor "Usage" already defined Learner.html:595:1 (Learner.Rd:509): Warning: <h5> anchor "Arguments" already defined Learner.html:618:1 (Learner.Rd:522): Warning: <h5> anchor "Usage" already defined Learner.html:624:1 (Learner.Rd:526): Warning: <h5> anchor "Arguments" already defined Learner.html:647:1 (Learner.Rd:539): Warning: <h5> anchor "Usage" already defined Learner.html:664:1 (Learner.Rd:550): Warning: <h5> anchor "Usage" already defined Learner.html:670:1 (Learner.Rd:554): Warning: <h5> anchor "Arguments" already defined Learner.html:718:1 (Learner.Rd:587): Warning: <h5> anchor "Usage" already defined Learner.html:724:1 (Learner.Rd:591): Warning: <h5> anchor "Arguments" already defined Learner.html:745:1 (Learner.Rd:606): Warning: <h5> anchor "Returns" already defined Learner.html:752:1 (Learner.Rd:609): Warning: <h5> anchor "Examples" already defined Learner.html:784:1 (Learner.Rd:636): Warning: <h5> anchor "Usage" already defined Learner.html:790:1 (Learner.Rd:640): Warning: <h5> anchor "Arguments" already defined Learner.html:810:1 (Learner.Rd:654): Warning: <h5> anchor "Returns" already defined Learner.html:817:1 (Learner.Rd:657): Warning: <h5> anchor "Examples" already defined Learner.html:838:1 (Learner.Rd:673): Warning: <h5> anchor "Usage" already defined Learner.html:844:1 (Learner.Rd:677): Warning: <h5> anchor "Returns" already defined Learner.html:853:1 (Learner.Rd:682): Warning: <h5> anchor "Examples" already defined Learner.html:877:1 (Learner.Rd:701): Warning: <h5> anchor "Usage" already defined Learner.html:883:1 (Learner.Rd:705): Warning: <h5> anchor "Arguments" already defined Learner.html:897:1 (Learner.Rd:713): Warning: <h5> anchor "Returns" already defined Learner.html:955:1 (Learner.Rd:752): Warning: <h5> anchor "Usage" already defined Learner.html:961:1 (Learner.Rd:756): Warning: <h5> anchor "Arguments" already defined Learner.html:985:1 (Learner.Rd:774): Warning: <h5> anchor "Returns" already defined Learner.html:992:1 (Learner.Rd:777): Warning: <h5> anchor "Examples" already defined Learner.html:1015:1 (Learner.Rd:795): Warning: <h5> anchor "Usage" already defined Learner.html:1021:1 (Learner.Rd:799): Warning: <h5> anchor "Arguments" already defined Learner.html:1038:1 (Learner.Rd:810): Warning: <h5> anchor "Examples" already defined Learner.html:1061:1 (Learner.Rd:828): Warning: <h5> anchor "Usage" already defined Learner.html:1077:1 (Learner.Rd:838): Warning: <h5> anchor "Usage" already defined Learner.html:1083:1 (Learner.Rd:842): Warning: <h5> anchor "Arguments" already defined LearnerClassif.html:232:1 (LearnerClassif.Rd:185): Warning: <h5> anchor "Usage" already defined LearnerClassif.html:238:1 (LearnerClassif.Rd:189): Warning: <h5> anchor "Arguments" already defined LearnerClassif.html:271:1 (LearnerClassif.Rd:208): Warning: <h5> anchor "Usage" already defined LearnerClassif.html:277:1 (LearnerClassif.Rd:212): Warning: <h5> anchor "Arguments" already defined LearnerRegr.html:256:1 (LearnerRegr.Rd:199): Warning: <h5> anchor "Usage" already defined LearnerRegr.html:262:1 (LearnerRegr.Rd:203): Warning: <h5> anchor "Arguments" already defined LearnerRegr.html:295:1 (LearnerRegr.Rd:222): Warning: <h5> anchor "Usage" already defined LearnerRegr.html:301:1 (LearnerRegr.Rd:226): Warning: <h5> anchor "Arguments" already defined Measure.html:460:1 (Measure.Rd:389): Warning: <h5> anchor "Usage" already defined Measure.html:466:1 (Measure.Rd:393): Warning: <h5> anchor "Arguments" already defined Measure.html:489:1 (Measure.Rd:406): Warning: <h5> anchor "Usage" already defined Measure.html:495:1 (Measure.Rd:410): Warning: <h5> anchor "Arguments" already defined Measure.html:518:1 (Measure.Rd:423): Warning: <h5> anchor "Usage" already defined Measure.html:539:1 (Measure.Rd:438): Warning: <h5> anchor "Usage" already defined Measure.html:545:1 (Measure.Rd:442): Warning: <h5> anchor "Arguments" already defined Measure.html:594:1 (Measure.Rd:476): Warning: <h5> anchor "Usage" already defined Measure.html:600:1 (Measure.Rd:480): Warning: <h5> anchor "Arguments" already defined Measure.html:613:1 (Measure.Rd:487): Warning: <h5> anchor "Returns" already defined Measure.html:620:1 (Measure.Rd:490): Warning: <h5> anchor "Examples" already defined Measure.html:642:1 (Measure.Rd:507): Warning: <h5> anchor "Usage" already defined Measure.html:648:1 (Measure.Rd:511): Warning: <h5> anchor "Arguments" already defined MeasureClassif.html:231:1 (MeasureClassif.Rd:186): Warning: <h5> anchor "Usage" already defined MeasureClassif.html:237:1 (MeasureClassif.Rd:190): Warning: <h5> anchor "Arguments" already defined MeasureRegr.html:231:1 (MeasureRegr.Rd:186): Warning: <h5> anchor "Usage" already defined MeasureRegr.html:237:1 (MeasureRegr.Rd:190): Warning: <h5> anchor "Arguments" already defined MeasureSimilarity.html:226:1 (MeasureSimilarity.Rd:192): Warning: <h5> anchor "Usage" already defined MeasureSimilarity.html:232:1 (MeasureSimilarity.Rd:196): Warning: <h5> anchor "Arguments" already defined Prediction.html:186:1 (Prediction.Rd:124): Warning: <h5> anchor "Usage" already defined Prediction.html:192:1 (Prediction.Rd:128): Warning: <h5> anchor "Arguments" already defined Prediction.html:215:1 (Prediction.Rd:141): Warning: <h5> anchor "Usage" already defined Prediction.html:235:1 (Prediction.Rd:155): Warning: <h5> anchor "Usage" already defined Prediction.html:246:1 (Prediction.Rd:164): Warning: <h5> anchor "Arguments" already defined Prediction.html:290:1 (Prediction.Rd:194): Warning: <h5> anchor "Usage" already defined Prediction.html:296:1 (Prediction.Rd:198): Warning: <h5> anchor "Arguments" already defined Prediction.html:322:1 (Prediction.Rd:214): Warning: <h5> anchor "Usage" already defined Prediction.html:328:1 (Prediction.Rd:218): Warning: <h5> anchor "Arguments" already defined Prediction.html:342:1 (Prediction.Rd:226): Warning: <h5> anchor "Returns" already defined Prediction.html:359:1 (Prediction.Rd:235): Warning: <h5> anchor "Usage" already defined Prediction.html:365:1 (Prediction.Rd:239): Warning: <h5> anchor "Arguments" already defined PredictionClassif.html:205:1 (PredictionClassif.Rd:180): Warning: <h5> anchor "Usage" already defined PredictionClassif.html:211:1 (PredictionClassif.Rd:184): Warning: <h5> anchor "Arguments" already defined PredictionClassif.html:247:1 (PredictionClassif.Rd:206): Warning: <h5> anchor "Usage" already defined PredictionClassif.html:253:1 (PredictionClassif.Rd:210): Warning: <h5> anchor "Arguments" already defined PredictionData.html:120:1 (PredictionData.Rd:56): Warning: missing </ul> before </div> PredictionRegr.html:166:1 (PredictionRegr.Rd:137): Warning: <h5> anchor "Usage" already defined PredictionRegr.html:172:1 (PredictionRegr.Rd:141): Warning: <h5> anchor "Arguments" already defined ResampleResult.html:197:1 (ResampleResult.Rd:205): Warning: <h5> anchor "Usage" already defined ResampleResult.html:203:1 (ResampleResult.Rd:209): Warning: <h5> anchor "Arguments" already defined ResampleResult.html:226:1 (ResampleResult.Rd:222): Warning: <h5> anchor "Usage" already defined ResampleResult.html:232:1 (ResampleResult.Rd:226): Warning: <h5> anchor "Arguments" already defined ResampleResult.html:255:1 (ResampleResult.Rd:239): Warning: <h5> anchor "Usage" already defined ResampleResult.html:276:1 (ResampleResult.Rd:254): Warning: <h5> anchor "Usage" already defined ResampleResult.html:282:1 (ResampleResult.Rd:258): Warning: <h5> anchor "Arguments" already defined ResampleResult.html:327:1 (ResampleResult.Rd:288): Warning: <h5> anchor "Usage" already defined ResampleResult.html:333:1 (ResampleResult.Rd:292): Warning: <h5> anchor "Arguments" already defined ResampleResult.html:347:1 (ResampleResult.Rd:300): Warning: <h5> anchor "Returns" already defined ResampleResult.html:355:1 (ResampleResult.Rd:304): Warning: <h5> anchor "Examples" already defined ResampleResult.html:379:1 (ResampleResult.Rd:323): Warning: <h5> anchor "Usage" already defined ResampleResult.html:390:1 (ResampleResult.Rd:332): Warning: <h5> anchor "Arguments" already defined ResampleResult.html:418:1 (ResampleResult.Rd:354): Warning: <h5> anchor "Returns" already defined ResampleResult.html:425:1 (ResampleResult.Rd:357): Warning: <h5> anchor "Examples" already defined ResampleResult.html:451:1 (ResampleResult.Rd:378): Warning: <h5> anchor "Usage" already defined ResampleResult.html:457:1 (ResampleResult.Rd:382): Warning: <h5> anchor "Arguments" already defined ResampleResult.html:474:1 (ResampleResult.Rd:393): Warning: <h5> anchor "Examples" already defined ResampleResult.html:495:1 (ResampleResult.Rd:409): Warning: <h5> anchor "Usage" already defined ResampleResult.html:501:1 (ResampleResult.Rd:413): Warning: <h5> anchor "Arguments" already defined ResampleResult.html:515:1 (ResampleResult.Rd:421): Warning: <h5> anchor "Returns" already defined ResampleResult.html:522:1 (ResampleResult.Rd:424): Warning: <h5> anchor "Examples" already defined ResampleResult.html:541:1 (ResampleResult.Rd:438): Warning: <h5> anchor "Usage" already defined ResampleResult.html:547:1 (ResampleResult.Rd:442): Warning: <h5> anchor "Arguments" already defined ResampleResult.html:561:1 (ResampleResult.Rd:450): Warning: <h5> anchor "Returns" already defined ResampleResult.html:570:1 (ResampleResult.Rd:455): Warning: <h5> anchor "Examples" already defined ResampleResult.html:591:1 (ResampleResult.Rd:471): Warning: <h5> anchor "Usage" already defined ResampleResult.html:597:1 (ResampleResult.Rd:475): Warning: <h5> anchor "Arguments" already defined ResampleResult.html:614:1 (ResampleResult.Rd:486): Warning: <h5> anchor "Returns" already defined ResampleResult.html:633:1 (ResampleResult.Rd:497): Warning: <h5> anchor "Usage" already defined ResampleResult.html:639:1 (ResampleResult.Rd:501): Warning: <h5> anchor "Arguments" already defined ResampleResult.html:653:1 (ResampleResult.Rd:509): Warning: <h5> anchor "Examples" already defined ResampleResult.html:672:1 (ResampleResult.Rd:523): Warning: <h5> anchor "Usage" already defined ResampleResult.html:678:1 (ResampleResult.Rd:527): Warning: <h5> anchor "Arguments" already defined ResampleResult.html:692:1 (ResampleResult.Rd:535): Warning: <h5> anchor "Examples" already defined ResampleResult.html:713:1 (ResampleResult.Rd:551): Warning: <h5> anchor "Usage" already defined ResampleResult.html:719:1 (ResampleResult.Rd:555): Warning: <h5> anchor "Arguments" already defined ResampleResult.html:749:1 (ResampleResult.Rd:572): Warning: <h5> anchor "Examples" already defined ResampleResult.html:770:1 (ResampleResult.Rd:588): Warning: <h5> anchor "Usage" already defined ResampleResult.html:776:1 (ResampleResult.Rd:592): Warning: <h5> anchor "Arguments" already defined Resampling.html:246:1 (Resampling.Rd:255): Warning: <h5> anchor "Usage" already defined Resampling.html:252:1 (Resampling.Rd:259): Warning: <h5> anchor "Arguments" already defined Resampling.html:275:1 (Resampling.Rd:272): Warning: <h5> anchor "Usage" already defined Resampling.html:281:1 (Resampling.Rd:276): Warning: <h5> anchor "Arguments" already defined Resampling.html:304:1 (Resampling.Rd:289): Warning: <h5> anchor "Usage" already defined Resampling.html:321:1 (Resampling.Rd:300): Warning: <h5> anchor "Usage" already defined Resampling.html:327:1 (Resampling.Rd:304): Warning: <h5> anchor "Arguments" already defined Resampling.html:371:1 (Resampling.Rd:333): Warning: <h5> anchor "Usage" already defined Resampling.html:377:1 (Resampling.Rd:337): Warning: <h5> anchor "Arguments" already defined Resampling.html:391:1 (Resampling.Rd:345): Warning: <h5> anchor "Returns" already defined Resampling.html:398:1 (Resampling.Rd:348): Warning: <h5> anchor "Examples" already defined Resampling.html:419:1 (Resampling.Rd:364): Warning: <h5> anchor "Usage" already defined Resampling.html:425:1 (Resampling.Rd:368): Warning: <h5> anchor "Arguments" already defined Resampling.html:439:1 (Resampling.Rd:376): Warning: <h5> anchor "Returns" already defined Resampling.html:446:1 (Resampling.Rd:379): Warning: <h5> anchor "Examples" already defined Resampling.html:467:1 (Resampling.Rd:395): Warning: <h5> anchor "Usage" already defined Resampling.html:473:1 (Resampling.Rd:399): Warning: <h5> anchor "Arguments" already defined ResultData.html:181:1 (ResultData.Rd:95): Warning: <h5> anchor "Usage" already defined ResultData.html:187:1 (ResultData.Rd:99): Warning: <h5> anchor "Arguments" already defined ResultData.html:223:1 (ResultData.Rd:121): Warning: <h5> anchor "Usage" already defined ResultData.html:229:1 (ResultData.Rd:125): Warning: <h5> anchor "Arguments" already defined ResultData.html:246:1 (ResultData.Rd:136): Warning: <h5> anchor "Returns" already defined ResultData.html:263:1 (ResultData.Rd:145): Warning: <h5> anchor "Usage" already defined ResultData.html:269:1 (ResultData.Rd:149): Warning: <h5> anchor "Arguments" already defined ResultData.html:286:1 (ResultData.Rd:160): Warning: <h5> anchor "Returns" already defined ResultData.html:303:1 (ResultData.Rd:169): Warning: <h5> anchor "Usage" already defined ResultData.html:309:1 (ResultData.Rd:173): Warning: <h5> anchor "Arguments" already defined ResultData.html:326:1 (ResultData.Rd:184): Warning: <h5> anchor "Returns" already defined ResultData.html:343:1 (ResultData.Rd:193): Warning: <h5> anchor "Usage" already defined ResultData.html:349:1 (ResultData.Rd:197): Warning: <h5> anchor "Arguments" already defined ResultData.html:374:1 (ResultData.Rd:216): Warning: <h5> anchor "Returns" already defined ResultData.html:393:1 (ResultData.Rd:227): Warning: <h5> anchor "Usage" already defined ResultData.html:399:1 (ResultData.Rd:231): Warning: <h5> anchor "Arguments" already defined ResultData.html:426:1 (ResultData.Rd:248): Warning: <h5> anchor "Usage" already defined ResultData.html:432:1 (ResultData.Rd:252): Warning: <h5> anchor "Arguments" already defined ResultData.html:449:1 (ResultData.Rd:263): Warning: <h5> anchor "Returns" already defined ResultData.html:466:1 (ResultData.Rd:272): Warning: <h5> anchor "Usage" already defined ResultData.html:472:1 (ResultData.Rd:276): Warning: <h5> anchor "Arguments" already defined ResultData.html:510:1 (ResultData.Rd:308): Warning: <h5> anchor "Returns" already defined ResultData.html:527:1 (ResultData.Rd:317): Warning: <h5> anchor "Usage" already defined ResultData.html:533:1 (ResultData.Rd:321): Warning: <h5> anchor "Arguments" already defined ResultData.html:571:1 (ResultData.Rd:353): Warning: <h5> anchor "Returns" already defined ResultData.html:588:1 (ResultData.Rd:362): Warning: <h5> anchor "Usage" already defined ResultData.html:594:1 (ResultData.Rd:366): Warning: <h5> anchor "Arguments" already defined ResultData.html:611:1 (ResultData.Rd:377): Warning: <h5> anchor "Returns" already defined ResultData.html:628:1 (ResultData.Rd:386): Warning: <h5> anchor "Usage" already defined ResultData.html:634:1 (ResultData.Rd:390): Warning: <h5> anchor "Arguments" already defined ResultData.html:647:1 (ResultData.Rd:397): Warning: <h5> anchor "Returns" already defined ResultData.html:666:1 (ResultData.Rd:408): Warning: <h5> anchor "Usage" already defined ResultData.html:672:1 (ResultData.Rd:412): Warning: <h5> anchor "Returns" already defined ResultData.html:690:1 (ResultData.Rd:422): Warning: <h5> anchor "Usage" already defined ResultData.html:696:1 (ResultData.Rd:426): Warning: <h5> anchor "Arguments" already defined ResultData.html:721:1 (ResultData.Rd:441): Warning: <h5> anchor "Usage" already defined ResultData.html:727:1 (ResultData.Rd:445): Warning: <h5> anchor "Arguments" already defined ResultData.html:751:1 (ResultData.Rd:459): Warning: <h5> anchor "Usage" already defined ResultData.html:757:1 (ResultData.Rd:463): Warning: <h5> anchor "Arguments" already defined ResultData.html:774:1 (ResultData.Rd:474): Warning: <h5> anchor "Returns" already defined ResultData.html:791:1 (ResultData.Rd:483): Warning: <h5> anchor "Usage" already defined ResultData.html:802:1 (ResultData.Rd:492): Warning: <h5> anchor "Arguments" already defined ResultData.html:856:1 (ResultData.Rd:536): Warning: <h5> anchor "Usage" already defined ResultData.html:862:1 (ResultData.Rd:540): Warning: <h5> anchor "Arguments" already defined ResultData.html:882:1 (ResultData.Rd:554): Warning: <h5> anchor "Returns" already defined ResultData.html:899:1 (ResultData.Rd:563): Warning: <h5> anchor "Usage" already defined ResultData.html:905:1 (ResultData.Rd:567): Warning: <h5> anchor "Arguments" already defined ResultData.html:951:1 (ResultData.Rd:596): Warning: <h5> anchor "Usage" already defined ResultData.html:957:1 (ResultData.Rd:600): Warning: <h5> anchor "Arguments" already defined Task.html:574:1 (Task.Rd:547): Warning: <h5> anchor "Usage" already defined Task.html:580:1 (Task.Rd:551): Warning: <h5> anchor "Arguments" already defined Task.html:618:1 (Task.Rd:575): Warning: <h5> anchor "Usage" already defined Task.html:634:1 (Task.Rd:585): Warning: <h5> anchor "Usage" already defined Task.html:640:1 (Task.Rd:589): Warning: <h5> anchor "Arguments" already defined Task.html:663:1 (Task.Rd:602): Warning: <h5> anchor "Usage" already defined Task.html:669:1 (Task.Rd:606): Warning: <h5> anchor "Arguments" already defined Task.html:700:1 (Task.Rd:627): Warning: <h5> anchor "Usage" already defined Task.html:706:1 (Task.Rd:631): Warning: <h5> anchor "Arguments" already defined Task.html:727:1 (Task.Rd:646): Warning: <h5> anchor "Returns" already defined Task.html:758:1 (Task.Rd:668): Warning: <h5> anchor "Usage" already defined Task.html:764:1 (Task.Rd:672): Warning: <h5> anchor "Arguments" already defined Task.html:778:1 (Task.Rd:680): Warning: <h5> anchor "Returns" already defined Task.html:785:1 (Task.Rd:683): Warning: <h5> anchor "Examples" already defined Task.html:805:1 (Task.Rd:698): Warning: <h5> anchor "Usage" already defined Task.html:811:1 (Task.Rd:702): Warning: <h5> anchor "Arguments" already defined Task.html:824:1 (Task.Rd:709): Warning: <h5> anchor "Returns" already defined Task.html:831:1 (Task.Rd:712): Warning: <h5> anchor "Examples" already defined Task.html:855:1 (Task.Rd:731): Warning: <h5> anchor "Usage" already defined Task.html:861:1 (Task.Rd:735): Warning: <h5> anchor "Arguments" already defined Task.html:875:1 (Task.Rd:743): Warning: <h5> anchor "Returns" already defined Task.html:882:1 (Task.Rd:746): Warning: <h5> anchor "Examples" already defined Task.html:904:1 (Task.Rd:763): Warning: <h5> anchor "Usage" already defined Task.html:910:1 (Task.Rd:767): Warning: <h5> anchor "Arguments" already defined Task.html:924:1 (Task.Rd:775): Warning: <h5> anchor "Returns" already defined Task.html:931:1 (Task.Rd:778): Warning: <h5> anchor "Examples" already defined Task.html:954:1 (Task.Rd:796): Warning: <h5> anchor "Usage" already defined Task.html:960:1 (Task.Rd:800): Warning: <h5> anchor "Arguments" already defined Task.html:975:1 (Task.Rd:809): Warning: <h5> anchor "Returns" already defined Task.html:984:1 (Task.Rd:814): Warning: <h5> anchor "Examples" already defined Task.html:1009:1 (Task.Rd:834): Warning: <h5> anchor "Usage" already defined Task.html:1015:1 (Task.Rd:838): Warning: <h5> anchor "Arguments" already defined Task.html:1029:1 (Task.Rd:846): Warning: <h5> anchor "Returns" already defined Task.html:1038:1 (Task.Rd:851): Warning: <h5> anchor "Examples" already defined Task.html:1070:1 (Task.Rd:878): Warning: <h5> anchor "Usage" already defined Task.html:1076:1 (Task.Rd:882): Warning: <h5> anchor "Arguments" already defined Task.html:1089:1 (Task.Rd:889): Warning: <h5> anchor "Returns" already defined Task.html:1098:1 (Task.Rd:894): Warning: <h5> anchor "Examples" already defined Task.html:1127:1 (Task.Rd:918): Warning: <h5> anchor "Usage" already defined Task.html:1133:1 (Task.Rd:922): Warning: <h5> anchor "Arguments" already defined Task.html:1146:1 (Task.Rd:929): Warning: <h5> anchor "Examples" already defined Task.html:1170:1 (Task.Rd:948): Warning: <h5> anchor "Usage" already defined Task.html:1176:1 (Task.Rd:952): Warning: <h5> anchor "Arguments" already defined Task.html:1193:1 (Task.Rd:963): Warning: <h5> anchor "Returns" already defined Task.html:1202:1 (Task.Rd:968): Warning: <h5> anchor "Examples" already defined Task.html:1223:1 (Task.Rd:984): Warning: <h5> anchor "Usage" already defined Task.html:1229:1 (Task.Rd:988): Warning: <h5> anchor "Arguments" already defined Task.html:1264:1 (Task.Rd:1014): Warning: <h5> anchor "Returns" already defined Task.html:1273:1 (Task.Rd:1019): Warning: <h5> anchor "Examples" already defined Task.html:1294:1 (Task.Rd:1035): Warning: <h5> anchor "Usage" already defined Task.html:1300:1 (Task.Rd:1039): Warning: <h5> anchor "Arguments" already defined Task.html:1325:1 (Task.Rd:1058): Warning: <h5> anchor "Details" already defined Task.html:1335:1 (Task.Rd:1065): Warning: <h5> anchor "Returns" already defined Task.html:1344:1 (Task.Rd:1070): Warning: <h5> anchor "Examples" already defined Task.html:1371:1 (Task.Rd:1092): Warning: <h5> anchor "Usage" already defined Task.html:1377:1 (Task.Rd:1096): Warning: <h5> anchor "Arguments" already defined Task.html:1391:1 (Task.Rd:1104): Warning: <h5> anchor "Returns" already defined Task.html:1398:1 (Task.Rd:1107): Warning: <h5> anchor "Examples" already defined Task.html:1420:1 (Task.Rd:1124): Warning: <h5> anchor "Usage" already defined Task.html:1426:1 (Task.Rd:1128): Warning: <h5> anchor "Arguments" already defined Task.html:1440:1 (Task.Rd:1136): Warning: <h5> anchor "Returns" already defined Task.html:1447:1 (Task.Rd:1139): Warning: <h5> anchor "Examples" already defined Task.html:1471:1 (Task.Rd:1158): Warning: <h5> anchor "Usage" already defined Task.html:1477:1 (Task.Rd:1162): Warning: <h5> anchor "Arguments" already defined Task.html:1495:1 (Task.Rd:1174): Warning: <h5> anchor "Returns" already defined Task.html:1502:1 (Task.Rd:1177): Warning: <h5> anchor "Examples" already defined Task.html:1526:1 (Task.Rd:1196): Warning: <h5> anchor "Usage" already defined Task.html:1532:1 (Task.Rd:1200): Warning: <h5> anchor "Arguments" already defined Task.html:1546:1 (Task.Rd:1208): Warning: <h5> anchor "Details" already defined Task.html:1554:1 (Task.Rd:1213): Warning: <h5> anchor "Returns" already defined Task.html:1561:1 (Task.Rd:1216): Warning: <h5> anchor "Examples" already defined Task.html:1583:1 (Task.Rd:1233): Warning: <h5> anchor "Usage" already defined Task.html:1589:1 (Task.Rd:1237): Warning: <h5> anchor "Arguments" already defined TaskClassif.html:185:1 (TaskClassif.Rd:170): Warning: <h5> anchor "Usage" already defined TaskClassif.html:191:1 (TaskClassif.Rd:174): Warning: <h5> anchor "Arguments" already defined TaskClassif.html:225:1 (TaskClassif.Rd:194): Warning: <h5> anchor "Usage" already defined TaskClassif.html:231:1 (TaskClassif.Rd:198): Warning: <h5> anchor "Arguments" already defined TaskClassif.html:245:1 (TaskClassif.Rd:206): Warning: <h5> anchor "Returns" already defined TaskClassif.html:262:1 (TaskClassif.Rd:215): Warning: <h5> anchor "Usage" already defined TaskClassif.html:268:1 (TaskClassif.Rd:219): Warning: <h5> anchor "Arguments" already defined TaskGenerator.html:156:1 (TaskGenerator.Rd:125): Warning: <h5> anchor "Usage" already defined TaskGenerator.html:162:1 (TaskGenerator.Rd:129): Warning: <h5> anchor "Arguments" already defined TaskGenerator.html:185:1 (TaskGenerator.Rd:142): Warning: <h5> anchor "Usage" already defined TaskGenerator.html:191:1 (TaskGenerator.Rd:146): Warning: <h5> anchor "Arguments" already defined TaskGenerator.html:214:1 (TaskGenerator.Rd:159): Warning: <h5> anchor "Usage" already defined TaskGenerator.html:220:1 (TaskGenerator.Rd:163): Warning: <h5> anchor "Arguments" already defined TaskGenerator.html:251:1 (TaskGenerator.Rd:180): Warning: <h5> anchor "Usage" already defined TaskGenerator.html:257:1 (TaskGenerator.Rd:184): Warning: <h5> anchor "Arguments" already defined TaskRegr.html:140:1 (TaskRegr.Rd:133): Warning: <h5> anchor "Usage" already defined TaskRegr.html:146:1 (TaskRegr.Rd:137): Warning: <h5> anchor "Arguments" already defined TaskRegr.html:178:1 (TaskRegr.Rd:155): Warning: <h5> anchor "Usage" already defined TaskRegr.html:184:1 (TaskRegr.Rd:159): Warning: <h5> anchor "Arguments" already defined TaskSupervised.html:148:1 (TaskSupervised.Rd:139): Warning: <h5> anchor "Usage" already defined TaskSupervised.html:154:1 (TaskSupervised.Rd:143): Warning: <h5> anchor "Arguments" already defined TaskSupervised.html:179:1 (TaskSupervised.Rd:158): Warning: <h5> anchor "Usage" already defined TaskSupervised.html:185:1 (TaskSupervised.Rd:162): Warning: <h5> anchor "Arguments" already defined TaskUnsupervised.html:137:1 (TaskUnsupervised.Rd:129): Warning: <h5> anchor "Usage" already defined TaskUnsupervised.html:143:1 (TaskUnsupervised.Rd:133): Warning: <h5> anchor "Arguments" already defined as_resampling.html:69:1 (as_resampling.Rd:29): Warning: missing </ul> before </div> as_task.html:96:1 (as_task.Rd:29): Warning: missing </ul> before </div> as_task_unsupervised.html:95:1 (as_task_unsupervised.Rd:52): Warning: missing </ul> before </div> col_info.html:74:1 (col_info.Rd:23): Warning: missing </ul> before </div> mlr_assertions.html:233:1 (mlr_assertions.Rd:164): Warning: missing </ul> before </div> mlr_learners_classif.debug.html:294:1 (mlr_learners_classif.debug.Rd:185): Warning: <h5> anchor "Usage" already defined mlr_learners_classif.debug.html:324:1 (mlr_learners_classif.debug.Rd:203): Warning: <h5> anchor "Usage" already defined mlr_learners_classif.debug.html:330:1 (mlr_learners_classif.debug.Rd:207): Warning: <h5> anchor "Arguments" already defined mlr_learners_classif.debug.html:354:1 (mlr_learners_classif.debug.Rd:221): Warning: <h5> anchor "Usage" already defined mlr_learners_classif.debug.html:377:1 (mlr_learners_classif.debug.Rd:234): Warning: <h5> anchor "Usage" already defined mlr_learners_classif.debug.html:383:1 (mlr_learners_classif.debug.Rd:238): Warning: <h5> anchor "Returns" already defined mlr_learners_classif.debug.html:400:1 (mlr_learners_classif.debug.Rd:247): Warning: <h5> anchor "Usage" already defined mlr_learners_classif.debug.html:406:1 (mlr_learners_classif.debug.Rd:251): Warning: <h5> anchor "Arguments" already defined mlr_learners_classif.featureless.html:168:1 (mlr_learners_classif.featureless.Rd:129): Warning: <h5> anchor "Usage" already defined mlr_learners_classif.featureless.html:191:1 (mlr_learners_classif.featureless.Rd:142): Warning: <h5> anchor "Usage" already defined mlr_learners_classif.featureless.html:197:1 (mlr_learners_classif.featureless.Rd:146): Warning: <h5> anchor "Returns" already defined mlr_learners_classif.featureless.html:214:1 (mlr_learners_classif.featureless.Rd:155): Warning: <h5> anchor "Usage" already defined mlr_learners_classif.rpart.html:201:1 (mlr_learners_classif.rpart.Rd:140): Warning: <h5> anchor "Usage" already defined mlr_learners_classif.rpart.html:224:1 (mlr_learners_classif.rpart.Rd:153): Warning: <h5> anchor "Usage" already defined mlr_learners_classif.rpart.html:230:1 (mlr_learners_classif.rpart.Rd:157): Warning: <h5> anchor "Returns" already defined mlr_learners_classif.rpart.html:247:1 (mlr_learners_classif.rpart.Rd:166): Warning: <h5> anchor "Usage" already defined mlr_learners_regr.debug.html:209:1 (mlr_learners_regr.debug.Rd:141): Warning: <h5> anchor "Usage" already defined mlr_learners_regr.debug.html:232:1 (mlr_learners_regr.debug.Rd:154): Warning: <h5> anchor "Usage" already defined mlr_learners_regr.debug.html:238:1 (mlr_learners_regr.debug.Rd:158): Warning: <h5> anchor "Returns" already defined mlr_learners_regr.debug.html:255:1 (mlr_learners_regr.debug.Rd:167): Warning: <h5> anchor "Usage" already defined mlr_learners_regr.featureless.html:161:1 (mlr_learners_regr.featureless.Rd:128): Warning: <h5> anchor "Usage" already defined mlr_learners_regr.featureless.html:184:1 (mlr_learners_regr.featureless.Rd:141): Warning: <h5> anchor "Usage" already defined mlr_learners_regr.featureless.html:190:1 (mlr_learners_regr.featureless.Rd:145): Warning: <h5> anchor "Returns" already defined mlr_learners_regr.featureless.html:207:1 (mlr_learners_regr.featureless.Rd:154): Warning: <h5> anchor "Usage" already defined mlr_learners_regr.rpart.html:201:1 (mlr_learners_regr.rpart.Rd:140): Warning: <h5> anchor "Usage" already defined mlr_learners_regr.rpart.html:224:1 (mlr_learners_regr.rpart.Rd:153): Warning: <h5> anchor "Usage" already defined mlr_learners_regr.rpart.html:230:1 (mlr_learners_regr.rpart.Rd:157): Warning: <h5> anchor "Returns" already defined mlr_learners_regr.rpart.html:247:1 (mlr_learners_regr.rpart.Rd:166): Warning: <h5> anchor "Usage" already defined mlr_measures_aic.html:144:1 (mlr_measures_aic.Rd:111): Warning: <h5> anchor "Usage" already defined mlr_measures_bic.html:132:1 (mlr_measures_bic.Rd:109): Warning: <h5> anchor "Usage" already defined mlr_measures_classif.costs.html:157:1 (mlr_measures_classif.costs.Rd:189): Warning: <h5> anchor "Usage" already defined mlr_measures_debug_classif.html:142:1 (mlr_measures_debug_classif.Rd:116): Warning: <h5> anchor "Usage" already defined mlr_measures_elapsed_time.html:164:1 (mlr_measures_elapsed_time.Rd:133): Warning: <h5> anchor "Usage" already defined mlr_measures_elapsed_time.html:170:1 (mlr_measures_elapsed_time.Rd:137): Warning: <h5> anchor "Arguments" already defined mlr_measures_internal_valid_score.html:149:1 (mlr_measures_internal_valid_score.Rd:124): Warning: <h5> anchor "Usage" already defined mlr_measures_internal_valid_score.html:155:1 (mlr_measures_internal_valid_score.Rd:128): Warning: <h5> anchor "Arguments" already defined mlr_measures_oob_error.html:129:1 (mlr_measures_oob_error.Rd:106): Warning: <h5> anchor "Usage" already defined mlr_measures_regr.pinball.html:170:1 (mlr_measures_regr.pinball.Rd:125): Warning: <h5> anchor "Usage" already defined mlr_measures_regr.pinball.html:176:1 (mlr_measures_regr.pinball.Rd:129): Warning: <h5> anchor "Arguments" already defined mlr_measures_regr.rqr.html:176:1 (mlr_measures_regr.rqr.Rd:139): Warning: <h5> anchor "Usage" already defined mlr_measures_regr.rqr.html:182:1 (mlr_measures_regr.rqr.Rd:143): Warning: <h5> anchor "Arguments" already defined mlr_measures_regr.rsq.html:162:1 (mlr_measures_regr.rsq.Rd:129): Warning: <h5> anchor "Usage" already defined mlr_measures_regr.rsq.html:168:1 (mlr_measures_regr.rsq.Rd:133): Warning: <h5> anchor "Arguments" already defined mlr_measures_selected_features.html:145:1 (mlr_measures_selected_features.Rd:120): Warning: <h5> anchor "Usage" already defined mlr_resamplings_bootstrap.html:127:1 (mlr_resamplings_bootstrap.Rd:125): Warning: <h5> anchor "Usage" already defined mlr_resamplings_custom.html:112:1 (mlr_resamplings_custom.Rd:102): Warning: <h5> anchor "Usage" already defined mlr_resamplings_custom.html:150:1 (mlr_resamplings_custom.Rd:128): Warning: <h5> anchor "Usage" already defined mlr_resamplings_custom.html:156:1 (mlr_resamplings_custom.Rd:132): Warning: <h5> anchor "Arguments" already defined mlr_resamplings_custom_cv.html:119:1 (mlr_resamplings_custom_cv.Rd:113): Warning: <h5> anchor "Usage" already defined mlr_resamplings_custom_cv.html:160:1 (mlr_resamplings_custom_cv.Rd:142): Warning: <h5> anchor "Usage" already defined mlr_resamplings_custom_cv.html:166:1 (mlr_resamplings_custom_cv.Rd:146): Warning: <h5> anchor "Arguments" already defined mlr_resamplings_cv.html:121:1 (mlr_resamplings_cv.Rd:121): Warning: <h5> anchor "Usage" already defined mlr_resamplings_holdout.html:122:1 (mlr_resamplings_holdout.Rd:122): Warning: <h5> anchor "Usage" already defined mlr_resamplings_insample.html:110:1 (mlr_resamplings_insample.Rd:103): Warning: <h5> anchor "Usage" already defined mlr_resamplings_loo.html:117:1 (mlr_resamplings_loo.Rd:126): Warning: <h5> anchor "Usage" already defined mlr_resamplings_repeated_cv.html:137:1 (mlr_resamplings_repeated_cv.Rd:134): Warning: <h5> anchor "Usage" already defined mlr_resamplings_repeated_cv.html:174:1 (mlr_resamplings_repeated_cv.Rd:155): Warning: <h5> anchor "Usage" already defined mlr_resamplings_repeated_cv.html:180:1 (mlr_resamplings_repeated_cv.Rd:159): Warning: <h5> anchor "Arguments" already defined mlr_resamplings_repeated_cv.html:194:1 (mlr_resamplings_repeated_cv.Rd:167): Warning: <h5> anchor "Returns" already defined mlr_resamplings_repeated_cv.html:211:1 (mlr_resamplings_repeated_cv.Rd:176): Warning: <h5> anchor "Usage" already defined mlr_resamplings_repeated_cv.html:217:1 (mlr_resamplings_repeated_cv.Rd:180): Warning: <h5> anchor "Arguments" already defined mlr_resamplings_subsampling.html:126:1 (mlr_resamplings_subsampling.Rd:124): Warning: <h5> anchor "Usage" already defined mlr_task_generators_2dnormals.html:123:1 (mlr_task_generators_2dnormals.Rd:95): Warning: <h5> anchor "Usage" already defined mlr_task_generators_2dnormals.html:159:1 (mlr_task_generators_2dnormals.Rd:119): Warning: <h5> anchor "Usage" already defined mlr_task_generators_2dnormals.html:165:1 (mlr_task_generators_2dnormals.Rd:123): Warning: <h5> anchor "Arguments" already defined mlr_task_generators_cassini.html:123:1 (mlr_task_generators_cassini.Rd:95): Warning: <h5> anchor "Usage" already defined mlr_task_generators_cassini.html:159:1 (mlr_task_generators_cassini.Rd:119): Warning: <h5> anchor "Usage" already defined mlr_task_generators_cassini.html:165:1 (mlr_task_generators_cassini.Rd:123): Warning: <h5> anchor "Arguments" already defined mlr_task_generators_circle.html:116:1 (mlr_task_generators_circle.Rd:94): Warning: <h5> anchor "Usage" already defined mlr_task_generators_circle.html:152:1 (mlr_task_generators_circle.Rd:118): Warning: <h5> anchor "Usage" already defined mlr_task_generators_circle.html:158:1 (mlr_task_generators_circle.Rd:122): Warning: <h5> anchor "Arguments" already defined mlr_task_generators_friedman1.html:112:1 (mlr_task_generators_friedman1.Rd:90): Warning: <h5> anchor "Usage" already defined mlr_task_generators_moons.html:116:1 (mlr_task_generators_moons.Rd:94): Warning: <h5> anchor "Usage" already defined mlr_task_generators_moons.html:152:1 (mlr_task_generators_moons.Rd:118): Warning: <h5> anchor "Usage" already defined mlr_task_generators_moons.html:158:1 (mlr_task_generators_moons.Rd:122): Warning: <h5> anchor "Arguments" already defined mlr_task_generators_peak.html:112:1 (mlr_task_generators_peak.Rd:90): Warning: <h5> anchor "Usage" already defined mlr_task_generators_simplex.html:130:1 (mlr_task_generators_simplex.Rd:99): Warning: <h5> anchor "Usage" already defined mlr_task_generators_simplex.html:166:1 (mlr_task_generators_simplex.Rd:123): Warning: <h5> anchor "Usage" already defined mlr_task_generators_simplex.html:172:1 (mlr_task_generators_simplex.Rd:127): Warning: <h5> anchor "Arguments" already defined mlr_task_generators_smiley.html:119:1 (mlr_task_generators_smiley.Rd:94): Warning: <h5> anchor "Usage" already defined mlr_task_generators_smiley.html:155:1 (mlr_task_generators_smiley.Rd:118): Warning: <h5> anchor "Usage" already defined mlr_task_generators_smiley.html:161:1 (mlr_task_generators_smiley.Rd:122): Warning: <h5> anchor "Arguments" already defined mlr_task_generators_spirals.html:119:1 (mlr_task_generators_spirals.Rd:94): Warning: <h5> anchor "Usage" already defined mlr_task_generators_spirals.html:155:1 (mlr_task_generators_spirals.Rd:118): Warning: <h5> anchor "Usage" already defined mlr_task_generators_spirals.html:161:1 (mlr_task_generators_spirals.Rd:122): Warning: <h5> anchor "Arguments" already defined mlr_task_generators_xor.html:115:1 (mlr_task_generators_xor.Rd:93): Warning: <h5> anchor "Usage" already defined mlr_task_generators_xor.html:151:1 (mlr_task_generators_xor.Rd:117): Warning: <h5> anchor "Usage" already defined mlr_task_generators_xor.html:157:1 (mlr_task_generators_xor.Rd:121): Warning: <h5> anchor "Arguments" already defined print.roc_measures.html:63:1 (print.roc_measures.Rd:20): Warning: missing </ul> before </div> task_check_col_roles.html:67:1 (task_check_col_roles.Rd:29): Warning: missing </ul> before </div> warn_deprecated.html:59:1 (warn_deprecated.Rd:14): Warning: missing </ul> before </div> Flavor: r-devel-linux-x86_64-debian-gcc