Last updated on 2025-10-21 09:48:38 CEST.
Flavor | Version | Tinstall | Tcheck | Ttotal | Status | Flags |
---|---|---|---|---|---|---|
r-devel-linux-x86_64-debian-clang | 0.1.0 | 2.81 | 33.68 | 36.49 | OK | |
r-devel-linux-x86_64-debian-gcc | 0.1.0 | 1.91 | 26.24 | 28.15 | NOTE | |
r-devel-linux-x86_64-fedora-clang | 0.1.0 | 56.00 | OK | |||
r-devel-linux-x86_64-fedora-gcc | 0.1.0 | 65.84 | OK | |||
r-devel-windows-x86_64 | 0.1.0 | 3.00 | 55.00 | 58.00 | OK | |
r-patched-linux-x86_64 | 0.1.0 | 2.98 | 31.18 | 34.16 | OK | |
r-release-linux-x86_64 | 0.1.0 | 2.84 | 31.32 | 34.16 | OK | |
r-release-macos-arm64 | 0.1.0 | 27.00 | OK | |||
r-release-macos-x86_64 | 0.1.0 | 53.00 | OK | |||
r-release-windows-x86_64 | 0.1.0 | 6.00 | 73.00 | 79.00 | OK | |
r-oldrel-macos-arm64 | 0.1.0 | 33.00 | OK | |||
r-oldrel-macos-x86_64 | 0.1.0 | 57.00 | OK | |||
r-oldrel-windows-x86_64 | 0.1.0 | 6.00 | 68.00 | 74.00 | OK |
Version: 0.1.0
Check: HTML version of manual
Result: NOTE
Found the following HTML validation problems:
dot-compute_and_format.html:62:1 (dot-compute_and_format.Rd:18): Warning: missing </ul> before </div>
dot-j_correction.html:46:1 (dot-j_correction.Rd:10): Warning: missing </ul> before </div>
dot-time_interaction_lnRR.html:103:1 (dot-time_interaction_lnRR.Rd:45): Warning: missing </ul> before </div>
dot-time_interaction_lnVR.html:83:1 (dot-time_interaction_lnVR.Rd:33): Warning: missing </ul> before </div>
dot-time_pooled_sd.html:66:1 (dot-time_pooled_sd.Rd:20): Warning: missing </ul> before </div>
Flavor: r-devel-linux-x86_64-debian-gcc