Last updated on 2025-10-21 09:48:38 CEST.
Flavor | Version | Tinstall | Tcheck | Ttotal | Status | Flags |
---|---|---|---|---|---|---|
r-devel-linux-x86_64-debian-clang | 0.0.4-3 | 25.62 | 168.33 | 193.95 | OK | |
r-devel-linux-x86_64-debian-gcc | 0.0.4-3 | 17.96 | 113.18 | 131.14 | NOTE | |
r-devel-linux-x86_64-fedora-clang | 0.0.4-3 | 316.53 | OK | |||
r-devel-linux-x86_64-fedora-gcc | 0.0.4-3 | 283.48 | OK | |||
r-devel-windows-x86_64 | 0.0.4-3 | 28.00 | 484.00 | 512.00 | OK | |
r-patched-linux-x86_64 | 0.0.4-3 | 32.13 | 155.80 | 187.93 | OK | |
r-release-linux-x86_64 | 0.0.4-3 | 28.76 | 156.18 | 184.94 | OK | |
r-release-macos-arm64 | 0.0.4-3 | 235.00 | OK | |||
r-release-macos-x86_64 | 0.0.4-3 | 583.00 | OK | |||
r-release-windows-x86_64 | 0.0.4-3 | 30.00 | 480.00 | 510.00 | OK | |
r-oldrel-macos-arm64 | 0.0.4-3 | 206.00 | OK | |||
r-oldrel-macos-x86_64 | 0.0.4-3 | 438.00 | OK | |||
r-oldrel-windows-x86_64 | 0.0.4-3 | 41.00 | 680.00 | 721.00 | OK |
Version: 0.0.4-3
Check: HTML version of manual
Result: NOTE
Found the following HTML validation problems:
Filtor.html:210:1 (Filtor.Rd:169): Warning: <h5> anchor "Usage" already defined
Filtor.html:216:1 (Filtor.Rd:173): Warning: <h5> anchor "Arguments" already defined
Filtor.html:247:1 (Filtor.Rd:190): Warning: <h5> anchor "Usage" already defined
Filtor.html:253:1 (Filtor.Rd:194): Warning: <h5> anchor "Arguments" already defined
FiltorSurrogate.html:201:1 (FiltorSurrogate.Rd:169): Warning: <h5> anchor "Usage" already defined
FiltorSurrogate.html:207:1 (FiltorSurrogate.Rd:173): Warning: <h5> anchor "Arguments" already defined
FiltorSurrogate.html:238:1 (FiltorSurrogate.Rd:190): Warning: <h5> anchor "Usage" already defined
FiltorSurrogate.html:244:1 (FiltorSurrogate.Rd:194): Warning: <h5> anchor "Arguments" already defined
MiesOperator.html:212:1 (MiesOperator.Rd:166): Warning: <h5> anchor "Usage" already defined
MiesOperator.html:223:1 (MiesOperator.Rd:175): Warning: <h5> anchor "Arguments" already defined
MiesOperator.html:256:1 (MiesOperator.Rd:198): Warning: <h5> anchor "Usage" already defined
MiesOperator.html:262:1 (MiesOperator.Rd:202): Warning: <h5> anchor "Arguments" already defined
MiesOperator.html:292:1 (MiesOperator.Rd:222): Warning: <h5> anchor "Usage" already defined
MiesOperator.html:298:1 (MiesOperator.Rd:226): Warning: <h5> anchor "Arguments" already defined
MiesOperator.html:331:1 (MiesOperator.Rd:245): Warning: <h5> anchor "Usage" already defined
MiesOperator.html:337:1 (MiesOperator.Rd:249): Warning: <h5> anchor "Arguments" already defined
MiesOperator.html:355:1 (MiesOperator.Rd:261): Warning: <h5> anchor "Returns" already defined
MiesOperator.html:373:1 (MiesOperator.Rd:271): Warning: <h5> anchor "Usage" already defined
MiesOperator.html:379:1 (MiesOperator.Rd:275): Warning: <h5> anchor "Arguments" already defined
MiesOperator.html:393:1 (MiesOperator.Rd:283): Warning: <h5> anchor "Returns" already defined
MiesOperator.html:410:1 (MiesOperator.Rd:292): Warning: <h5> anchor "Usage" already defined
MiesOperator.html:416:1 (MiesOperator.Rd:296): Warning: <h5> anchor "Arguments" already defined
Mutator.html:153:1 (Mutator.Rd:133): Warning: <h5> anchor "Usage" already defined
Mutator.html:159:1 (Mutator.Rd:137): Warning: <h5> anchor "Arguments" already defined
MutatorDiscrete.html:149:1 (MutatorDiscrete.Rd:129): Warning: <h5> anchor "Usage" already defined
MutatorDiscrete.html:155:1 (MutatorDiscrete.Rd:133): Warning: <h5> anchor "Arguments" already defined
MutatorNumeric.html:152:1 (MutatorNumeric.Rd:132): Warning: <h5> anchor "Usage" already defined
MutatorNumeric.html:158:1 (MutatorNumeric.Rd:136): Warning: <h5> anchor "Arguments" already defined
OperatorCombination.html:274:1 (OperatorCombination.Rd:363): Warning: <h5> anchor "Usage" already defined
OperatorCombination.html:280:1 (OperatorCombination.Rd:367): Warning: <h5> anchor "Arguments" already defined
OperatorCombination.html:311:1 (OperatorCombination.Rd:384): Warning: <h5> anchor "Usage" already defined
OperatorCombination.html:317:1 (OperatorCombination.Rd:388): Warning: <h5> anchor "Arguments" already defined
OperatorCombination.html:337:1 (OperatorCombination.Rd:400): Warning: <h3> anchor "Methods" already defined
OperatorCombination.html:341:1 (OperatorCombination.Rd:401): Warning: <h4> anchor "Public-methods" already defined
OperatorCombination.html:369:1 (OperatorCombination.Rd:421): Warning: <h4> anchor "Method-+E2+80+98new+28+29+E2+80+99" already defined
OperatorCombination.html:375:1 (OperatorCombination.Rd:423): Warning: <h5> anchor "Usage" already defined
OperatorCombination.html:388:1 (OperatorCombination.Rd:434): Warning: <h5> anchor "Arguments" already defined
OperatorCombination.html:415:1 (OperatorCombination.Rd:455): Warning: <h4> anchor "Method-+E2+80+98clone+28+29+E2+80+99" already defined
OperatorCombination.html:421:1 (OperatorCombination.Rd:457): Warning: <h5> anchor "Usage" already defined
OperatorCombination.html:427:1 (OperatorCombination.Rd:461): Warning: <h5> anchor "Arguments" already defined
OperatorCombination.html:441:1 (OperatorCombination.Rd:470): Warning: <h3> anchor "Super-classes" already defined
OperatorCombination.html:447:1 (OperatorCombination.Rd:473): Warning: <h3> anchor "Active-bindings" already defined
OperatorCombination.html:463:1 (OperatorCombination.Rd:484): Warning: <h3> anchor "Methods" already defined
OperatorCombination.html:467:1 (OperatorCombination.Rd:485): Warning: <h4> anchor "Public-methods" already defined
OperatorCombination.html:495:1 (OperatorCombination.Rd:505): Warning: <h4> anchor "Method-+E2+80+98new+28+29+E2+80+99" already defined
OperatorCombination.html:501:1 (OperatorCombination.Rd:507): Warning: <h5> anchor "Usage" already defined
OperatorCombination.html:514:1 (OperatorCombination.Rd:518): Warning: <h5> anchor "Arguments" already defined
OperatorCombination.html:541:1 (OperatorCombination.Rd:539): Warning: <h4> anchor "Method-+E2+80+98clone+28+29+E2+80+99" already defined
OperatorCombination.html:547:1 (OperatorCombination.Rd:541): Warning: <h5> anchor "Usage" already defined
OperatorCombination.html:553:1 (OperatorCombination.Rd:545): Warning: <h5> anchor "Arguments" already defined
OptimInstanceMultiCrit.html:94:1 (OptimInstanceMultiCrit.Rd:48): Warning: missing </ul> before </div>
OptimInstanceSingleCrit.html:94:1 (OptimInstanceSingleCrit.Rd:48): Warning: missing </ul> before </div>
Optimizer.html:92:1 (Optimizer.Rd:46): Warning: missing </ul> before </div>
OptimizerMies.html:347:1 (OptimizerMies.Rd:339): Warning: <h5> anchor "Usage" already defined
OptimizerMies.html:353:1 (OptimizerMies.Rd:343): Warning: <h5> anchor "Arguments" already defined
OptimizerMies.html:367:1 (OptimizerMies.Rd:352): Warning: <h3> anchor "Super-classes" already defined
OptimizerMies.html:373:1 (OptimizerMies.Rd:355): Warning: <h3> anchor "Methods" already defined
OptimizerMies.html:377:1 (OptimizerMies.Rd:356): Warning: <h4> anchor "Public-methods" already defined
OptimizerMies.html:404:1 (OptimizerMies.Rd:375): Warning: <h4> anchor "Method-+E2+80+98new+28+29+E2+80+99" already defined
OptimizerMies.html:410:1 (OptimizerMies.Rd:377): Warning: <h5> anchor "Usage" already defined
OptimizerMies.html:424:1 (OptimizerMies.Rd:389): Warning: <h5> anchor "Arguments" already defined
OptimizerMies.html:453:1 (OptimizerMies.Rd:412): Warning: <h4> anchor "Method-+E2+80+98clone+28+29+E2+80+99" already defined
OptimizerMies.html:459:1 (OptimizerMies.Rd:414): Warning: <h5> anchor "Usage" already defined
OptimizerMies.html:465:1 (OptimizerMies.Rd:418): Warning: <h5> anchor "Arguments" already defined
ParamSetShadow.html:165:1 (ParamSetShadow.Rd:121): Warning: <h5> anchor "Usage" already defined
ParamSetShadow.html:171:1 (ParamSetShadow.Rd:125): Warning: <h5> anchor "Arguments" already defined
ParamSetShadow.html:203:1 (ParamSetShadow.Rd:143): Warning: <h5> anchor "Usage" already defined
ParamSetShadow.html:209:1 (ParamSetShadow.Rd:147): Warning: <h5> anchor "Arguments" already defined
ParamSetShadow.html:230:1 (ParamSetShadow.Rd:162): Warning: <h5> anchor "Returns" already defined
ParamSetShadow.html:247:1 (ParamSetShadow.Rd:171): Warning: <h5> anchor "Usage" already defined
ParamSetShadow.html:253:1 (ParamSetShadow.Rd:175): Warning: <h5> anchor "Arguments" already defined
Recombinator.html:181:1 (Recombinator.Rd:158): Warning: <h5> anchor "Usage" already defined
Recombinator.html:187:1 (Recombinator.Rd:162): Warning: <h5> anchor "Arguments" already defined
RecombinatorPair.html:168:1 (RecombinatorPair.Rd:145): Warning: <h5> anchor "Usage" already defined
RecombinatorPair.html:174:1 (RecombinatorPair.Rd:149): Warning: <h5> anchor "Arguments" already defined
SamplerRandomWeights.html:130:1 (SamplerRandomWeights.Rd:80): Warning: <h5> anchor "Usage" already defined
SamplerRandomWeights.html:136:1 (SamplerRandomWeights.Rd:84): Warning: <h5> anchor "Arguments" already defined
Scalor.html:192:1 (Scalor.Rd:159): Warning: <h5> anchor "Usage" already defined
Scalor.html:198:1 (Scalor.Rd:163): Warning: <h5> anchor "Arguments" already defined
Selector.html:211:1 (Selector.Rd:174): Warning: <h5> anchor "Usage" already defined
Selector.html:217:1 (Selector.Rd:178): Warning: <h5> anchor "Arguments" already defined
SelectorScalar.html:174:1 (SelectorScalar.Rd:144): Warning: <h5> anchor "Usage" already defined
SelectorScalar.html:180:1 (SelectorScalar.Rd:148): Warning: <h5> anchor "Arguments" already defined
SelectorScalar.html:211:1 (SelectorScalar.Rd:165): Warning: <h5> anchor "Usage" already defined
SelectorScalar.html:217:1 (SelectorScalar.Rd:169): Warning: <h5> anchor "Arguments" already defined
TuningInstanceMultiCrit.html:94:1 (TuningInstanceMultiCrit.Rd:48): Warning: missing </ul> before </div>
TuningInstanceSingleCrit.html:94:1 (TuningInstanceSingleCrit.Rd:48): Warning: missing </ul> before </div>
dict_filtors_maybe.html:191:1 (dict_filtors_maybe.Rd:168): Warning: <h5> anchor "Usage" already defined
dict_filtors_maybe.html:197:1 (dict_filtors_maybe.Rd:172): Warning: <h5> anchor "Arguments" already defined
dict_filtors_maybe.html:228:1 (dict_filtors_maybe.Rd:189): Warning: <h5> anchor "Usage" already defined
dict_filtors_maybe.html:234:1 (dict_filtors_maybe.Rd:193): Warning: <h5> anchor "Arguments" already defined
dict_filtors_null.html:117:1 (dict_filtors_null.Rd:101): Warning: <h5> anchor "Usage" already defined
dict_filtors_proxy.html:127:1 (dict_filtors_proxy.Rd:111): Warning: <h5> anchor "Usage" already defined
dict_filtors_proxy.html:164:1 (dict_filtors_proxy.Rd:132): Warning: <h5> anchor "Usage" already defined
dict_filtors_proxy.html:170:1 (dict_filtors_proxy.Rd:136): Warning: <h5> anchor "Arguments" already defined
dict_filtors_surprog.html:208:1 (dict_filtors_surprog.Rd:166): Warning: <h5> anchor "Usage" already defined
dict_filtors_surprog.html:214:1 (dict_filtors_surprog.Rd:170): Warning: <h5> anchor "Arguments" already defined
dict_filtors_surtour.html:176:1 (dict_filtors_surtour.Rd:146): Warning: <h5> anchor "Usage" already defined
dict_filtors_surtour.html:182:1 (dict_filtors_surtour.Rd:150): Warning: <h5> anchor "Arguments" already defined
dict_mutators_cmpmaybe.html:171:1 (dict_mutators_cmpmaybe.Rd:156): Warning: <h5> anchor "Usage" already defined
dict_mutators_cmpmaybe.html:177:1 (dict_mutators_cmpmaybe.Rd:160): Warning: <h5> anchor "Arguments" already defined
dict_mutators_cmpmaybe.html:208:1 (dict_mutators_cmpmaybe.Rd:177): Warning: <h5> anchor "Usage" already defined
dict_mutators_cmpmaybe.html:214:1 (dict_mutators_cmpmaybe.Rd:181): Warning: <h5> anchor "Arguments" already defined
dict_mutators_erase.html:124:1 (dict_mutators_erase.Rd:107): Warning: <h5> anchor "Usage" already defined
dict_mutators_gauss.html:135:1 (dict_mutators_gauss.Rd:114): Warning: <h5> anchor "Usage" already defined
dict_mutators_maybe.html:169:1 (dict_mutators_maybe.Rd:154): Warning: <h5> anchor "Usage" already defined
dict_mutators_maybe.html:175:1 (dict_mutators_maybe.Rd:158): Warning: <h5> anchor "Arguments" already defined
dict_mutators_maybe.html:206:1 (dict_mutators_maybe.Rd:175): Warning: <h5> anchor "Usage" already defined
dict_mutators_maybe.html:212:1 (dict_mutators_maybe.Rd:179): Warning: <h5> anchor "Arguments" already defined
dict_mutators_null.html:114:1 (dict_mutators_null.Rd:95): Warning: <h5> anchor "Usage" already defined
dict_mutators_proxy.html:127:1 (dict_mutators_proxy.Rd:115): Warning: <h5> anchor "Usage" already defined
dict_mutators_proxy.html:164:1 (dict_mutators_proxy.Rd:136): Warning: <h5> anchor "Usage" already defined
dict_mutators_proxy.html:170:1 (dict_mutators_proxy.Rd:140): Warning: <h5> anchor "Arguments" already defined
dict_mutators_sequential.html:146:1 (dict_mutators_sequential.Rd:173): Warning: <h5> anchor "Usage" already defined
dict_mutators_sequential.html:152:1 (dict_mutators_sequential.Rd:177): Warning: <h5> anchor "Arguments" already defined
dict_mutators_sequential.html:183:1 (dict_mutators_sequential.Rd:194): Warning: <h5> anchor "Usage" already defined
dict_mutators_sequential.html:189:1 (dict_mutators_sequential.Rd:198): Warning: <h5> anchor "Arguments" already defined
dict_mutators_unif.html:123:1 (dict_mutators_unif.Rd:107): Warning: <h5> anchor "Usage" already defined
dict_recombinators_cmpmaybe.html:176:1 (dict_recombinators_cmpmaybe.Rd:164): Warning: <h5> anchor "Usage" already defined
dict_recombinators_cmpmaybe.html:182:1 (dict_recombinators_cmpmaybe.Rd:168): Warning: <h5> anchor "Arguments" already defined
dict_recombinators_cmpmaybe.html:213:1 (dict_recombinators_cmpmaybe.Rd:185): Warning: <h5> anchor "Usage" already defined
dict_recombinators_cmpmaybe.html:219:1 (dict_recombinators_cmpmaybe.Rd:189): Warning: <h5> anchor "Arguments" already defined
dict_recombinators_convex.html:145:1 (dict_recombinators_convex.Rd:131): Warning: <h5> anchor "Usage" already defined
dict_recombinators_convex.html:151:1 (dict_recombinators_convex.Rd:135): Warning: <h5> anchor "Arguments" already defined
dict_recombinators_cvxpair.html:144:1 (dict_recombinators_cvxpair.Rd:127): Warning: <h5> anchor "Usage" already defined
dict_recombinators_cvxpair.html:150:1 (dict_recombinators_cvxpair.Rd:131): Warning: <h5> anchor "Arguments" already defined
dict_recombinators_maybe.html:174:1 (dict_recombinators_maybe.Rd:161): Warning: <h5> anchor "Usage" already defined
dict_recombinators_maybe.html:180:1 (dict_recombinators_maybe.Rd:165): Warning: <h5> anchor "Arguments" already defined
dict_recombinators_maybe.html:211:1 (dict_recombinators_maybe.Rd:182): Warning: <h5> anchor "Usage" already defined
dict_recombinators_maybe.html:217:1 (dict_recombinators_maybe.Rd:186): Warning: <h5> anchor "Arguments" already defined
dict_recombinators_null.html:144:1 (dict_recombinators_null.Rd:125): Warning: <h5> anchor "Usage" already defined
dict_recombinators_null.html:150:1 (dict_recombinators_null.Rd:129): Warning: <h5> anchor "Arguments" already defined
dict_recombinators_proxy.html:151:1 (dict_recombinators_proxy.Rd:135): Warning: <h5> anchor "Usage" already defined
dict_recombinators_proxy.html:157:1 (dict_recombinators_proxy.Rd:139): Warning: <h5> anchor "Arguments" already defined
dict_recombinators_proxy.html:188:1 (dict_recombinators_proxy.Rd:156): Warning: <h5> anchor "Usage" already defined
dict_recombinators_proxy.html:194:1 (dict_recombinators_proxy.Rd:160): Warning: <h5> anchor "Arguments" already defined
dict_recombinators_sbx.html:144:1 (dict_recombinators_sbx.Rd:129): Warning: <h5> anchor "Usage" already defined
dict_recombinators_sbx.html:150:1 (dict_recombinators_sbx.Rd:133): Warning: <h5> anchor "Arguments" already defined
dict_recombinators_sequential.html:174:1 (dict_recombinators_sequential.Rd:160): Warning: <h5> anchor "Usage" already defined
dict_recombinators_sequential.html:180:1 (dict_recombinators_sequential.Rd:164): Warning: <h5> anchor "Arguments" already defined
dict_recombinators_sequential.html:211:1 (dict_recombinators_sequential.Rd:181): Warning: <h5> anchor "Usage" already defined
dict_recombinators_sequential.html:217:1 (dict_recombinators_sequential.Rd:185): Warning: <h5> anchor "Arguments" already defined
dict_recombinators_swap.html:133:1 (dict_recombinators_swap.Rd:116): Warning: <h5> anchor "Usage" already defined
dict_recombinators_swap.html:139:1 (dict_recombinators_swap.Rd:120): Warning: <h5> anchor "Arguments" already defined
dict_recombinators_xonary.html:145:1 (dict_recombinators_xonary.Rd:132): Warning: <h5> anchor "Usage" already defined
dict_recombinators_xonary.html:151:1 (dict_recombinators_xonary.Rd:136): Warning: <h5> anchor "Arguments" already defined
dict_scalors_aggregate.html:167:1 (dict_scalors_aggregate.Rd:148): Warning: <h5> anchor "Usage" already defined
dict_scalors_aggregate.html:173:1 (dict_scalors_aggregate.Rd:152): Warning: <h5> anchor "Arguments" already defined
dict_scalors_aggregate.html:204:1 (dict_scalors_aggregate.Rd:169): Warning: <h5> anchor "Usage" already defined
dict_scalors_aggregate.html:210:1 (dict_scalors_aggregate.Rd:173): Warning: <h5> anchor "Arguments" already defined
dict_scalors_domcount.html:136:1 (dict_scalors_domcount.Rd:121): Warning: <h5> anchor "Usage" already defined
dict_scalors_fixedprojection.html:156:1 (dict_scalors_fixedprojection.Rd:119): Warning: <h5> anchor "Usage" already defined
dict_scalors_fixedprojection.html:162:1 (dict_scalors_fixedprojection.Rd:123): Warning: <h5> anchor "Arguments" already defined
dict_scalors_fixedprojection.html:193:1 (dict_scalors_fixedprojection.Rd:140): Warning: <h5> anchor "Usage" already defined
dict_scalors_fixedprojection.html:199:1 (dict_scalors_fixedprojection.Rd:144): Warning: <h5> anchor "Arguments" already defined
dict_scalors_hypervolume.html:143:1 (dict_scalors_hypervolume.Rd:113): Warning: <h5> anchor "Usage" already defined
dict_scalors_nondom.html:131:1 (dict_scalors_nondom.Rd:102): Warning: <h5> anchor "Usage" already defined
dict_scalors_one.html:120:1 (dict_scalors_one.Rd:103): Warning: <h5> anchor "Usage" already defined
dict_scalors_proxy.html:127:1 (dict_scalors_proxy.Rd:111): Warning: <h5> anchor "Usage" already defined
dict_scalors_proxy.html:164:1 (dict_scalors_proxy.Rd:132): Warning: <h5> anchor "Usage" already defined
dict_scalors_proxy.html:170:1 (dict_scalors_proxy.Rd:136): Warning: <h5> anchor "Arguments" already defined
dict_scalors_single.html:118:1 (dict_scalors_single.Rd:103): Warning: <h5> anchor "Usage" already defined
dict_selectors_best.html:140:1 (dict_selectors_best.Rd:119): Warning: <h5> anchor "Usage" already defined
dict_selectors_best.html:146:1 (dict_selectors_best.Rd:123): Warning: <h5> anchor "Arguments" already defined
dict_selectors_maybe.html:246:1 (dict_selectors_maybe.Rd:192): Warning: <h5> anchor "Usage" already defined
dict_selectors_maybe.html:252:1 (dict_selectors_maybe.Rd:196): Warning: <h5> anchor "Arguments" already defined
dict_selectors_maybe.html:283:1 (dict_selectors_maybe.Rd:213): Warning: <h5> anchor "Usage" already defined
dict_selectors_maybe.html:289:1 (dict_selectors_maybe.Rd:217): Warning: <h5> anchor "Arguments" already defined
dict_selectors_null.html:122:1 (dict_selectors_null.Rd:105): Warning: <h5> anchor "Usage" already defined
dict_selectors_proxy.html:127:1 (dict_selectors_proxy.Rd:113): Warning: <h5> anchor "Usage" already defined
dict_selectors_proxy.html:164:1 (dict_selectors_proxy.Rd:134): Warning: <h5> anchor "Usage" already defined
dict_selectors_proxy.html:170:1 (dict_selectors_proxy.Rd:138): Warning: <h5> anchor "Arguments" already defined
dict_selectors_random.html:122:1 (dict_selectors_random.Rd:108): Warning: <h5> anchor "Usage" already defined
dict_selectors_sequential.html:188:1 (dict_selectors_sequential.Rd:144): Warning: <h5> anchor "Usage" already defined
dict_selectors_sequential.html:194:1 (dict_selectors_sequential.Rd:148): Warning: <h5> anchor "Arguments" already defined
dict_selectors_sequential.html:225:1 (dict_selectors_sequential.Rd:165): Warning: <h5> anchor "Usage" already defined
dict_selectors_sequential.html:231:1 (dict_selectors_sequential.Rd:169): Warning: <h5> anchor "Arguments" already defined
dict_selectors_tournament.html:151:1 (dict_selectors_tournament.Rd:122): Warning: <h5> anchor "Usage" already defined
dict_selectors_tournament.html:157:1 (dict_selectors_tournament.Rd:126): Warning: <h5> anchor "Arguments" already defined
mlr_terminators_budget.html:121:1 (mlr_terminators_budget.Rd:81): Warning: <h5> anchor "Usage" already defined
mlr_terminators_budget.html:158:1 (mlr_terminators_budget.Rd:102): Warning: <h5> anchor "Usage" already defined
mlr_terminators_budget.html:164:1 (mlr_terminators_budget.Rd:106): Warning: <h5> anchor "Arguments" already defined
mlr_terminators_genperfreached.html:181:1 (mlr_terminators_genperfreached.Rd:168): Warning: <h5> anchor "Usage" already defined
mlr_terminators_genperfreached.html:218:1 (mlr_terminators_genperfreached.Rd:189): Warning: <h5> anchor "Usage" already defined
mlr_terminators_genperfreached.html:224:1 (mlr_terminators_genperfreached.Rd:193): Warning: <h5> anchor "Arguments" already defined
mlr_terminators_gens.html:124:1 (mlr_terminators_gens.Rd:82): Warning: <h5> anchor "Usage" already defined
mlr_terminators_gens.html:161:1 (mlr_terminators_gens.Rd:103): Warning: <h5> anchor "Usage" already defined
mlr_terminators_gens.html:167:1 (mlr_terminators_gens.Rd:107): Warning: <h5> anchor "Arguments" already defined
mlr_terminators_genstag.html:224:1 (mlr_terminators_genstag.Rd:205): Warning: <h5> anchor "Usage" already defined
mlr_terminators_genstag.html:261:1 (mlr_terminators_genstag.Rd:226): Warning: <h5> anchor "Usage" already defined
mlr_terminators_genstag.html:267:1 (mlr_terminators_genstag.Rd:230): Warning: <h5> anchor "Arguments" already defined
Flavor: r-devel-linux-x86_64-debian-gcc