Last updated on 2025-07-12 09:49:23 CEST.
Flavor | Version | Tinstall | Tcheck | Ttotal | Status | Flags |
---|---|---|---|---|---|---|
r-devel-linux-x86_64-debian-clang | 0.5.0 | 6.01 | 74.57 | 80.58 | OK | |
r-devel-linux-x86_64-debian-gcc | 0.5.0 | 4.67 | 51.04 | 55.71 | WARN | |
r-devel-linux-x86_64-fedora-clang | 0.5.0 | 124.70 | OK | |||
r-devel-linux-x86_64-fedora-gcc | 0.5.0 | 118.87 | OK | |||
r-devel-windows-x86_64 | 0.5.0 | 8.00 | 96.00 | 104.00 | OK | |
r-patched-linux-x86_64 | 0.5.0 | 7.53 | 69.97 | 77.50 | OK | |
r-release-linux-x86_64 | 0.5.0 | 6.76 | 69.26 | 76.02 | OK | |
r-release-macos-arm64 | 0.5.0 | 42.00 | OK | |||
r-release-macos-x86_64 | 0.5.0 | 91.00 | OK | |||
r-release-windows-x86_64 | 0.5.0 | 8.00 | 93.00 | 101.00 | OK | |
r-oldrel-macos-arm64 | 0.5.0 | 47.00 | OK | |||
r-oldrel-macos-x86_64 | 0.5.0 | 86.00 | OK | |||
r-oldrel-windows-x86_64 | 0.5.0 | 9.00 | 115.00 | 124.00 | OK |
Version: 0.5.0
Check: replacement functions
Result: WARN
‘get.yhat.:.AccurateGLM’ ‘get.yhat.:.default’ ‘get.yhat.:.glm’
‘get.yhat.:.glmnet’ ‘get.yhat.:.ksvm’ ‘get.yhat.:.lm’
‘get.yhat.:.mid’ ‘get.yhat.:.model_fit’ ‘get.yhat.:.randomForest’
‘get.yhat.:.ranger’ ‘get.yhat.:.rpart’ ‘get.yhat.:.rpf’
‘get.yhat.:.svm’ ‘ggmid.:.mid’ ‘ggmid.:.mid.breakdown’
‘ggmid.:.mid.conditional’ ‘ggmid.:.mid.importance’
‘interpret.:.default’ ‘interpret.:.formula’ ‘get.yhat.:.AccurateGLM’
‘get.yhat.:.default’ ‘get.yhat.:.glm’ ‘get.yhat.:.glmnet’
‘get.yhat.:.ksvm’ ‘get.yhat.:.lm’ ‘get.yhat.:.mid’
‘get.yhat.:.model_fit’ ‘get.yhat.:.randomForest’ ‘get.yhat.:.ranger’
‘get.yhat.:.rpart’ ‘get.yhat.:.rpf’ ‘get.yhat.:.svm’ ‘ggmid.:.mid’
‘ggmid.:.mid.breakdown’ ‘ggmid.:.mid.conditional’
‘ggmid.:.mid.importance’ ‘interpret.:.default’ ‘interpret.:.formula’
The argument of a replacement function which corresponds to the right
hand side must be named ‘value’.
Flavor: r-devel-linux-x86_64-debian-gcc