Last updated on 2025-10-21 09:48:37 CEST.
Flavor | Version | Tinstall | Tcheck | Ttotal | Status | Flags |
---|---|---|---|---|---|---|
r-devel-linux-x86_64-debian-clang | 2.1.2 | 12.24 | 229.93 | 242.17 | OK | |
r-devel-linux-x86_64-debian-gcc | 2.1.2 | 8.95 | 164.87 | 173.82 | NOTE | |
r-devel-linux-x86_64-fedora-clang | 2.1.2 | 395.52 | OK | |||
r-devel-linux-x86_64-fedora-gcc | 2.1.2 | 369.71 | OK | |||
r-devel-windows-x86_64 | 2.1.2 | 15.00 | 271.00 | 286.00 | OK | |
r-patched-linux-x86_64 | 2.1.2 | 13.67 | 220.22 | 233.89 | OK | |
r-release-linux-x86_64 | 2.1.2 | 9.44 | 220.80 | 230.24 | OK | |
r-release-macos-arm64 | 2.1.2 | 121.00 | OK | |||
r-release-macos-x86_64 | 2.1.2 | 260.00 | OK | |||
r-release-windows-x86_64 | 2.1.2 | 20.00 | 271.00 | 291.00 | OK | |
r-oldrel-macos-arm64 | 2.1.2 | 130.00 | NOTE | |||
r-oldrel-macos-x86_64 | 2.1.2 | 255.00 | NOTE | |||
r-oldrel-windows-x86_64 | 2.1.2 | 20.00 | 344.00 | 364.00 | NOTE |
Version: 2.1.2
Check: HTML version of manual
Result: NOTE
Found the following HTML validation problems:
income.html:56:1 (income.Rd:17): Warning: <h4> anchor "+E2+80+98income+E2+80+99" already defined
print.sim_mats_list.html:51:1 (print.sim_mats_list.Rd:12): Warning: missing </ul> before </div>
Flavor: r-devel-linux-x86_64-debian-gcc
Version: 2.1.2
Check: installed package size
Result: NOTE
installed size is 5.1Mb
sub-directories of 1Mb or more:
doc 3.5Mb
Flavors: r-oldrel-macos-arm64, r-oldrel-macos-x86_64, r-oldrel-windows-x86_64