CRAN Package Check Results for Package metamer

Last updated on 2025-10-21 09:48:37 CEST.

Flavor Version Tinstall Tcheck Ttotal Status Flags
r-devel-linux-x86_64-debian-clang 0.3.0 3.00 34.09 37.09 OK
r-devel-linux-x86_64-debian-gcc 0.3.0 2.16 26.38 28.54 NOTE
r-devel-linux-x86_64-fedora-clang 0.3.0 57.18 NOTE
r-devel-linux-x86_64-fedora-gcc 0.3.0 56.75 NOTE
r-devel-windows-x86_64 0.3.0 4.00 52.00 56.00 OK
r-patched-linux-x86_64 0.3.0 3.31 31.31 34.62 OK
r-release-linux-x86_64 0.3.0 3.05 31.21 34.26 OK
r-release-macos-arm64 0.3.0 24.00 OK
r-release-macos-x86_64 0.3.0 39.00 OK
r-release-windows-x86_64 0.3.0 5.00 60.00 65.00 OK
r-oldrel-macos-arm64 0.3.0 22.00 OK
r-oldrel-macos-x86_64 0.3.0 31.00 OK
r-oldrel-windows-x86_64 0.3.0 5.00 61.00 66.00 OK

Check Details

Version: 0.3.0
Check: HTML version of manual
Result: NOTE Found the following HTML validation problems: set_params.html:93:1 (set_params.Rd:54): Warning: missing </ul> before </div> stop_conditions.html:56:1 (stop_conditions.Rd:20): Warning: missing </ul> before </div> Flavor: r-devel-linux-x86_64-debian-gcc

Version: 0.3.0
Check: dependencies in R code
Result: NOTE Namespace in Imports field not imported from: ‘progress’ All declared Imports should be used. Flavors: r-devel-linux-x86_64-fedora-clang, r-devel-linux-x86_64-fedora-gcc