Last updated on 2025-10-21 09:48:37 CEST.
Flavor | Version | Tinstall | Tcheck | Ttotal | Status | Flags |
---|---|---|---|---|---|---|
r-devel-linux-x86_64-debian-clang | 3.0.4 | 47.93 | 90.51 | 138.44 | OK | |
r-devel-linux-x86_64-debian-gcc | 3.0.4 | 31.45 | 61.32 | 92.77 | NOTE | |
r-devel-linux-x86_64-fedora-clang | 3.0.4 | 247.38 | OK | |||
r-devel-linux-x86_64-fedora-gcc | 3.0.4 | 219.94 | OK | |||
r-devel-windows-x86_64 | 3.0.4 | 55.00 | 113.00 | 168.00 | OK | |
r-patched-linux-x86_64 | 3.0.4 | 47.89 | 85.69 | 133.58 | OK | |
r-release-linux-x86_64 | 3.0.4 | 47.13 | 86.62 | 133.75 | OK | |
r-release-macos-arm64 | 3.0.4 | 54.00 | OK | |||
r-release-macos-x86_64 | 3.0.4 | 102.00 | OK | |||
r-release-windows-x86_64 | 3.0.4 | 59.00 | 112.00 | 171.00 | OK | |
r-oldrel-macos-arm64 | 3.0.4 | 55.00 | OK | |||
r-oldrel-macos-x86_64 | 3.0.4 | 107.00 | OK | |||
r-oldrel-windows-x86_64 | 3.0.4 | 66.00 | 146.00 | 212.00 | OK |
Version: 3.0.4
Check: HTML version of manual
Result: NOTE
Found the following HTML validation problems:
Xvalid_all.html:83:1 (Xvalid_all.Rd:35): Warning: missing </ul> before </div>
dot-ComputeY.html:58:1 (dot-ComputeY.Rd:16): Warning: missing </ul> before </div>
dot-PredY.html:50:1 (dot-PredY.Rd:12): Warning: missing </ul> before </div>
dot-ReplaceNA.html:62:1 (dot-ReplaceNA.Rd:18): Warning: missing </ul> before </div>
dot-compute_re_Q_.html:70:1 (dot-compute_re_Q_.Rd:22): Warning: missing </ul> before </div>
dot-compute_tau_.html:66:1 (dot-compute_tau_.Rd:20): Warning: missing </ul> before </div>
dot-partition.html:66:1 (dot-partition.Rd:20): Warning: missing </ul> before </div>
prednode_cpp.html:50:1 (prednode_cpp.Rd:12): Warning: missing </ul> before </div>
Flavor: r-devel-linux-x86_64-debian-gcc